{"id":2631,"date":"2021-02-07T11:09:24","date_gmt":"2021-02-07T10:09:24","guid":{"rendered":"http:\/\/agora.xtec.cat\/esc-torreguitart\/?page_id=2631"},"modified":"2021-09-12T10:30:07","modified_gmt":"2021-09-12T08:30:07","slug":"historia","status":"publish","type":"page","link":"https:\/\/agora.xtec.cat\/esc-torreguitart\/lescola\/historia\/","title":{"rendered":"Hist\u00f2ria"},"content":{"rendered":"<p>La construcci\u00f3 del barri de Torreguitart, a la d\u00e8cada de 1980, prengu\u00e9 la seva denominaci\u00f3 de l&#8217;antiga masia Torre de Guitart, actualment desapareguda.<\/p>\n<p>El barri neix per compensar la urbanitzaci\u00f3 de la zona compresa entre els barris de la Conc\u00f2rdia i Ca n&#8217;Oriac.<\/p>\n<p>En aquest barri s&#8217;edificaren un total de 1308 habitatges, les obres dels quals s&#8217;iniciaren l&#8217;any 1983.<\/p>\n<p>Entre 1984-1985 es continuaren les obres de l&#8217;Avinguda Alcalde Moix amb un total de 224 habitatges. Al 1985 es constru\u00efren la meitat dels pisos de la pla\u00e7a Espanya. Al 1986 es va fer la primera promoci\u00f3 de cases unifamiliars<\/p>\n<p>L\u2019escola Torreguitart, d\u2019una sola l\u00ednia, va comen\u00e7ar la seva activitat l\u2019any 1990.<\/p>\n<p><span style=\"font-weight: 400;\">Es caracteritza per una bona infraestructura de l\u2019edifici, espais adequats i agradables, i les seves instal\u00b7lacions. Ha estat un centre pioner dins de l\u2019arquitectura escolar, fet que va mer\u00e8ixer un premi per la seva construcci\u00f3.\u00a0<\/span><\/p>\n<p>Est\u00e0 situada al barri del qual pren el seu nom, en la zona nord de Sabadell, al districte 3. \u00c9s un barri on viuen, aproximadament, la cinquena part dels habitants de la ciutat.<\/p>\n","protected":false},"excerpt":{"rendered":"<p>La construcci\u00f3 del barri de Torreguitart, a la d\u00e8cada de 1980, prengu\u00e9 la seva denominaci\u00f3 de l&#8217;antiga masia Torre de Guitart, actualment desapareguda.<br \/>\nEl barri neix per compensar la urbanitzaci\u00f3 de la zona compresa entre els barris de la Conc\u00f2rdia i Ca n&#8217;Oriac.<br \/>\nEn aquest barri s&#8217;edificaren&hellip;  <a href=\"https:\/\/agora.xtec.cat\/esc-torreguitart\/lescola\/historia\/\" title=\"Read Hist\u00f2ria\">Llegeix m\u00e9s\u00bb<\/a><\/p>\n","protected":false},"author":23,"featured_media":0,"parent":2627,"menu_order":10,"comment_status":"closed","ping_status":"closed","template":"page-templates\/side-menu.php","meta":{"_bbp_topic_count":0,"_bbp_reply_count":0,"_bbp_total_topic_count":0,"_bbp_total_reply_count":0,"_bbp_voice_count":0,"_bbp_anonymous_reply_count":0,"_bbp_topic_count_hidden":0,"_bbp_reply_count_hidden":0,"_bbp_forum_subforum_count":0,"footnotes":""},"class_list":["post-2631","page","type-page","status-publish","hentry"],"post_mailing_queue_ids":[],"_links":{"self":[{"href":"https:\/\/agora.xtec.cat\/esc-torreguitart\/wp-json\/wp\/v2\/pages\/2631","targetHints":{"allow":["GET"]}}],"collection":[{"href":"https:\/\/agora.xtec.cat\/esc-torreguitart\/wp-json\/wp\/v2\/pages"}],"about":[{"href":"https:\/\/agora.xtec.cat\/esc-torreguitart\/wp-json\/wp\/v2\/types\/page"}],"author":[{"embeddable":true,"href":"https:\/\/agora.xtec.cat\/esc-torreguitart\/wp-json\/wp\/v2\/users\/23"}],"replies":[{"embeddable":true,"href":"https:\/\/agora.xtec.cat\/esc-torreguitart\/wp-json\/wp\/v2\/comments?post=2631"}],"version-history":[{"count":4,"href":"https:\/\/agora.xtec.cat\/esc-torreguitart\/wp-json\/wp\/v2\/pages\/2631\/revisions"}],"predecessor-version":[{"id":3915,"href":"https:\/\/agora.xtec.cat\/esc-torreguitart\/wp-json\/wp\/v2\/pages\/2631\/revisions\/3915"}],"up":[{"embeddable":true,"href":"https:\/\/agora.xtec.cat\/esc-torreguitart\/wp-json\/wp\/v2\/pages\/2627"}],"wp:attachment":[{"href":"https:\/\/agora.xtec.cat\/esc-torreguitart\/wp-json\/wp\/v2\/media?parent=2631"}],"curies":[{"name":"wp","href":"https:\/\/api.w.org\/{rel}","templated":true}]}}