{"id":3542,"date":"2022-02-11T09:52:10","date_gmt":"2022-02-11T08:52:10","guid":{"rendered":"https:\/\/agora.xtec.cat\/esc-teresadepalleja\/?page_id=3542"},"modified":"2026-04-15T17:00:25","modified_gmt":"2026-04-15T15:00:25","slug":"matricula","status":"publish","type":"page","link":"https:\/\/agora.xtec.cat\/esc-teresadepalleja\/matricula\/","title":{"rendered":"Preinscripci\u00f3 i matr\u00edcula"},"content":{"rendered":"<h2 style=\"text-align: left;\"><span style=\"text-decoration: underline;\"><strong>\u21d2Per la preinscripci\u00f3 i matr\u00edcula pel curs 26-27:<\/strong><\/span><\/h2>\n<p>&nbsp;<\/p>\n<h4>&#8211;<span style=\"text-decoration: underline;\"><a href=\"https:\/\/agora.xtec.cat\/esc-teresadepalleja\/wp-content\/uploads\/usu1731\/2026\/04\/INFORME_BAREM_PROVISIONAL_BAREM-3.pdf\" target=\"_blank\" rel=\"noopener\">Llistat I3 amb les puntuacions_ curs 26-27<\/a><\/span><\/h4>\n<p>&nbsp;<\/p>\n<h4>-PREINSCRIPCIONS: del 4 al 18 mar\u00e7 2026<\/h4>\n<ul>\n<li style=\"list-style-type: none;\">\n<ul style=\"list-style-type: circle;\">\n<li><span style=\"text-decoration: underline;\"><strong>Pels nous alumnes d&#8217;I1 i I2:\u00a0<\/strong><\/span><\/li>\n<\/ul>\n<\/li>\n<\/ul>\n<ul style=\"list-style-type: disc;\">\n<li>&#8211; Cal trucar a l&#8217;escola per reservar cita pr\u00e8via.<\/li>\n<li>&#8211; <span style=\"text-decoration: underline;\">Heu de portar:<\/span> llibre de fam\u00edlia, DNI dels dos tutors, DNI de l&#8217;infant, targeta seguretat social de l&#8217;infant, llibre vacunes de l&#8217;infant, carnet de fam\u00edlia nombrosa o monoparental (si \u00e9s el cas) i padr\u00f3.<\/li>\n<li>Podeu consultar<a href=\"https:\/\/agora.xtec.cat\/esc-teresadepalleja\/wp-content\/uploads\/usu1731\/2026\/02\/NORMATIVA-QUE-REGULA-LA-PREINSCRIPCIO-I-MATRICULA-DEL-PRIMERC-CICLE-E.INFANTIL-26-27.pdf\"><span style=\"text-decoration: underline;\"> la normativa d&#8217;I1 i I2 feta per l&#8217;Ajuntament de Forti\u00e0<\/span><\/a><\/li>\n<\/ul>\n<p>&nbsp;<\/p>\n<ul style=\"list-style-type: disc;\">\n<li><span style=\"text-decoration: underline;\"><b>Calendari de preinscripci\u00f3 i matr\u00edcula pel curs 2026\/2027 <\/b>: (I1 i I2)<\/span><\/li>\n<\/ul>\n<p>&#8211; <span style=\"font-weight: 400;\">Presentaci\u00f3 de preinscripcions del 4 al 18 de mar\u00e7 (ambd\u00f3s inclosos)\u00a0<\/span><\/p>\n<p><span style=\"font-weight: 400;\">&#8211; <span style=\"text-decoration: underline;\"><a href=\"https:\/\/agora.xtec.cat\/esc-teresadepalleja\/wp-content\/uploads\/usu1731\/2026\/03\/Llista-1r-cicle-baremacio-provisional.pdf\" target=\"_blank\" rel=\"noopener\">Llista Provisional<\/a><\/span> 20 de mar\u00e7\u00a0<\/span><\/p>\n<p><span style=\"font-weight: 400;\">-Presentaci\u00f3 de reclamacions del 23 al 27 mar\u00e7\u00a0<\/span><\/p>\n<p><span style=\"font-weight: 400;\">-Sorteig en cas d\u2019empat 8 d\u2019abril\u00a0<\/span><\/p>\n<p><span style=\"font-weight: 400;\">&#8211;<a href=\"https:\/\/agora.xtec.cat\/esc-teresadepalleja\/wp-content\/uploads\/usu1731\/2026\/03\/Llista-1r-cicle-baremacio-definitiva.pdf\" target=\"_blank\" rel=\"noopener\"><strong><span style=\"text-decoration: underline;\">Llista definitiva <\/span><\/strong><\/a>\u00a09 d\u2019abril<\/span><\/p>\n<p><span style=\"font-weight: 400;\">-Per\u00edode de matriculaci\u00f3: 15 al 25 juny<\/span><\/p>\n<p>&nbsp;<\/p>\n<p><a href=\"https:\/\/agora.xtec.cat\/esc-teresadepalleja\/matricula\/attachment\/preinscripcions-26-27\/\" rel=\"attachment wp-att-5736\"><img loading=\"lazy\" decoding=\"async\" class=\"alignnone size-full wp-image-5736\" src=\"https:\/\/agora.xtec.cat\/esc-teresadepalleja\/wp-content\/uploads\/usu1731\/2026\/02\/preinscripcions-26-27.png\" alt=\"\" width=\"1080\" height=\"1080\" srcset=\"https:\/\/agora.xtec.cat\/esc-teresadepalleja\/wp-content\/uploads\/usu1731\/2026\/02\/preinscripcions-26-27.png 1080w, https:\/\/agora.xtec.cat\/esc-teresadepalleja\/wp-content\/uploads\/usu1731\/2026\/02\/preinscripcions-26-27-300x300.png 300w, https:\/\/agora.xtec.cat\/esc-teresadepalleja\/wp-content\/uploads\/usu1731\/2026\/02\/preinscripcions-26-27-1024x1024.png 1024w, https:\/\/agora.xtec.cat\/esc-teresadepalleja\/wp-content\/uploads\/usu1731\/2026\/02\/preinscripcions-26-27-150x150.png 150w, https:\/\/agora.xtec.cat\/esc-teresadepalleja\/wp-content\/uploads\/usu1731\/2026\/02\/preinscripcions-26-27-768x768.png 768w\" sizes=\"auto, (max-width: 1080px) 100vw, 1080px\" \/><\/a><\/p>\n<p>&nbsp;<\/p>\n<p>&nbsp;<\/p>\n<p>Podeu consultar tota la informaci\u00f3 a la <a href=\"https:\/\/preinscripcio.gencat.cat\/ca\/inici\">web del Departament<\/a><\/p>\n<p>&nbsp;<\/p>\n","protected":false},"excerpt":{"rendered":"<p>\u21d2Per la preinscripci\u00f3 i matr\u00edcula pel curs 26-27:<br \/>\n&nbsp;<br \/>\n&#8211;<a href=\"https:\/\/agora.xtec.cat\/esc-teresadepalleja\/wp-content\/uploads\/usu1731\/2026\/04\/INFORME_BAREM_PROVISIONAL_BAREM-3.pdf\" target=\"_blank\" rel=\"noopener\">Llistat I3 amb les puntuacions_ curs 26-27<\/a><br \/>\n&nbsp;<br \/>\n-PREINSCRIPCIONS: del 4 al 18 mar\u00e7 2026<\/p>\n<ul>\n<li style=\"list-style-type: none;\">\n<ul style=\"list-style-type: circle;\">\n<li>Pels nous alumnes d&#8217;I1 i I2:\u00a0<\/li>\n<\/ul>\n<\/li>\n<\/ul>\n<ul style=\"list-style-type: disc;\">\n<li>&#8211; Cal trucar a l&#8217;escola per reservar cita pr\u00e8via.<\/li>\n<li>&#8211; Heu de portar:&hellip;  <a href=\"https:\/\/agora.xtec.cat\/esc-teresadepalleja\/matricula\/\" title=\"Read Preinscripci\u00f3 i matr\u00edcula\">Llegeix m\u00e9s\u00bb<\/a><br \/>\n","protected":false},"author":5,"featured_media":0,"parent":0,"menu_order":0,"comment_status":"closed","ping_status":"closed","template":"","meta":{"_bbp_topic_count":0,"_bbp_reply_count":0,"_bbp_total_topic_count":0,"_bbp_total_reply_count":0,"_bbp_voice_count":0,"_bbp_anonymous_reply_count":0,"_bbp_topic_count_hidden":0,"_bbp_reply_count_hidden":0,"_bbp_forum_subforum_count":0,"footnotes":""},"class_list":["post-3542","page","type-page","status-publish","hentry"],"post_mailing_queue_ids":[],"_links":{"self":[{"href":"https:\/\/agora.xtec.cat\/esc-teresadepalleja\/wp-json\/wp\/v2\/pages\/3542","targetHints":{"allow":["GET"]}}],"collection":[{"href":"https:\/\/agora.xtec.cat\/esc-teresadepalleja\/wp-json\/wp\/v2\/pages"}],"about":[{"href":"https:\/\/agora.xtec.cat\/esc-teresadepalleja\/wp-json\/wp\/v2\/types\/page"}],"author":[{"embeddable":true,"href":"https:\/\/agora.xtec.cat\/esc-teresadepalleja\/wp-json\/wp\/v2\/users\/5"}],"replies":[{"embeddable":true,"href":"https:\/\/agora.xtec.cat\/esc-teresadepalleja\/wp-json\/wp\/v2\/comments?post=3542"}],"version-history":[{"count":7,"href":"https:\/\/agora.xtec.cat\/esc-teresadepalleja\/wp-json\/wp\/v2\/pages\/3542\/revisions"}],"predecessor-version":[{"id":5807,"href":"https:\/\/agora.xtec.cat\/esc-teresadepalleja\/wp-json\/wp\/v2\/pages\/3542\/revisions\/5807"}],"wp:attachment":[{"href":"https:\/\/agora.xtec.cat\/esc-teresadepalleja\/wp-json\/wp\/v2\/media?parent=3542"}],"curies":[{"name":"wp","href":"https:\/\/api.w.org\/{rel}","templated":true}]}}