{"id":22,"date":"2014-09-18T12:19:57","date_gmt":"2014-09-18T11:19:57","guid":{"rendered":"http:\/\/agora.xtec.cat\/esc-teresabergada\/?page_id=22"},"modified":"2024-10-25T19:57:13","modified_gmt":"2024-10-25T17:57:13","slug":"lescola","status":"publish","type":"page","link":"https:\/\/agora.xtec.cat\/esc-teresabergada\/lescola\/","title":{"rendered":"L&#8217;escola"},"content":{"rendered":"<p style=\"text-align: left;\"><a href=\"http:\/\/agora.xtec.cat\/esc-teresabergada\/wp-content\/uploads\/usu1533\/2014\/09\/images.jpg\"><img loading=\"lazy\" decoding=\"async\" class=\"alignnone wp-image-467\" src=\"http:\/\/agora.xtec.cat\/esc-teresabergada\/wp-content\/uploads\/usu1533\/2014\/09\/images.jpg\" alt=\"images\" width=\"211\" height=\"140\" \/><\/a><a href=\"http:\/\/agora.xtec.cat\/esc-teresabergada\/wp-content\/uploads\/usu1533\/2014\/09\/descarga.jpg\"><img loading=\"lazy\" decoding=\"async\" class=\"alignnone wp-image-466\" src=\"http:\/\/agora.xtec.cat\/esc-teresabergada\/wp-content\/uploads\/usu1533\/2014\/09\/descarga.jpg\" alt=\"descarga\" width=\"497\" height=\"140\" srcset=\"https:\/\/agora.xtec.cat\/esc-teresabergada\/wp-content\/uploads\/usu1533\/2014\/09\/descarga.jpg 423w, https:\/\/agora.xtec.cat\/esc-teresabergada\/wp-content\/uploads\/usu1533\/2014\/09\/descarga-300x84.jpg 300w\" sizes=\"auto, (max-width: 497px) 100vw, 497px\" \/><\/a><a href=\"http:\/\/agora.xtec.cat\/esc-teresabergada\/wp-content\/uploads\/usu1533\/2014\/09\/images.jpg\"><img loading=\"lazy\" decoding=\"async\" class=\"alignnone wp-image-467\" src=\"http:\/\/agora.xtec.cat\/esc-teresabergada\/wp-content\/uploads\/usu1533\/2014\/09\/images.jpg\" alt=\"images\" width=\"211\" height=\"140\" \/><\/a><\/p>\n<p style=\"text-align: left;\">El municipi d&#8217;Alguaire t\u00e9 una extensi\u00f3 de 50 km2. \u00c9s el segon municipi del Segri\u00e0 en extensi\u00f3. Situat a la dreta del Noguera Ribagor\u00e7ana, est\u00e0 situat al peu de l&#8217;escarpament sobre el qual s&#8217;al\u00e7ava el Castell d&#8217;Alguaire (comanda hospitalera i convent de les monges), del qual queden escasses restes. Aquest escarpament separa el terme en dues parts o sectors: el de Ponent (a l&#8217;extens peu de muntanya que separa les valls del Cinca i el Segre) ocupa els altiplans que van dels vessants de Tabac (a migdia del terme) i de la serra del Convent (que domina la vila) fins a la Serra Pedregosa, i compr\u00e8n les partides del Coscollar, Unilla, el Fondo d&#8217;Almenar, Vilarnau, Malpartit i la Saida. El de Llevant, on es troba la plana del Segri\u00e0 estricte, compr\u00e8n les partides o antics termes de Canissella, Ratera, Cruells, el Pedr\u00eds, Casal, la Cal\u00e7ada i altres.<\/p>\n","protected":false},"excerpt":{"rendered":"<p><a href=\"http:\/\/agora.xtec.cat\/esc-teresabergada\/wp-content\/uploads\/usu1533\/2014\/09\/images.jpg\"><\/a><a href=\"http:\/\/agora.xtec.cat\/esc-teresabergada\/wp-content\/uploads\/usu1533\/2014\/09\/descarga.jpg\"><\/a><a href=\"http:\/\/agora.xtec.cat\/esc-teresabergada\/wp-content\/uploads\/usu1533\/2014\/09\/images.jpg\"><\/a><br \/>\nEl municipi d&#8217;Alguaire t\u00e9 una extensi\u00f3 de 50 km2. \u00c9s el segon municipi del Segri\u00e0 en extensi\u00f3. Situat a la dreta del Noguera Ribagor\u00e7ana, est\u00e0 situat al peu de l&#8217;escarpament sobre el qual s&#8217;al\u00e7ava el Castell d&#8217;Alguaire (comanda hospitalera i convent de&hellip;  <a href=\"https:\/\/agora.xtec.cat\/esc-teresabergada\/lescola\/\" title=\"Read L&#8217;escola\">Llegeix m\u00e9s\u00bb<\/a><\/p>\n","protected":false},"author":1,"featured_media":0,"parent":0,"menu_order":0,"comment_status":"closed","ping_status":"closed","template":"page-templates\/side-menu.php","meta":{"_bbp_topic_count":0,"_bbp_reply_count":0,"_bbp_total_topic_count":0,"_bbp_total_reply_count":0,"_bbp_voice_count":0,"_bbp_anonymous_reply_count":0,"_bbp_topic_count_hidden":0,"_bbp_reply_count_hidden":0,"_bbp_forum_subforum_count":0,"footnotes":""},"class_list":["post-22","page","type-page","status-publish","hentry"],"post_mailing_queue_ids":[],"_links":{"self":[{"href":"https:\/\/agora.xtec.cat\/esc-teresabergada\/wp-json\/wp\/v2\/pages\/22","targetHints":{"allow":["GET"]}}],"collection":[{"href":"https:\/\/agora.xtec.cat\/esc-teresabergada\/wp-json\/wp\/v2\/pages"}],"about":[{"href":"https:\/\/agora.xtec.cat\/esc-teresabergada\/wp-json\/wp\/v2\/types\/page"}],"author":[{"embeddable":true,"href":"https:\/\/agora.xtec.cat\/esc-teresabergada\/wp-json\/wp\/v2\/users\/1"}],"replies":[{"embeddable":true,"href":"https:\/\/agora.xtec.cat\/esc-teresabergada\/wp-json\/wp\/v2\/comments?post=22"}],"version-history":[{"count":4,"href":"https:\/\/agora.xtec.cat\/esc-teresabergada\/wp-json\/wp\/v2\/pages\/22\/revisions"}],"predecessor-version":[{"id":12227,"href":"https:\/\/agora.xtec.cat\/esc-teresabergada\/wp-json\/wp\/v2\/pages\/22\/revisions\/12227"}],"wp:attachment":[{"href":"https:\/\/agora.xtec.cat\/esc-teresabergada\/wp-json\/wp\/v2\/media?parent=22"}],"curies":[{"name":"wp","href":"https:\/\/api.w.org\/{rel}","templated":true}]}}

<p style="text-align: left;"><a href="http://agora.xtec.cat/esc-teresabergada/wp-content/uploads/usu1533/2014/09/images.jpg"><img loading="lazy" decoding="async" class="alignnone wp-image-467" src="http://agora.xtec.cat/esc-teresabergada/wp-content/uploads/usu1533/2014/09/images.jpg" alt="images" width="211" height="140" /></a><a href="http://agora.xtec.cat/esc-teresabergada/wp-content/uploads/usu1533/2014/09/descarga.jpg"><img loading="lazy" decoding="async" class="alignnone wp-image-466" src="http://agora.xtec.cat/esc-teresabergada/wp-content/uploads/usu1533/2014/09/descarga.jpg" alt="descarga" width="497" height="140" srcset="https://agora.xtec.cat/esc-teresabergada/wp-content/uploads/usu1533/2014/09/descarga.jpg 423w, https://agora.xtec.cat/esc-teresabergada/wp-content/uploads/usu1533/2014/09/descarga-300x84.jpg 300w" sizes="auto, (max-width: 497px) 100vw, 497px" /></a><a href="http://agora.xtec.cat/esc-teresabergada/wp-content/uploads/usu1533/2014/09/images.jpg"><img loading="lazy" decoding="async" class="alignnone wp-image-467" src="http://agora.xtec.cat/esc-teresabergada/wp-content/uploads/usu1533/2014/09/images.jpg" alt="images" width="211" height="140" /></a></p>
<p style="text-align: left;">El municipi d&#8217;Alguaire té una extensió de 50 km2. És el segon municipi del Segrià en extensió. Situat a la dreta del Noguera Ribagorçana, està situat al peu de l&#8217;escarpament sobre el qual s&#8217;alçava el Castell d&#8217;Alguaire (comanda hospitalera i convent de les monges), del qual queden escasses restes. Aquest escarpament separa el terme en dues parts o sectors: el de Ponent (a l&#8217;extens peu de muntanya que separa les valls del Cinca i el Segre) ocupa els altiplans que van dels vessants de Tabac (a migdia del terme) i de la serra del Convent (que domina la vila) fins a la Serra Pedregosa, i comprèn les partides del Coscollar, Unilla, el Fondo d&#8217;Almenar, Vilarnau, Malpartit i la Saida. El de Llevant, on es troba la plana del Segrià estricte, comprèn les partides o antics termes de Canissella, Ratera, Cruells, el Pedrís, Casal, la Calçada i altres.</p>

<p><a href="http://agora.xtec.cat/esc-teresabergada/wp-content/uploads/usu1533/2014/09/images.jpg"></a><a href="http://agora.xtec.cat/esc-teresabergada/wp-content/uploads/usu1533/2014/09/descarga.jpg"></a><a href="http://agora.xtec.cat/esc-teresabergada/wp-content/uploads/usu1533/2014/09/images.jpg"></a><br />
El municipi d&#8217;Alguaire té una extensió de 50 km2. És el segon municipi del Segrià en extensió. Situat a la dreta del Noguera Ribagorçana, està situat al peu de l&#8217;escarpament sobre el qual s&#8217;alçava el Castell d&#8217;Alguaire (comanda hospitalera i convent de&hellip;  <a href="https://agora.xtec.cat/esc-teresabergada/lescola/" title="Read L&#8217;escola">Llegeix més»</a></p>
