{"id":680,"date":"2021-07-03T17:21:17","date_gmt":"2021-07-03T15:21:17","guid":{"rendered":"http:\/\/agora.xtec.cat\/esc-tarragona\/?page_id=680"},"modified":"2025-06-16T13:16:36","modified_gmt":"2025-06-16T11:16:36","slug":"preinscripcio-i-matricula","status":"publish","type":"page","link":"https:\/\/agora.xtec.cat\/esc-tarragona\/informacio-families\/preinscripcio-i-matricula\/","title":{"rendered":"Preinscripci\u00f3 i Matr\u00edcula"},"content":{"rendered":"<p>Contacteu amb la secretaria del centre per tal de formalitzar la matr\u00edcula.<\/p>\n<div class=\"aju\">\n<p>El nostre centre utilitza com a via de comunicaci\u00f3 l&#8217;<strong>aplicaci\u00f3 &#8220;Dinantia<\/strong>&#8220;. \u00c9s important que us descarregueu aquesta app al vostre m\u00f2bil per tal de poder formalitzar la matr\u00edcula i rebre les comunicacions que a partir d&#8217;ara us farem arribar. Cliqueu l&#8217;enlla\u00e7 del <a href=\"https:\/\/drive.google.com\/file\/d\/1nTWQeafiv2zXaQ-J4frhF0pVvkj1yeMS\/view?usp=sharing\" target=\"_blank\" rel=\"noopener\">tutorial<\/a>\u00a0 per descarregar les instruccions i realitzar la instal.laci\u00f3.<\/p>\n<p>A trav\u00e9s del <strong>Dinantia<\/strong> podreu emplenar els formularis\/autoritzacions i adjuntar tota la documentaci\u00f3 requerida.<\/p>\n<\/div>\n","protected":false},"excerpt":{"rendered":"<p>Contacteu amb la secretaria del centre per tal de formalitzar la matr\u00edcula.<\/p>\n<p>El nostre centre utilitza com a via de comunicaci\u00f3 l&#8217;aplicaci\u00f3 &#8220;Dinantia&#8220;. \u00c9s important que us descarregueu aquesta app al vostre m\u00f2bil per tal de poder formalitzar la matr\u00edcula i rebre les comunicacions que a&hellip;  <a href=\"https:\/\/agora.xtec.cat\/esc-tarragona\/informacio-families\/preinscripcio-i-matricula\/\" title=\"Read Preinscripci\u00f3 i Matr\u00edcula\">Llegeix m\u00e9s\u00bb<\/a><\/p>\n","protected":false},"author":1,"featured_media":0,"parent":609,"menu_order":0,"comment_status":"closed","ping_status":"closed","template":"page-templates\/side-menu.php","meta":{"_bbp_topic_count":0,"_bbp_reply_count":0,"_bbp_total_topic_count":0,"_bbp_total_reply_count":0,"_bbp_voice_count":0,"_bbp_anonymous_reply_count":0,"_bbp_topic_count_hidden":0,"_bbp_reply_count_hidden":0,"_bbp_forum_subforum_count":0,"footnotes":""},"class_list":["post-680","page","type-page","status-publish","hentry"],"post_mailing_queue_ids":[],"_links":{"self":[{"href":"https:\/\/agora.xtec.cat\/esc-tarragona\/wp-json\/wp\/v2\/pages\/680","targetHints":{"allow":["GET"]}}],"collection":[{"href":"https:\/\/agora.xtec.cat\/esc-tarragona\/wp-json\/wp\/v2\/pages"}],"about":[{"href":"https:\/\/agora.xtec.cat\/esc-tarragona\/wp-json\/wp\/v2\/types\/page"}],"author":[{"embeddable":true,"href":"https:\/\/agora.xtec.cat\/esc-tarragona\/wp-json\/wp\/v2\/users\/1"}],"replies":[{"embeddable":true,"href":"https:\/\/agora.xtec.cat\/esc-tarragona\/wp-json\/wp\/v2\/comments?post=680"}],"version-history":[{"count":6,"href":"https:\/\/agora.xtec.cat\/esc-tarragona\/wp-json\/wp\/v2\/pages\/680\/revisions"}],"predecessor-version":[{"id":9633,"href":"https:\/\/agora.xtec.cat\/esc-tarragona\/wp-json\/wp\/v2\/pages\/680\/revisions\/9633"}],"up":[{"embeddable":true,"href":"https:\/\/agora.xtec.cat\/esc-tarragona\/wp-json\/wp\/v2\/pages\/609"}],"wp:attachment":[{"href":"https:\/\/agora.xtec.cat\/esc-tarragona\/wp-json\/wp\/v2\/media?parent=680"}],"curies":[{"name":"wp","href":"https:\/\/api.w.org\/{rel}","templated":true}]}}