{"id":665,"date":"2021-07-03T17:16:43","date_gmt":"2021-07-03T15:16:43","guid":{"rendered":"http:\/\/agora.xtec.cat\/esc-tarragona\/?page_id=665"},"modified":"2025-09-16T12:54:00","modified_gmt":"2025-09-16T10:54:00","slug":"musica","status":"publish","type":"page","link":"https:\/\/agora.xtec.cat\/esc-tarragona\/especialitats\/musica\/","title":{"rendered":"M\u00fasica"},"content":{"rendered":"<p>A la nostra escola, aquesta \u00e0rea \u00e9s un pilar important, tant \u00e9s aix\u00ed que hem adoptat una metodologia pr\u00f2pia.<\/p>\n<p><strong>Com treballem la m\u00fasica a la nostra escola?<\/strong><\/p>\n<p>Des dels nostres inicis, sempre hemtreballat perqu\u00e8 l\u2019educaci\u00f3 musical no fos una assignatura est\u00e0tica i purament te\u00f2rica. Els infants necessiten moviment, activitat, expressar-se, divertir-se mentre aprenen &#8230; Precisament la m\u00fasica est\u00e0 al servei de totes aquests requisists, que permeten una educaci\u00f3 s\u00f2lida en continguts, en experi\u00e8ncies, en aptituds, actituds i en rendiment. Amb el llenguatge musical i les seves diferents formes d&#8217;expressi\u00f3 es fa un treball continu, din\u00e0mic i vivencial a trav\u00e9s del cos.<\/p>\n<p>Treballem:<\/p>\n<ul>\n<li style=\"font-weight: 400;\" aria-level=\"1\"><span style=\"font-weight: 400;\">La Percepci\u00f3, la comprensi\u00f3 i valoraci\u00f3 de les diferents manifestacions art\u00edstiques<\/span><\/li>\n<li style=\"font-weight: 400;\" aria-level=\"1\"><span style=\"font-weight: 400;\">La Interpretaci\u00f3 i la producci\u00f3.<\/span><\/li>\n<li><span style=\"font-weight: 400;\">La Imaginaci\u00f3 i la creativitat.<\/span><\/li>\n<\/ul>\n<p>Tot a\u00a0 partir de la dansa, del ritme, de la veu (una veu, dues, a trav\u00e9s del piano&#8230;), del moviment corporal (coordinaci\u00f3, coreografies, percussi\u00f3 corporal).<\/p>\n<p>A trav\u00e9s de la m\u00fasica els nostres alumnes:<\/p>\n<p>VIUEN \u2013 PERCEBEN \u2013 EXPERIMENTEN \u2013 INTERIORITZEN \u2013 COMPRENEN \u2013 APRENEN<\/p>\n<p>&nbsp;<\/p>\n<p>&nbsp;<\/p>\n<p>&nbsp;<\/p>\n","protected":false},"excerpt":{"rendered":"<p>A la nostra escola, aquesta \u00e0rea \u00e9s un pilar important, tant \u00e9s aix\u00ed que hem adoptat una metodologia pr\u00f2pia.<br \/>\nCom treballem la m\u00fasica a la nostra escola?<br \/>\nDes dels nostres inicis, sempre hemtreballat perqu\u00e8 l\u2019educaci\u00f3 musical no fos una assignatura est\u00e0tica i purament te\u00f2rica. Els infants necessiten&hellip;  <a href=\"https:\/\/agora.xtec.cat\/esc-tarragona\/especialitats\/musica\/\" title=\"Read M\u00fasica\">Llegeix m\u00e9s\u00bb<\/a><\/p>\n","protected":false},"author":1,"featured_media":0,"parent":607,"menu_order":0,"comment_status":"closed","ping_status":"closed","template":"page-templates\/side-menu.php","meta":{"_bbp_topic_count":0,"_bbp_reply_count":0,"_bbp_total_topic_count":0,"_bbp_total_reply_count":0,"_bbp_voice_count":0,"_bbp_anonymous_reply_count":0,"_bbp_topic_count_hidden":0,"_bbp_reply_count_hidden":0,"_bbp_forum_subforum_count":0,"footnotes":""},"class_list":["post-665","page","type-page","status-publish","hentry"],"post_mailing_queue_ids":[],"_links":{"self":[{"href":"https:\/\/agora.xtec.cat\/esc-tarragona\/wp-json\/wp\/v2\/pages\/665","targetHints":{"allow":["GET"]}}],"collection":[{"href":"https:\/\/agora.xtec.cat\/esc-tarragona\/wp-json\/wp\/v2\/pages"}],"about":[{"href":"https:\/\/agora.xtec.cat\/esc-tarragona\/wp-json\/wp\/v2\/types\/page"}],"author":[{"embeddable":true,"href":"https:\/\/agora.xtec.cat\/esc-tarragona\/wp-json\/wp\/v2\/users\/1"}],"replies":[{"embeddable":true,"href":"https:\/\/agora.xtec.cat\/esc-tarragona\/wp-json\/wp\/v2\/comments?post=665"}],"version-history":[{"count":5,"href":"https:\/\/agora.xtec.cat\/esc-tarragona\/wp-json\/wp\/v2\/pages\/665\/revisions"}],"predecessor-version":[{"id":9713,"href":"https:\/\/agora.xtec.cat\/esc-tarragona\/wp-json\/wp\/v2\/pages\/665\/revisions\/9713"}],"up":[{"embeddable":true,"href":"https:\/\/agora.xtec.cat\/esc-tarragona\/wp-json\/wp\/v2\/pages\/607"}],"wp:attachment":[{"href":"https:\/\/agora.xtec.cat\/esc-tarragona\/wp-json\/wp\/v2\/media?parent=665"}],"curies":[{"name":"wp","href":"https:\/\/api.w.org\/{rel}","templated":true}]}}

Música

<p>A la nostra escola, aquesta àrea és un pilar important, tant és així que hem adoptat una metodologia pròpia.</p>
<p><strong>Com treballem la música a la nostra escola?</strong></p>
<p>Des dels nostres inicis, sempre hemtreballat perquè l’educació musical no fos una assignatura estàtica i purament teòrica. Els infants necessiten moviment, activitat, expressar-se, divertir-se mentre aprenen &#8230; Precisament la música està al servei de totes aquests requisists, que permeten una educació sòlida en continguts, en experiències, en aptituds, actituds i en rendiment. Amb el llenguatge musical i les seves diferents formes d&#8217;expressió es fa un treball continu, dinàmic i vivencial a través del cos.</p>
<p>Treballem:</p>
<ul>
<li style="font-weight: 400;" aria-level="1"><span style="font-weight: 400;">La Percepció, la comprensió i valoració de les diferents manifestacions artístiques</span></li>
<li style="font-weight: 400;" aria-level="1"><span style="font-weight: 400;">La Interpretació i la producció.</span></li>
<li><span style="font-weight: 400;">La Imaginació i la creativitat.</span></li>
</ul>
<p>Tot a  partir de la dansa, del ritme, de la veu (una veu, dues, a través del piano&#8230;), del moviment corporal (coordinació, coreografies, percussió corporal).</p>
<p>A través de la música els nostres alumnes:</p>
<p>VIUEN – PERCEBEN – EXPERIMENTEN – INTERIORITZEN – COMPRENEN – APRENEN</p>
<p>&nbsp;</p>
<p>&nbsp;</p>
<p>&nbsp;</p>

<p>A la nostra escola, aquesta àrea és un pilar important, tant és així que hem adoptat una metodologia pròpia.<br />
Com treballem la música a la nostra escola?<br />
Des dels nostres inicis, sempre hemtreballat perquè l’educació musical no fos una assignatura estàtica i purament teòrica. Els infants necessiten&hellip;  <a href="https://agora.xtec.cat/esc-tarragona/especialitats/musica/" title="Read Música">Llegeix més»</a></p>
