{"id":643,"date":"2021-07-03T17:11:19","date_gmt":"2021-07-03T15:11:19","guid":{"rendered":"http:\/\/agora.xtec.cat\/esc-tarragona\/?page_id=643"},"modified":"2022-08-01T22:42:46","modified_gmt":"2022-08-01T20:42:46","slug":"tacglish","status":"publish","type":"page","link":"https:\/\/agora.xtec.cat\/esc-tarragona\/projectes\/tacglish\/","title":{"rendered":"Tac&#038;Glish"},"content":{"rendered":"<p><span style=\"font-weight: 400;\">Utilitzaci\u00f3 de les tecnologies en els processos d\u2019ensenyament-aprenentatge per tal de dotar els\/les nostres alumnes dels coneixements, estrat\u00e8gies, habilitats i actituds necess\u00e0ries per al desenvolupament de la compet\u00e8ncia digital. <\/span><\/p>\n<p><strong>Quines activitats portem a terme?<\/strong><\/p>\n<ul>\n<li><span style=\"font-family: inherit; font-size: 1em;\">Experiments cient\u00edfics i recull d&#8217;aquest amb diferents eines digitals.<\/span><\/li>\n<li>Programaci\u00f3: Scratch<\/li>\n<li><span style=\"font-family: inherit; font-size: 1em;\">Rob\u00f2tica : Bee Bot, Lego Wedo 2.0, Dash&amp;Dot<\/span><\/li>\n<li><span style=\"font-family: inherit; font-size: 1em;\">Tauletes Digitals<\/span><\/li>\n<li><span style=\"font-family: inherit; font-size: 1em;\">Classroom i Entorn Virtual d&#8217;aprenentatge (gmail, meet, google calendar, google site&#8230;)<\/span><\/li>\n<li><span style=\"font-family: inherit; font-size: 1em;\">Projecte ARMIF: Participaci\u00f3 d&#8217;alumnes de magisteri i pedagogia de la URV en el desenvolupament d&#8217;unitats did\u00e0ctiques on es fan servir un ampli ventall de recursos i eines digitals.<\/span><\/li>\n<\/ul>\n<p>&nbsp;<\/p>\n<p><a href=\"https:\/\/agora.xtec.cat\/esc-tarragona\/wp-content\/uploads\/usu827\/2021\/07\/DSC_0502.jpg\"><img loading=\"lazy\" decoding=\"async\" class=\"alignnone wp-image-1070\" src=\"https:\/\/agora.xtec.cat\/esc-tarragona\/wp-content\/uploads\/usu827\/2021\/07\/DSC_0502.jpg\" alt=\"\" width=\"313\" height=\"176\" srcset=\"https:\/\/agora.xtec.cat\/esc-tarragona\/wp-content\/uploads\/usu827\/2021\/07\/DSC_0502.jpg 320w, https:\/\/agora.xtec.cat\/esc-tarragona\/wp-content\/uploads\/usu827\/2021\/07\/DSC_0502-300x169.jpg 300w\" sizes=\"auto, (max-width: 313px) 100vw, 313px\" \/> \u00a0 <\/a><a href=\"https:\/\/agora.xtec.cat\/esc-tarragona\/wp-content\/uploads\/usu827\/2021\/07\/P_20181113_095055.jpg\"><img loading=\"lazy\" decoding=\"async\" class=\"alignnone wp-image-1071\" src=\"https:\/\/agora.xtec.cat\/esc-tarragona\/wp-content\/uploads\/usu827\/2021\/07\/P_20181113_095055.jpg\" alt=\"\" width=\"315\" height=\"177\" srcset=\"https:\/\/agora.xtec.cat\/esc-tarragona\/wp-content\/uploads\/usu827\/2021\/07\/P_20181113_095055.jpg 320w, https:\/\/agora.xtec.cat\/esc-tarragona\/wp-content\/uploads\/usu827\/2021\/07\/P_20181113_095055-300x169.jpg 300w\" sizes=\"auto, (max-width: 315px) 100vw, 315px\" \/> \u00a0 <\/a><a href=\"https:\/\/agora.xtec.cat\/esc-tarragona\/wp-content\/uploads\/usu827\/2021\/07\/pasted-image-0.png\"><img loading=\"lazy\" decoding=\"async\" class=\"alignnone wp-image-1072\" src=\"https:\/\/agora.xtec.cat\/esc-tarragona\/wp-content\/uploads\/usu827\/2021\/07\/pasted-image-0.png\" alt=\"\" width=\"314\" height=\"177\" \/><\/a><\/p>\n","protected":false},"excerpt":{"rendered":"<p>Utilitzaci\u00f3 de les tecnologies en els processos d\u2019ensenyament-aprenentatge per tal de dotar els\/les nostres alumnes dels coneixements, estrat\u00e8gies, habilitats i actituds necess\u00e0ries per al desenvolupament de la compet\u00e8ncia digital.<br \/>\nQuines activitats portem a terme?<\/p>\n<ul>\n<li>Experiments cient\u00edfics i recull d&#8217;aquest amb diferents eines digitals.<\/li>\n<li>Programaci\u00f3: Scratch<\/li>\n<li>Rob\u00f2tica : Bee&hellip;  <a href=\"https:\/\/agora.xtec.cat\/esc-tarragona\/projectes\/tacglish\/\" title=\"Read Tac&#038;Glish\">Llegeix m\u00e9s\u00bb<\/a><br \/>\n","protected":false},"author":1,"featured_media":0,"parent":605,"menu_order":0,"comment_status":"closed","ping_status":"closed","template":"page-templates\/side-menu.php","meta":{"_bbp_topic_count":0,"_bbp_reply_count":0,"_bbp_total_topic_count":0,"_bbp_total_reply_count":0,"_bbp_voice_count":0,"_bbp_anonymous_reply_count":0,"_bbp_topic_count_hidden":0,"_bbp_reply_count_hidden":0,"_bbp_forum_subforum_count":0,"footnotes":""},"class_list":["post-643","page","type-page","status-publish","hentry"],"post_mailing_queue_ids":[],"_links":{"self":[{"href":"https:\/\/agora.xtec.cat\/esc-tarragona\/wp-json\/wp\/v2\/pages\/643","targetHints":{"allow":["GET"]}}],"collection":[{"href":"https:\/\/agora.xtec.cat\/esc-tarragona\/wp-json\/wp\/v2\/pages"}],"about":[{"href":"https:\/\/agora.xtec.cat\/esc-tarragona\/wp-json\/wp\/v2\/types\/page"}],"author":[{"embeddable":true,"href":"https:\/\/agora.xtec.cat\/esc-tarragona\/wp-json\/wp\/v2\/users\/1"}],"replies":[{"embeddable":true,"href":"https:\/\/agora.xtec.cat\/esc-tarragona\/wp-json\/wp\/v2\/comments?post=643"}],"version-history":[{"count":3,"href":"https:\/\/agora.xtec.cat\/esc-tarragona\/wp-json\/wp\/v2\/pages\/643\/revisions"}],"predecessor-version":[{"id":4572,"href":"https:\/\/agora.xtec.cat\/esc-tarragona\/wp-json\/wp\/v2\/pages\/643\/revisions\/4572"}],"up":[{"embeddable":true,"href":"https:\/\/agora.xtec.cat\/esc-tarragona\/wp-json\/wp\/v2\/pages\/605"}],"wp:attachment":[{"href":"https:\/\/agora.xtec.cat\/esc-tarragona\/wp-json\/wp\/v2\/media?parent=643"}],"curies":[{"name":"wp","href":"https:\/\/api.w.org\/{rel}","templated":true}]}}