{"id":641,"date":"2021-07-03T17:10:59","date_gmt":"2021-07-03T15:10:59","guid":{"rendered":"http:\/\/agora.xtec.cat\/esc-tarragona\/?page_id=641"},"modified":"2021-07-29T16:57:09","modified_gmt":"2021-07-29T14:57:09","slug":"biblioteca","status":"publish","type":"page","link":"https:\/\/agora.xtec.cat\/esc-tarragona\/projectes\/biblioteca\/","title":{"rendered":"Biblioteca"},"content":{"rendered":"<p>La Biblioteca de la nostra escola vertebra el projecte anual internivells i porta a terme diferents din\u00e0miques per impulsar el gust per la lectura. De totes aquestes activitats ens va informant la\u00a0 &#8220;TURA&#8221;; un bonic cangur que \u00e9s la mascota d&#8217;aquest\u00a0 \u00a0espai que tan ens agrada visitar.<\/p>\n<p><strong>\u00a0 \u00a0 \u00a0 \u00a0 \u00a0 \u00a0<a href=\"https:\/\/agora.xtec.cat\/esc-tarragona\/wp-content\/uploads\/usu827\/2021\/07\/tura.jpg\"><img loading=\"lazy\" decoding=\"async\" class=\"wp-image-1315 aligncenter\" src=\"https:\/\/agora.xtec.cat\/esc-tarragona\/wp-content\/uploads\/usu827\/2021\/07\/tura.jpg\" alt=\"\" width=\"230\" height=\"127\" srcset=\"https:\/\/agora.xtec.cat\/esc-tarragona\/wp-content\/uploads\/usu827\/2021\/07\/tura.jpg 734w, https:\/\/agora.xtec.cat\/esc-tarragona\/wp-content\/uploads\/usu827\/2021\/07\/tura-300x166.jpg 300w\" sizes=\"auto, (max-width: 230px) 100vw, 230px\" \/><\/a> <\/strong><\/p>\n<p><strong>\u00a0 Quines activitats realitzem?\u00a0 \u00a0 \u00a0 \u00a0 \u00a0 \u00a0 \u00a0 \u00a0 \u00a0 \u00a0 \u00a0 \u00a0 \u00a0 \u00a0 \u00a0 \u00a0 \u00a0 \u00a0 \u00a0 \u00a0 \u00a0 \u00a0 \u00a0 \u00a0 \u00a0 \u00a0 \u00a0 \u00a0 \u00a0 \u00a0 \u00a0 \u00a0 \u00a0 \u00a0 \u00a0 \u00a0 \u00a0 \u00a0 \u00a0 \u00a0 \u00a0 \u00a0 \u00a0 <\/strong><\/p>\n<ul>\n<li><span style=\"font-family: inherit; font-size: 1em;\">Servei de pr\u00e9stec per a mestres i alumnes.<\/span><\/li>\n<li>Padrins lectors<\/li>\n<li>Bibliopati<\/li>\n<li>Les maletes viatgeres en catal\u00e0 i castell\u00e0.<\/li>\n<li>Les maletes viatgeres d&#8217;angl\u00e8s.<\/li>\n<li><span style=\"font-family: inherit; font-size: 1em;\">Formaci\u00f3 d\u2019usuaris perqu\u00e8 els alumnes m\u00e9s grans coneguin el seu funcionament i ajudin en la seva organitzaci\u00f3.<\/span><\/li>\n<li>&#8220;Laboratoris de lectura&#8221;: activitats creatives i din\u00e0miques per motivar els infants a llegir.<\/li>\n<li>Club de lectura per als alumnes de Cicle Superior.<\/li>\n<li>&#8220;Jo recomano&#8221; on els alumnes de totes les edats poden recomanar llibres, revistes&#8230; als altres infants d&#8217;altres classes.<\/li>\n<li>RoomEscape<\/li>\n<li>Les maletes liter\u00e0ries<\/li>\n<li>Organitzaci\u00f3 del dia de la poesia amb la creaci\u00f3 i recitaci\u00f3 de poemes. Amb la posterior edici\u00f3 d&#8217;un\u00a0 llibret i il\u00b7lustrat pels alumnes.<\/li>\n<\/ul>\n<p>&nbsp;<\/p>\n<p><a href=\"https:\/\/agora.xtec.cat\/esc-tarragona\/wp-content\/uploads\/usu827\/2021\/07\/1.png\"><img loading=\"lazy\" decoding=\"async\" class=\"size-full wp-image-1035 aligncenter\" src=\"https:\/\/agora.xtec.cat\/esc-tarragona\/wp-content\/uploads\/usu827\/2021\/07\/1.png\" alt=\"\" width=\"700\" height=\"500\" srcset=\"https:\/\/agora.xtec.cat\/esc-tarragona\/wp-content\/uploads\/usu827\/2021\/07\/1.png 700w, https:\/\/agora.xtec.cat\/esc-tarragona\/wp-content\/uploads\/usu827\/2021\/07\/1-300x214.png 300w\" sizes=\"auto, (max-width: 700px) 100vw, 700px\" \/><\/a><\/p>\n<p><a href=\"https:\/\/agora.xtec.cat\/esc-tarragona\/wp-content\/uploads\/usu827\/2021\/07\/2.png\"><img loading=\"lazy\" decoding=\"async\" class=\"size-large wp-image-1036 aligncenter\" src=\"https:\/\/agora.xtec.cat\/esc-tarragona\/wp-content\/uploads\/usu827\/2021\/07\/2.png\" alt=\"\" width=\"700\" height=\"500\" srcset=\"https:\/\/agora.xtec.cat\/esc-tarragona\/wp-content\/uploads\/usu827\/2021\/07\/2.png 700w, https:\/\/agora.xtec.cat\/esc-tarragona\/wp-content\/uploads\/usu827\/2021\/07\/2-300x214.png 300w\" sizes=\"auto, (max-width: 700px) 100vw, 700px\" \/><\/a><\/p>\n<p>&nbsp;<\/p>\n<p>&nbsp;<\/p>\n<p>&nbsp;<\/p>\n","protected":false},"excerpt":{"rendered":"<p>La Biblioteca de la nostra escola vertebra el projecte anual internivells i porta a terme diferents din\u00e0miques per impulsar el gust per la lectura. De totes aquestes activitats ens va informant la\u00a0 &#8220;TURA&#8221;; un bonic cangur que \u00e9s la mascota d&#8217;aquest\u00a0 \u00a0espai que tan ens&hellip;  <a href=\"https:\/\/agora.xtec.cat\/esc-tarragona\/projectes\/biblioteca\/\" title=\"Read Biblioteca\">Llegeix m\u00e9s\u00bb<\/a><\/p>\n","protected":false},"author":1,"featured_media":0,"parent":605,"menu_order":0,"comment_status":"closed","ping_status":"closed","template":"page-templates\/side-menu.php","meta":{"_bbp_topic_count":0,"_bbp_reply_count":0,"_bbp_total_topic_count":0,"_bbp_total_reply_count":0,"_bbp_voice_count":0,"_bbp_anonymous_reply_count":0,"_bbp_topic_count_hidden":0,"_bbp_reply_count_hidden":0,"_bbp_forum_subforum_count":0,"footnotes":""},"class_list":["post-641","page","type-page","status-publish","hentry"],"post_mailing_queue_ids":[],"_links":{"self":[{"href":"https:\/\/agora.xtec.cat\/esc-tarragona\/wp-json\/wp\/v2\/pages\/641","targetHints":{"allow":["GET"]}}],"collection":[{"href":"https:\/\/agora.xtec.cat\/esc-tarragona\/wp-json\/wp\/v2\/pages"}],"about":[{"href":"https:\/\/agora.xtec.cat\/esc-tarragona\/wp-json\/wp\/v2\/types\/page"}],"author":[{"embeddable":true,"href":"https:\/\/agora.xtec.cat\/esc-tarragona\/wp-json\/wp\/v2\/users\/1"}],"replies":[{"embeddable":true,"href":"https:\/\/agora.xtec.cat\/esc-tarragona\/wp-json\/wp\/v2\/comments?post=641"}],"version-history":[{"count":4,"href":"https:\/\/agora.xtec.cat\/esc-tarragona\/wp-json\/wp\/v2\/pages\/641\/revisions"}],"predecessor-version":[{"id":1317,"href":"https:\/\/agora.xtec.cat\/esc-tarragona\/wp-json\/wp\/v2\/pages\/641\/revisions\/1317"}],"up":[{"embeddable":true,"href":"https:\/\/agora.xtec.cat\/esc-tarragona\/wp-json\/wp\/v2\/pages\/605"}],"wp:attachment":[{"href":"https:\/\/agora.xtec.cat\/esc-tarragona\/wp-json\/wp\/v2\/media?parent=641"}],"curies":[{"name":"wp","href":"https:\/\/api.w.org\/{rel}","templated":true}]}}

<p>La Biblioteca de la nostra escola vertebra el projecte anual internivells i porta a terme diferents dinàmiques per impulsar el gust per la lectura. De totes aquestes activitats ens va informant la  &#8220;TURA&#8221;; un bonic cangur que és la mascota d&#8217;aquest   espai que tan ens agrada visitar.</p>
<p><strong>           <a href="https://agora.xtec.cat/esc-tarragona/wp-content/uploads/usu827/2021/07/tura.jpg"><img loading="lazy" decoding="async" class="wp-image-1315 aligncenter" src="https://agora.xtec.cat/esc-tarragona/wp-content/uploads/usu827/2021/07/tura.jpg" alt="" width="230" height="127" srcset="https://agora.xtec.cat/esc-tarragona/wp-content/uploads/usu827/2021/07/tura.jpg 734w, https://agora.xtec.cat/esc-tarragona/wp-content/uploads/usu827/2021/07/tura-300x166.jpg 300w" sizes="auto, (max-width: 230px) 100vw, 230px" /></a> </strong></p>
<p><strong>  Quines activitats realitzem?                                                                                      </strong></p>
<ul>
<li><span style="font-family: inherit; font-size: 1em;">Servei de préstec per a mestres i alumnes.</span></li>
<li>Padrins lectors</li>
<li>Bibliopati</li>
<li>Les maletes viatgeres en català i castellà.</li>
<li>Les maletes viatgeres d&#8217;anglès.</li>
<li><span style="font-family: inherit; font-size: 1em;">Formació d’usuaris perquè els alumnes més grans coneguin el seu funcionament i ajudin en la seva organització.</span></li>
<li>&#8220;Laboratoris de lectura&#8221;: activitats creatives i dinàmiques per motivar els infants a llegir.</li>
<li>Club de lectura per als alumnes de Cicle Superior.</li>
<li>&#8220;Jo recomano&#8221; on els alumnes de totes les edats poden recomanar llibres, revistes&#8230; als altres infants d&#8217;altres classes.</li>
<li>RoomEscape</li>
<li>Les maletes literàries</li>
<li>Organització del dia de la poesia amb la creació i recitació de poemes. Amb la posterior edició d&#8217;un  llibret i il·lustrat pels alumnes.</li>
</ul>
<p>&nbsp;</p>
<p><a href="https://agora.xtec.cat/esc-tarragona/wp-content/uploads/usu827/2021/07/1.png"><img loading="lazy" decoding="async" class="size-full wp-image-1035 aligncenter" src="https://agora.xtec.cat/esc-tarragona/wp-content/uploads/usu827/2021/07/1.png" alt="" width="700" height="500" srcset="https://agora.xtec.cat/esc-tarragona/wp-content/uploads/usu827/2021/07/1.png 700w, https://agora.xtec.cat/esc-tarragona/wp-content/uploads/usu827/2021/07/1-300x214.png 300w" sizes="auto, (max-width: 700px) 100vw, 700px" /></a></p>
<p><a href="https://agora.xtec.cat/esc-tarragona/wp-content/uploads/usu827/2021/07/2.png"><img loading="lazy" decoding="async" class="size-large wp-image-1036 aligncenter" src="https://agora.xtec.cat/esc-tarragona/wp-content/uploads/usu827/2021/07/2.png" alt="" width="700" height="500" srcset="https://agora.xtec.cat/esc-tarragona/wp-content/uploads/usu827/2021/07/2.png 700w, https://agora.xtec.cat/esc-tarragona/wp-content/uploads/usu827/2021/07/2-300x214.png 300w" sizes="auto, (max-width: 700px) 100vw, 700px" /></a></p>
<p>&nbsp;</p>
<p>&nbsp;</p>
<p>&nbsp;</p>

<p>La Biblioteca de la nostra escola vertebra el projecte anual internivells i porta a terme diferents dinàmiques per impulsar el gust per la lectura. De totes aquestes activitats ens va informant la  &#8220;TURA&#8221;; un bonic cangur que és la mascota d&#8217;aquest   espai que tan ens&hellip;  <a href="https://agora.xtec.cat/esc-tarragona/projectes/biblioteca/" title="Read Biblioteca">Llegeix més»</a></p>
