{"id":5801,"date":"2023-02-17T12:27:25","date_gmt":"2023-02-17T11:27:25","guid":{"rendered":"https:\/\/agora.xtec.cat\/esc-tarragona\/?page_id=5801"},"modified":"2023-02-17T12:28:09","modified_gmt":"2023-02-17T11:28:09","slug":"docents-2","status":"publish","type":"page","link":"https:\/\/agora.xtec.cat\/esc-tarragona\/docents-2\/","title":{"rendered":"Docents i l&#8217;EDC"},"content":{"rendered":"<p dir=\"ltr\">L&#8217;Estrat\u00e8gia Digital de Centre recull les l\u00ednies d\u2019actuaci\u00f3 per aconseguir l\u2019assoliment de la compet\u00e8ncia digital per part de l\u2019alumnat, els docents i el centre.<\/p>\n<p dir=\"ltr\">Per aconseguir aquesta compet\u00e8ncia digital, l\u2019EDC compr\u00e8n tots els \u00e0mbits del centre: organitzatius, metodol\u00f2gics, curriculars i comunicatius, els quals s\u2019han de veure necess\u00e0riament implicats.<\/p>\n<p dir=\"ltr\">\u00c9s per aquest que el claustre de l\u2019escola s&#8217;est\u00e0 formant per assolir aquestes compet\u00e8ncies.<\/p>\n<p><a href=\"https:\/\/drive.google.com\/file\/d\/1CBYsOIPovQApkWAEXmqmw8VmIpwDw1QD\/view?usp=share_link\" target=\"_blank\" rel=\"noopener\">Document Compet\u00e8ncia Digital Docent del Professorat de Catalunya<\/a><\/p>\n<p>&nbsp;<\/p>\n<p>&nbsp;<\/p>\n","protected":false},"excerpt":{"rendered":"<p>L&#8217;Estrat\u00e8gia Digital de Centre recull les l\u00ednies d\u2019actuaci\u00f3 per aconseguir l\u2019assoliment de la compet\u00e8ncia digital per part de l\u2019alumnat, els docents i el centre.<br \/>\nPer aconseguir aquesta compet\u00e8ncia digital, l\u2019EDC compr\u00e8n tots els \u00e0mbits del centre: organitzatius, metodol\u00f2gics, curriculars i comunicatius, els quals s\u2019han de veure&hellip;  <a href=\"https:\/\/agora.xtec.cat\/esc-tarragona\/docents-2\/\" title=\"Read Docents i l&#8217;EDC\">Llegeix m\u00e9s\u00bb<\/a><\/p>\n","protected":false},"author":1,"featured_media":0,"parent":0,"menu_order":0,"comment_status":"closed","ping_status":"closed","template":"","meta":{"_bbp_topic_count":0,"_bbp_reply_count":0,"_bbp_total_topic_count":0,"_bbp_total_reply_count":0,"_bbp_voice_count":0,"_bbp_anonymous_reply_count":0,"_bbp_topic_count_hidden":0,"_bbp_reply_count_hidden":0,"_bbp_forum_subforum_count":0,"footnotes":""},"class_list":["post-5801","page","type-page","status-publish","hentry"],"post_mailing_queue_ids":[],"_links":{"self":[{"href":"https:\/\/agora.xtec.cat\/esc-tarragona\/wp-json\/wp\/v2\/pages\/5801","targetHints":{"allow":["GET"]}}],"collection":[{"href":"https:\/\/agora.xtec.cat\/esc-tarragona\/wp-json\/wp\/v2\/pages"}],"about":[{"href":"https:\/\/agora.xtec.cat\/esc-tarragona\/wp-json\/wp\/v2\/types\/page"}],"author":[{"embeddable":true,"href":"https:\/\/agora.xtec.cat\/esc-tarragona\/wp-json\/wp\/v2\/users\/1"}],"replies":[{"embeddable":true,"href":"https:\/\/agora.xtec.cat\/esc-tarragona\/wp-json\/wp\/v2\/comments?post=5801"}],"version-history":[{"count":2,"href":"https:\/\/agora.xtec.cat\/esc-tarragona\/wp-json\/wp\/v2\/pages\/5801\/revisions"}],"predecessor-version":[{"id":5805,"href":"https:\/\/agora.xtec.cat\/esc-tarragona\/wp-json\/wp\/v2\/pages\/5801\/revisions\/5805"}],"wp:attachment":[{"href":"https:\/\/agora.xtec.cat\/esc-tarragona\/wp-json\/wp\/v2\/media?parent=5801"}],"curies":[{"name":"wp","href":"https:\/\/api.w.org\/{rel}","templated":true}]}}