{"id":4565,"date":"2022-08-01T12:04:58","date_gmt":"2022-08-01T10:04:58","guid":{"rendered":"https:\/\/agora.xtec.cat\/esc-tarragona\/?page_id=4565"},"modified":"2022-08-31T20:37:02","modified_gmt":"2022-08-31T18:37:02","slug":"projecte-de-convivencia","status":"publish","type":"page","link":"https:\/\/agora.xtec.cat\/esc-tarragona\/projecte-de-convivencia\/","title":{"rendered":"Projecte de Conviv\u00e8ncia i Assemblees"},"content":{"rendered":"<p>A trav\u00e9s de diferents activitats i din\u00e0miques treballem &#8220;l&#8217;Educaci\u00f3 en Valors&#8221; i potenciem la &#8220;Resoluci\u00f3 de Conflictes&#8221;. \u00a0En aquest context els\/les alumnes poden expressar les seves opinions, dir el que els agrada i el que no, proposar millores, buscar solucions als conflictes,\u2026<\/p>\n<p>Aquest projecte serveix per:<\/p>\n<ul style=\"font-size: 16px; font-family: 'Helvetica Neue', Helvetica, Helvetica, Arial, sans-serif;\">\n<li>Millorar la qualitat de vida dels infants i les seves relacions<\/li>\n<li>Facilitar la conviv\u00e8ncia entre tots els membres de l&#8217;aula i de l&#8217;escola<\/li>\n<li>Disminuir els conflictes<\/li>\n<li>Refor\u00e7ar la cohesi\u00f3 de grup<\/li>\n<li>Ajudar a desenvolupar el sentit de la responsabilitat<\/li>\n<li>Potenciar l\u2019entrenament de les habilitats per a la vida (cognitives, emocionals i socials)<\/li>\n<\/ul>\n<p>&nbsp;<\/p>\n<p><img loading=\"lazy\" decoding=\"async\" class=\"aligncenter wp-image-4566\" src=\"https:\/\/agora.xtec.cat\/esc-tarragona\/wp-content\/uploads\/usu827\/2022\/08\/IMG20220131160716-scaled.jpg\" alt=\"\" width=\"362\" height=\"272\" srcset=\"https:\/\/agora.xtec.cat\/esc-tarragona\/wp-content\/uploads\/usu827\/2022\/08\/IMG20220131160716-scaled.jpg 2560w, https:\/\/agora.xtec.cat\/esc-tarragona\/wp-content\/uploads\/usu827\/2022\/08\/IMG20220131160716-300x225.jpg 300w, https:\/\/agora.xtec.cat\/esc-tarragona\/wp-content\/uploads\/usu827\/2022\/08\/IMG20220131160716-1024x768.jpg 1024w, https:\/\/agora.xtec.cat\/esc-tarragona\/wp-content\/uploads\/usu827\/2022\/08\/IMG20220131160716-768x576.jpg 768w, https:\/\/agora.xtec.cat\/esc-tarragona\/wp-content\/uploads\/usu827\/2022\/08\/IMG20220131160716-1536x1152.jpg 1536w, https:\/\/agora.xtec.cat\/esc-tarragona\/wp-content\/uploads\/usu827\/2022\/08\/IMG20220131160716-2048x1536.jpg 2048w, https:\/\/agora.xtec.cat\/esc-tarragona\/wp-content\/uploads\/usu827\/2022\/08\/IMG20220131160716-200x150.jpg 200w\" sizes=\"auto, (max-width: 362px) 100vw, 362px\" \/><\/p>\n","protected":false},"excerpt":{"rendered":"<p>A trav\u00e9s de diferents activitats i din\u00e0miques treballem &#8220;l&#8217;Educaci\u00f3 en Valors&#8221; i potenciem la &#8220;Resoluci\u00f3 de Conflictes&#8221;. \u00a0En aquest context els\/les alumnes poden expressar les seves opinions, dir el que els agrada i el que no, proposar millores, buscar solucions als conflictes,\u2026<br \/>\nAquest projecte serveix per:\n<ul&hellip;  <a href=\"https:\/\/agora.xtec.cat\/esc-tarragona\/projecte-de-convivencia\/\" title=\"Read Projecte de Conviv\u00e8ncia i Assemblees\">Llegeix m\u00e9s\u00bb<\/a><\/p>\n","protected":false},"author":1,"featured_media":0,"parent":0,"menu_order":0,"comment_status":"closed","ping_status":"closed","template":"","meta":{"_bbp_topic_count":0,"_bbp_reply_count":0,"_bbp_total_topic_count":0,"_bbp_total_reply_count":0,"_bbp_voice_count":0,"_bbp_anonymous_reply_count":0,"_bbp_topic_count_hidden":0,"_bbp_reply_count_hidden":0,"_bbp_forum_subforum_count":0,"footnotes":""},"class_list":["post-4565","page","type-page","status-publish","hentry"],"post_mailing_queue_ids":[],"_links":{"self":[{"href":"https:\/\/agora.xtec.cat\/esc-tarragona\/wp-json\/wp\/v2\/pages\/4565","targetHints":{"allow":["GET"]}}],"collection":[{"href":"https:\/\/agora.xtec.cat\/esc-tarragona\/wp-json\/wp\/v2\/pages"}],"about":[{"href":"https:\/\/agora.xtec.cat\/esc-tarragona\/wp-json\/wp\/v2\/types\/page"}],"author":[{"embeddable":true,"href":"https:\/\/agora.xtec.cat\/esc-tarragona\/wp-json\/wp\/v2\/users\/1"}],"replies":[{"embeddable":true,"href":"https:\/\/agora.xtec.cat\/esc-tarragona\/wp-json\/wp\/v2\/comments?post=4565"}],"version-history":[{"count":3,"href":"https:\/\/agora.xtec.cat\/esc-tarragona\/wp-json\/wp\/v2\/pages\/4565\/revisions"}],"predecessor-version":[{"id":4597,"href":"https:\/\/agora.xtec.cat\/esc-tarragona\/wp-json\/wp\/v2\/pages\/4565\/revisions\/4597"}],"wp:attachment":[{"href":"https:\/\/agora.xtec.cat\/esc-tarragona\/wp-json\/wp\/v2\/media?parent=4565"}],"curies":[{"name":"wp","href":"https:\/\/api.w.org\/{rel}","templated":true}]}}

Projecte de Convivència i Assemblees

<p>A través de diferents activitats i dinàmiques treballem &#8220;l&#8217;Educació en Valors&#8221; i potenciem la &#8220;Resolució de Conflictes&#8221;.  En aquest context els/les alumnes poden expressar les seves opinions, dir el que els agrada i el que no, proposar millores, buscar solucions als conflictes,…</p>
<p>Aquest projecte serveix per:</p>
<ul style="font-size: 16px; font-family: 'Helvetica Neue', Helvetica, Helvetica, Arial, sans-serif;">
<li>Millorar la qualitat de vida dels infants i les seves relacions</li>
<li>Facilitar la convivència entre tots els membres de l&#8217;aula i de l&#8217;escola</li>
<li>Disminuir els conflictes</li>
<li>Reforçar la cohesió de grup</li>
<li>Ajudar a desenvolupar el sentit de la responsabilitat</li>
<li>Potenciar l’entrenament de les habilitats per a la vida (cognitives, emocionals i socials)</li>
</ul>
<p>&nbsp;</p>
<p><img loading="lazy" decoding="async" class="aligncenter wp-image-4566" src="https://agora.xtec.cat/esc-tarragona/wp-content/uploads/usu827/2022/08/IMG20220131160716-scaled.jpg" alt="" width="362" height="272" srcset="https://agora.xtec.cat/esc-tarragona/wp-content/uploads/usu827/2022/08/IMG20220131160716-scaled.jpg 2560w, https://agora.xtec.cat/esc-tarragona/wp-content/uploads/usu827/2022/08/IMG20220131160716-300x225.jpg 300w, https://agora.xtec.cat/esc-tarragona/wp-content/uploads/usu827/2022/08/IMG20220131160716-1024x768.jpg 1024w, https://agora.xtec.cat/esc-tarragona/wp-content/uploads/usu827/2022/08/IMG20220131160716-768x576.jpg 768w, https://agora.xtec.cat/esc-tarragona/wp-content/uploads/usu827/2022/08/IMG20220131160716-1536x1152.jpg 1536w, https://agora.xtec.cat/esc-tarragona/wp-content/uploads/usu827/2022/08/IMG20220131160716-2048x1536.jpg 2048w, https://agora.xtec.cat/esc-tarragona/wp-content/uploads/usu827/2022/08/IMG20220131160716-200x150.jpg 200w" sizes="auto, (max-width: 362px) 100vw, 362px" /></p>

<p>A través de diferents activitats i dinàmiques treballem &#8220;l&#8217;Educació en Valors&#8221; i potenciem la &#8220;Resolució de Conflictes&#8221;.  En aquest context els/les alumnes poden expressar les seves opinions, dir el que els agrada i el que no, proposar millores, buscar solucions als conflictes,…<br />
Aquest projecte serveix per:
<ul&hellip;  <a href="https://agora.xtec.cat/esc-tarragona/projecte-de-convivencia/" title="Read Projecte de Convivència i Assemblees">Llegeix més»</a></p>
