{"id":3897,"date":"2022-05-20T15:53:36","date_gmt":"2022-05-20T13:53:36","guid":{"rendered":"https:\/\/agora.xtec.cat\/esc-tarragona\/?page_id=3897"},"modified":"2024-04-22T12:04:18","modified_gmt":"2024-04-22T10:04:18","slug":"beques-de-menjador-consell-comarcal-del-tarragones","status":"publish","type":"page","link":"https:\/\/agora.xtec.cat\/esc-tarragona\/beques-de-menjador-consell-comarcal-del-tarragones\/","title":{"rendered":"BEQUES DE MENJADOR. CONSELL COMARCAL DEL TARRAGON\u00c8S"},"content":{"rendered":"<p><span style=\"color: #ff6600;\"><strong>BEQUES DE MENJADOR. CONSELL COMARCAL DEL TARRAGON\u00c8S<\/strong><\/span><\/p>\n<p>Us informem que per tal de sol\u00b7licitar els <strong>Ajuts Individuals de Menjador<\/strong> (AIM) que gestiona el Consell Comarcal del Tarragon\u00e8s (CCT) cal que cliqueu al seg\u00fcent enlla\u00e7:<\/p>\n<p style=\"text-align: center;\"><a href=\"http:\/\/www.tarragones.cat\/ensenyament\/menjadors-escolars-ajuts-1\" target=\"_blank\" rel=\"noopener\"><strong>http:\/\/www.tarragones.cat\/ensenyament\/menjadors-escolars-ajuts-1<\/strong><\/a>.<\/p>\n","protected":false},"excerpt":{"rendered":"<p>BEQUES DE MENJADOR. CONSELL COMARCAL DEL TARRAGON\u00c8S<br \/>\nUs informem que per tal de sol\u00b7licitar els Ajuts Individuals de Menjador (AIM) que gestiona el Consell Comarcal del Tarragon\u00e8s (CCT) cal que cliqueu al seg\u00fcent enlla\u00e7:<br \/>\n<a href=\"http:\/\/www.tarragones.cat\/ensenyament\/menjadors-escolars-ajuts-1\" target=\"_blank\" rel=\"noopener\">http:\/\/www.tarragones.cat\/ensenyament\/menjadors-escolars-ajuts-1<\/a>.<\/p>\n","protected":false},"author":1,"featured_media":0,"parent":0,"menu_order":0,"comment_status":"closed","ping_status":"closed","template":"","meta":{"_bbp_topic_count":0,"_bbp_reply_count":0,"_bbp_total_topic_count":0,"_bbp_total_reply_count":0,"_bbp_voice_count":0,"_bbp_anonymous_reply_count":0,"_bbp_topic_count_hidden":0,"_bbp_reply_count_hidden":0,"_bbp_forum_subforum_count":0,"footnotes":""},"class_list":["post-3897","page","type-page","status-publish","hentry"],"post_mailing_queue_ids":[],"_links":{"self":[{"href":"https:\/\/agora.xtec.cat\/esc-tarragona\/wp-json\/wp\/v2\/pages\/3897","targetHints":{"allow":["GET"]}}],"collection":[{"href":"https:\/\/agora.xtec.cat\/esc-tarragona\/wp-json\/wp\/v2\/pages"}],"about":[{"href":"https:\/\/agora.xtec.cat\/esc-tarragona\/wp-json\/wp\/v2\/types\/page"}],"author":[{"embeddable":true,"href":"https:\/\/agora.xtec.cat\/esc-tarragona\/wp-json\/wp\/v2\/users\/1"}],"replies":[{"embeddable":true,"href":"https:\/\/agora.xtec.cat\/esc-tarragona\/wp-json\/wp\/v2\/comments?post=3897"}],"version-history":[{"count":6,"href":"https:\/\/agora.xtec.cat\/esc-tarragona\/wp-json\/wp\/v2\/pages\/3897\/revisions"}],"predecessor-version":[{"id":8176,"href":"https:\/\/agora.xtec.cat\/esc-tarragona\/wp-json\/wp\/v2\/pages\/3897\/revisions\/8176"}],"wp:attachment":[{"href":"https:\/\/agora.xtec.cat\/esc-tarragona\/wp-json\/wp\/v2\/media?parent=3897"}],"curies":[{"name":"wp","href":"https:\/\/api.w.org\/{rel}","templated":true}]}}

BEQUES DE MENJADOR. CONSELL COMARCAL DEL TARRAGONÈS

<p><span style="color: #ff6600;"><strong>BEQUES DE MENJADOR. CONSELL COMARCAL DEL TARRAGONÈS</strong></span></p>
<p>Us informem que per tal de sol·licitar els <strong>Ajuts Individuals de Menjador</strong> (AIM) que gestiona el Consell Comarcal del Tarragonès (CCT) cal que cliqueu al següent enllaç:</p>
<p style="text-align: center;"><a href="http://www.tarragones.cat/ensenyament/menjadors-escolars-ajuts-1" target="_blank" rel="noopener"><strong>http://www.tarragones.cat/ensenyament/menjadors-escolars-ajuts-1</strong></a>.</p>

<p>BEQUES DE MENJADOR. CONSELL COMARCAL DEL TARRAGONÈS<br />
Us informem que per tal de sol·licitar els Ajuts Individuals de Menjador (AIM) que gestiona el Consell Comarcal del Tarragonès (CCT) cal que cliqueu al següent enllaç:<br />
<a href="http://www.tarragones.cat/ensenyament/menjadors-escolars-ajuts-1" target="_blank" rel="noopener">http://www.tarragones.cat/ensenyament/menjadors-escolars-ajuts-1</a>.</p>
