{"id":839,"date":"2025-08-16T10:44:08","date_gmt":"2025-08-16T08:44:08","guid":{"rendered":"https:\/\/agora.xtec.cat\/esc-solerdevilardell\/?page_id=839"},"modified":"2026-08-26T21:09:44","modified_gmt":"2026-08-26T19:09:44","slug":"calendari-curs-2025-2026","status":"publish","type":"page","link":"https:\/\/agora.xtec.cat\/esc-solerdevilardell\/documents\/calendari-curs-2025-2026\/","title":{"rendered":"Calendari curs 26-27"},"content":{"rendered":"\n<figure class=\"wp-block-image size-large\"><a href=\"https:\/\/agora.xtec.cat\/esc-solerdevilardell\/wp-content\/uploads\/usu3592\/2026\/08\/Calendari-families.png\"><img loading=\"lazy\" decoding=\"async\" width=\"1024\" height=\"710\" src=\"https:\/\/agora.xtec.cat\/esc-solerdevilardell\/wp-content\/uploads\/usu3592\/2026\/08\/Calendari-families-1-1024x710.png\" alt=\"\" class=\"wp-image-1254\" srcset=\"https:\/\/agora.xtec.cat\/esc-solerdevilardell\/wp-content\/uploads\/usu3592\/2026\/08\/Calendari-families-1-1024x710.png 1024w, https:\/\/agora.xtec.cat\/esc-solerdevilardell\/wp-content\/uploads\/usu3592\/2026\/08\/Calendari-families-1-300x208.png 300w, https:\/\/agora.xtec.cat\/esc-solerdevilardell\/wp-content\/uploads\/usu3592\/2026\/08\/Calendari-families-1-768x533.png 768w, https:\/\/agora.xtec.cat\/esc-solerdevilardell\/wp-content\/uploads\/usu3592\/2026\/08\/Calendari-families-1.png 1230w\" sizes=\"auto, (max-width: 1024px) 100vw, 1024px\" \/><\/a><\/figure>\n\n\n\n<ul class=\"wp-block-list\">\n<li><strong>Inici i fi de curs:<\/strong><br>\u2013 8 de setembre INICI DE CURS<br> \u2013 21 de juny FI DE CURS<\/li>\n<\/ul>\n\n\n\n<p><\/p>\n\n\n\n<ul class=\"wp-block-list\">\n<li><strong>Vacances de Nadal:<\/strong><\/li>\n<\/ul>\n\n\n\n<p>Del 22 de desembre de 2026 al 7 de gener de 2027, ambd\u00f3s inclosos<\/p>\n\n\n\n<ul class=\"wp-block-list\">\n<li><strong>Setmana Santa:<\/strong><\/li>\n<\/ul>\n\n\n\n<p>Del 20 de mar\u00e7 al 29 de mar\u00e7 de 2027, ambd\u00f3s inclosos<\/p>\n\n\n\n<ul class=\"wp-block-list\">\n<li><strong>Festa Locals:<\/strong><br>\u2013 Dilluns 9 de novembre de 2026 Sant Celoni (festa major d\u2019hivern)<\/li>\n<\/ul>\n\n\n\n<p><\/p>\n\n\n\n<ul class=\"wp-block-list\">\n<li><strong>Dies de lliure disposici\u00f3 Sant Celoni<\/strong><br>\u2013 Divendres 9 d\u2019octubre de 2026<br>\u2013 Dilluns 7 de desembre de 2026<br>\u2013 Dilluns 8 de febrer de 2027<br>\u2013 Divendres 30 d\u2019abril de 2027<br>\u2013 Dilluns 17 de maig de\u00a0 2027<br><br><\/li>\n\n\n\n<li><strong>Jornada intensiva de 9 a 13h (infantil) i de 9 a 13.30h (prim\u00e0ria)<\/strong><br>\u2013 21 de desembre&nbsp;<br>\u2013 Del 8 al 21 de juny (ambd\u00f3s inclosos)<\/li>\n<\/ul>\n\n\n\n<p><\/p>\n","protected":false},"excerpt":{"rendered":"<p>Del 22 de desembre de 2026 al 7 de gener de 2027, ambd\u00f3s inclosos Del 20 de mar\u00e7 al 29 de mar\u00e7 de 2027, ambd\u00f3s inclosos<\/p>\n","protected":false},"author":1,"featured_media":0,"parent":64,"menu_order":1,"comment_status":"closed","ping_status":"close","template":"","meta":{"site-sidebar-layout":"default","site-content-layout":"","ast-site-content-layout":"default","site-content-style":"default","site-sidebar-style":"default","ast-global-header-display":"","ast-banner-title-visibility":"","ast-main-header-display":"","ast-hfb-above-header-display":"","ast-hfb-below-header-display":"","ast-hfb-mobile-header-display":"","site-post-title":"","ast-breadcrumbs-content":"","ast-featured-img":"","footer-sml-layout":"","theme-transparent-header-meta":"","adv-header-id-meta":"","stick-header-meta":"","header-above-stick-meta":"","header-main-stick-meta":"","header-below-stick-meta":"","astra-migrate-meta-layouts":"set","ast-page-background-enabled":"default","ast-page-background-meta":{"desktop":{"background-color":"var(--ast-global-color-4)","background-image":"","background-repeat":"repeat","background-position":"center center","background-size":"auto","background-attachment":"scroll","background-type":"","background-media":"","overlay-type":"","overlay-color":"","overlay-opacity":"","overlay-gradient":""},"tablet":{"background-color":"","background-image":"","background-repeat":"repeat","background-position":"center center","background-size":"auto","background-attachment":"scroll","background-type":"","background-media":"","overlay-type":"","overlay-color":"","overlay-opacity":"","overlay-gradient":""},"mobile":{"background-color":"","background-image":"","background-repeat":"repeat","background-position":"center center","background-size":"auto","background-attachment":"scroll","background-type":"","background-media":"","overlay-type":"","overlay-color":"","overlay-opacity":"","overlay-gradient":""}},"ast-content-background-meta":{"desktop":{"background-color":"var(--ast-global-color-5)","background-image":"","background-repeat":"repeat","background-position":"center center","background-size":"auto","background-attachment":"scroll","background-type":"","background-media":"","overlay-type":"","overlay-color":"","overlay-opacity":"","overlay-gradient":""},"tablet":{"background-color":"var(--ast-global-color-5)","background-image":"","background-repeat":"repeat","background-position":"center center","background-size":"auto","background-attachment":"scroll","background-type":"","background-media":"","overlay-type":"","overlay-color":"","overlay-opacity":"","overlay-gradient":""},"mobile":{"background-color":"var(--ast-global-color-5)","background-image":"","background-repeat":"repeat","background-position":"center center","background-size":"auto","background-attachment":"scroll","background-type":"","background-media":"","overlay-type":"","overlay-color":"","overlay-opacity":"","overlay-gradient":""}},"footnotes":""},"class_list":["post-839","page","type-page","status-publish","hentry"],"post_mailing_queue_ids":[],"_links":{"self":[{"href":"https:\/\/agora.xtec.cat\/esc-solerdevilardell\/wp-json\/wp\/v2\/pages\/839","targetHints":{"allow":["GET"]}}],"collection":[{"href":"https:\/\/agora.xtec.cat\/esc-solerdevilardell\/wp-json\/wp\/v2\/pages"}],"about":[{"href":"https:\/\/agora.xtec.cat\/esc-solerdevilardell\/wp-json\/wp\/v2\/types\/page"}],"author":[{"embeddable":true,"href":"https:\/\/agora.xtec.cat\/esc-solerdevilardell\/wp-json\/wp\/v2\/users\/1"}],"replies":[{"embeddable":true,"href":"https:\/\/agora.xtec.cat\/esc-solerdevilardell\/wp-json\/wp\/v2\/comments?post=839"}],"version-history":[{"count":6,"href":"https:\/\/agora.xtec.cat\/esc-solerdevilardell\/wp-json\/wp\/v2\/pages\/839\/revisions"}],"predecessor-version":[{"id":1266,"href":"https:\/\/agora.xtec.cat\/esc-solerdevilardell\/wp-json\/wp\/v2\/pages\/839\/revisions\/1266"}],"up":[{"embeddable":true,"href":"https:\/\/agora.xtec.cat\/esc-solerdevilardell\/wp-json\/wp\/v2\/pages\/64"}],"wp:attachment":[{"href":"https:\/\/agora.xtec.cat\/esc-solerdevilardell\/wp-json\/wp\/v2\/media?parent=839"}],"curies":[{"name":"wp","href":"https:\/\/api.w.org\/{rel}","templated":true}]}}

<figure class="wp-block-image size-large"><a href="https://agora.xtec.cat/esc-solerdevilardell/wp-content/uploads/usu3592/2026/08/Calendari-families.png"><img loading="lazy" decoding="async" width="1024" height="710" src="https://agora.xtec.cat/esc-solerdevilardell/wp-content/uploads/usu3592/2026/08/Calendari-families-1-1024x710.png" alt="" class="wp-image-1254" srcset="https://agora.xtec.cat/esc-solerdevilardell/wp-content/uploads/usu3592/2026/08/Calendari-families-1-1024x710.png 1024w, https://agora.xtec.cat/esc-solerdevilardell/wp-content/uploads/usu3592/2026/08/Calendari-families-1-300x208.png 300w, https://agora.xtec.cat/esc-solerdevilardell/wp-content/uploads/usu3592/2026/08/Calendari-families-1-768x533.png 768w, https://agora.xtec.cat/esc-solerdevilardell/wp-content/uploads/usu3592/2026/08/Calendari-families-1.png 1230w" sizes="auto, (max-width: 1024px) 100vw, 1024px" /></a></figure>



<ul class="wp-block-list">
<li><strong>Inici i fi de curs:</strong><br>– 8 de setembre INICI DE CURS<br> – 21 de juny FI DE CURS</li>
</ul>



<p></p>



<ul class="wp-block-list">
<li><strong>Vacances de Nadal:</strong></li>
</ul>



<p>Del 22 de desembre de 2026 al 7 de gener de 2027, ambdós inclosos</p>



<ul class="wp-block-list">
<li><strong>Setmana Santa:</strong></li>
</ul>



<p>Del 20 de març al 29 de març de 2027, ambdós inclosos</p>



<ul class="wp-block-list">
<li><strong>Festa Locals:</strong><br>– Dilluns 9 de novembre de 2026 Sant Celoni (festa major d’hivern)</li>
</ul>



<p></p>



<ul class="wp-block-list">
<li><strong>Dies de lliure disposició Sant Celoni</strong><br>– Divendres 9 d’octubre de 2026<br>– Dilluns 7 de desembre de 2026<br>– Dilluns 8 de febrer de 2027<br>– Divendres 30 d’abril de 2027<br>– Dilluns 17 de maig de  2027<br><br></li>



<li><strong>Jornada intensiva de 9 a 13h (infantil) i de 9 a 13.30h (primària)</strong><br>– 21 de desembre&nbsp;<br>– Del 8 al 21 de juny (ambdós inclosos)</li>
</ul>



<p></p>

<p>Del 22 de desembre de 2026 al 7 de gener de 2027, ambdós inclosos Del 20 de març al 29 de març de 2027, ambdós inclosos</p>
