{"id":73,"date":"2014-09-18T14:01:51","date_gmt":"2014-09-18T13:01:51","guid":{"rendered":"http:\/\/agora.xtec.cat\/esc-sjcalassans-lleida\/?page_id=73"},"modified":"2022-09-21T19:54:26","modified_gmt":"2022-09-21T17:54:26","slug":"menjador-escolar","status":"publish","type":"page","link":"https:\/\/agora.xtec.cat\/esc-sjcalassans-lleida\/serveis\/menjador-escolar\/","title":{"rendered":"Menjador escolar"},"content":{"rendered":"<p class=\"western\" lang=\"es-ES\" align=\"justify\"><span style=\"font-family: Verdana, sans-serif;\"><span style=\"font-size: large;\"><span lang=\"ca-ES\">La\u00a0<\/span><\/span><\/span><span style=\"font-family: Verdana, sans-serif;\"><span style=\"font-size: large;\"><span lang=\"ca-ES\">gesti\u00f3 del servei de menjador recau al Consell Comarcal i \u00e9s qui contracta monitors i servei a trav\u00e9s de l\u2019empresa COMERTEL.<\/span><\/span><\/span><\/p>\n<p lang=\"es-ES\" align=\"justify\"><img loading=\"lazy\" decoding=\"async\" class=\"aligncenter size-full wp-image-17381\" src=\"https:\/\/agora.xtec.cat\/esc-sjcalassans-lleida\/wp-content\/uploads\/usu1305\/2020\/12\/descarga.png\" alt=\"\" width=\"309\" height=\"163\" srcset=\"https:\/\/agora.xtec.cat\/esc-sjcalassans-lleida\/wp-content\/uploads\/usu1305\/2020\/12\/descarga.png 309w, https:\/\/agora.xtec.cat\/esc-sjcalassans-lleida\/wp-content\/uploads\/usu1305\/2020\/12\/descarga-300x158.png 300w\" sizes=\"auto, (max-width: 309px) 100vw, 309px\" \/><\/p>\n<table style=\"height: 92px; width: 771px;\" width=\"728\">\n<tbody>\n<tr style=\"height: 36px;\">\n<td style=\"width: 144px; height: 36px; text-align: center;\"><span style=\"color: #ff0000;\"><strong>DILLUNS<\/strong><\/span><\/td>\n<td style=\"width: 150px; height: 36px; text-align: center;\"><span style=\"color: #ff0000;\"><strong>DIMARTS<\/strong><\/span><\/td>\n<td style=\"width: 149px; height: 36px; text-align: center;\"><span style=\"color: #ff0000;\"><strong>DIMECRES<\/strong><\/span><\/td>\n<td style=\"width: 165px; height: 36px; text-align: center;\"><span style=\"color: #ff0000;\"><strong>DIJOUS<\/strong><\/span><\/td>\n<td style=\"width: 149px; height: 36px; text-align: center;\"><span style=\"color: #ff0000;\"><strong>DIVENDRES<\/strong><\/span><\/td>\n<\/tr>\n<tr style=\"height: 56px;\">\n<td style=\"width: 144px; height: 56px;\"><span style=\"color: #99cc00;\"><strong>Es queden a dinar <\/strong><\/span><\/p>\n<p><span style=\"color: #99cc00;\"><span style=\"color: #000000;\"><strong>Tots<\/strong><\/span><strong><span style=\"color: #000000;\"> els becats<\/span>.<\/strong><\/span><\/td>\n<td style=\"width: 150px; height: 56px;\">&nbsp;<\/p>\n<p><span style=\"color: #99cc00;\"><strong>Es queden a dinar <\/strong><\/span><\/p>\n<p><span style=\"color: #99cc00;\"><span style=\"color: #000000;\"><strong>Tots<\/strong><\/span><strong><span style=\"color: #000000;\"> els becats<\/span>.<\/strong><\/span><\/p>\n<p>&nbsp;<\/td>\n<td style=\"width: 149px; height: 56px;\">&nbsp;<\/p>\n<p><span style=\"color: #99cc00;\"><strong>Es queden a dinar <\/strong><\/span><\/p>\n<p><span style=\"color: #99cc00;\"><span style=\"color: #000000;\"><strong>Tots<\/strong><\/span><strong><span style=\"color: #000000;\"> els becats<\/span>.<\/strong><\/span><\/p>\n<p>&nbsp;<\/td>\n<td style=\"width: 165px; height: 56px;\">&nbsp;<\/p>\n<p><span style=\"color: #99cc00;\"><strong>Es queden a dinar <\/strong><\/span><\/p>\n<p><span style=\"color: #99cc00;\"><span style=\"color: #000000;\"><strong>Tots<\/strong><\/span><strong><span style=\"color: #000000;\"> els becats<\/span>.<\/strong><\/span><\/p>\n<p>&nbsp;<\/td>\n<td style=\"width: 149px; height: 56px;\">&nbsp;<\/p>\n<p><span style=\"color: #99cc00;\"><strong>Es queden a dinar <\/strong><\/span><\/p>\n<p><span style=\"color: #99cc00;\"><span style=\"color: #000000;\"><strong>E<\/strong><\/span><strong><span style=\"color: #000000;\">ls becats 100%<\/span><\/strong><\/span><\/p>\n<p>&nbsp;<\/td>\n<\/tr>\n<\/tbody>\n<\/table>\n<p lang=\"es-ES\" style=\"text-align: center;\" align=\"justify\">\n<p lang=\"es-ES\" align=\"justify\"><strong>Per transmetre qualsevol sugger\u00e8ncia, incid\u00e8ncia, proposta de millora o qualsevol tipus de dubte<\/strong> podeu escriure el seg\u00fcent correu electr\u00f2nic: <span style=\"color: #99cc00;\"><strong>info@comertel.es<\/strong><\/span><\/p>\n<p lang=\"es-ES\" align=\"justify\"><span style=\"font-family: inherit; font-size: 1em;\"><strong>Per consultar els diferents men\u00fas de l&#8217;escola i el projecte educatiu<\/strong>, podeu\u00a0 accedir a trav\u00e9s de la p\u00e0gina web:<\/span><strong>\u00a0<a href=\"https:\/\/elgustodecrecer.comertel.es\/\">https:\/\/elgustodecrecer.comertel.es<\/a><\/strong><\/p>\n<p lang=\"es-ES\" align=\"justify\">\n","protected":false},"excerpt":{"rendered":"<p>La\u00a0gesti\u00f3 del servei de menjador recau al Consell Comarcal i \u00e9s qui contracta monitors i servei a trav\u00e9s de l\u2019empresa COMERTEL. DILLUNS DIMARTS DIMECRES DIJOUS DIVENDRES Es queden a dinar Tots els becats. &nbsp; Es queden a dinar Tots els becats. &nbsp; &nbsp; Es queden a dinar Tots els becats. &nbsp; &nbsp; Es queden a [&hellip;]<\/p>\n","protected":false},"author":1,"featured_media":0,"parent":66,"menu_order":30,"comment_status":"closed","ping_status":"closed","template":"page-templates\/side-menu.php","meta":{"_bbp_topic_count":0,"_bbp_reply_count":0,"_bbp_total_topic_count":0,"_bbp_total_reply_count":0,"_bbp_voice_count":0,"_bbp_anonymous_reply_count":0,"_bbp_topic_count_hidden":0,"_bbp_reply_count_hidden":0,"_bbp_forum_subforum_count":0,"site-sidebar-layout":"default","site-content-layout":"","ast-site-content-layout":"","site-content-style":"default","site-sidebar-style":"default","ast-global-header-display":"","ast-banner-title-visibility":"","ast-main-header-display":"","ast-hfb-above-header-display":"","ast-hfb-below-header-display":"","ast-hfb-mobile-header-display":"","site-post-title":"","ast-breadcrumbs-content":"","ast-featured-img":"","footer-sml-layout":"","theme-transparent-header-meta":"","adv-header-id-meta":"","stick-header-meta":"","header-above-stick-meta":"","header-main-stick-meta":"","header-below-stick-meta":"","astra-migrate-meta-layouts":"default","ast-page-background-enabled":"default","ast-page-background-meta":{"desktop":{"background-color":"var(--ast-global-color-4)","background-image":"","background-repeat":"repeat","background-position":"center center","background-size":"auto","background-attachment":"scroll","background-type":"","background-media":"","overlay-type":"","overlay-color":"","overlay-opacity":"","overlay-gradient":""},"tablet":{"background-color":"","background-image":"","background-repeat":"repeat","background-position":"center center","background-size":"auto","background-attachment":"scroll","background-type":"","background-media":"","overlay-type":"","overlay-color":"","overlay-opacity":"","overlay-gradient":""},"mobile":{"background-color":"","background-image":"","background-repeat":"repeat","background-position":"center center","background-size":"auto","background-attachment":"scroll","background-type":"","background-media":"","overlay-type":"","overlay-color":"","overlay-opacity":"","overlay-gradient":""}},"ast-content-background-meta":{"desktop":{"background-color":"var(--ast-global-color-5)","background-image":"","background-repeat":"repeat","background-position":"center center","background-size":"auto","background-attachment":"scroll","background-type":"","background-media":"","overlay-type":"","overlay-color":"","overlay-opacity":"","overlay-gradient":""},"tablet":{"background-color":"var(--ast-global-color-5)","background-image":"","background-repeat":"repeat","background-position":"center center","background-size":"auto","background-attachment":"scroll","background-type":"","background-media":"","overlay-type":"","overlay-color":"","overlay-opacity":"","overlay-gradient":""},"mobile":{"background-color":"var(--ast-global-color-5)","background-image":"","background-repeat":"repeat","background-position":"center center","background-size":"auto","background-attachment":"scroll","background-type":"","background-media":"","overlay-type":"","overlay-color":"","overlay-opacity":"","overlay-gradient":""}},"footnotes":""},"class_list":["post-73","page","type-page","status-publish","hentry"],"post_mailing_queue_ids":[],"_links":{"self":[{"href":"https:\/\/agora.xtec.cat\/esc-sjcalassans-lleida\/wp-json\/wp\/v2\/pages\/73","targetHints":{"allow":["GET"]}}],"collection":[{"href":"https:\/\/agora.xtec.cat\/esc-sjcalassans-lleida\/wp-json\/wp\/v2\/pages"}],"about":[{"href":"https:\/\/agora.xtec.cat\/esc-sjcalassans-lleida\/wp-json\/wp\/v2\/types\/page"}],"author":[{"embeddable":true,"href":"https:\/\/agora.xtec.cat\/esc-sjcalassans-lleida\/wp-json\/wp\/v2\/users\/1"}],"replies":[{"embeddable":true,"href":"https:\/\/agora.xtec.cat\/esc-sjcalassans-lleida\/wp-json\/wp\/v2\/comments?post=73"}],"version-history":[{"count":5,"href":"https:\/\/agora.xtec.cat\/esc-sjcalassans-lleida\/wp-json\/wp\/v2\/pages\/73\/revisions"}],"predecessor-version":[{"id":18933,"href":"https:\/\/agora.xtec.cat\/esc-sjcalassans-lleida\/wp-json\/wp\/v2\/pages\/73\/revisions\/18933"}],"up":[{"embeddable":true,"href":"https:\/\/agora.xtec.cat\/esc-sjcalassans-lleida\/wp-json\/wp\/v2\/pages\/66"}],"wp:attachment":[{"href":"https:\/\/agora.xtec.cat\/esc-sjcalassans-lleida\/wp-json\/wp\/v2\/media?parent=73"}],"curies":[{"name":"wp","href":"https:\/\/api.w.org\/{rel}","templated":true}]}}