{"id":80,"date":"2014-09-18T14:09:48","date_gmt":"2014-09-18T13:09:48","guid":{"rendered":"http:\/\/agora.xtec.cat\/esc-serradecollbas\/?page_id=80"},"modified":"2023-11-23T12:04:01","modified_gmt":"2023-11-23T11:04:01","slug":"transport-escolar","status":"publish","type":"page","link":"https:\/\/agora.xtec.cat\/esc-serradecollbas\/serveis\/transport-escolar\/","title":{"rendered":"Transport Escolar"},"content":{"rendered":"<p style=\"color: #666666;\">L&#8217;escola disposa de servei de transport escolar pels alumnes que venen del municipi ve\u00ed Orp\u00ed. Servei administrat des del Consell Comarcal de l&#8217;Anoia.<\/p>\n<p>A continuaci\u00f3 trobareu la normativa d&#8217;\u00fas i les condicions del servei, que \u00e9s el que prevaldr\u00e0 en tot moment.<\/p>\n<p><a href=\"https:\/\/drive.google.com\/file\/d\/1I8us3QJ-Bh2EbB6UErO_ZmyAZyOFhfdk\/view?usp=sharing\">Reglament de transport del Consell Comarcal.<\/a><\/p>\n<p>Com marca la normativa, qualsevol fam\u00edlia que vulgui deixar marxar sols els seus fills,<span style=\"font-family: inherit; font-size: 1em;\"> de la parada cap a casa, haur\u00e0 de marcar l&#8217;autoritzaci\u00f3 en la sol\u00b7licitud que es fa al mateix consell comarcal. I tamb\u00e9 haur\u00e0 de signar la seg\u00fcent autoritzaci\u00f3 pel centre.<\/span><\/p>\n<p><span style=\"font-family: inherit; font-size: 1em;\"><a href=\"https:\/\/drive.google.com\/file\/d\/1_WXJZRY4E_-3CHt0kmBxdELpph_JUhdu\/view?usp=drive_link\">Autoritzaci\u00f3 per marxar sols del bus<\/a>\u00a0<\/span><\/p>\n","protected":false},"excerpt":{"rendered":"<p>L&#8217;escola disposa de servei de transport escolar pels alumnes que venen del municipi ve\u00ed Orp\u00ed. Servei administrat des del Consell Comarcal de l&#8217;Anoia. A continuaci\u00f3 trobareu la normativa d&#8217;\u00fas i les condicions del servei, que \u00e9s el que prevaldr\u00e0 en tot moment. Reglament de transport del Consell Comarcal. Com marca la normativa, qualsevol fam\u00edlia que [&hellip;]<\/p>\n","protected":false},"author":1,"featured_media":0,"parent":66,"menu_order":40,"comment_status":"closed","ping_status":"closed","template":"page-templates\/side-menu.php","meta":{"_bbp_topic_count":0,"_bbp_reply_count":0,"_bbp_total_topic_count":0,"_bbp_total_reply_count":0,"_bbp_voice_count":0,"_bbp_anonymous_reply_count":0,"_bbp_topic_count_hidden":0,"_bbp_reply_count_hidden":0,"_bbp_forum_subforum_count":0,"site-sidebar-layout":"default","site-content-layout":"","ast-site-content-layout":"","site-content-style":"default","site-sidebar-style":"default","ast-global-header-display":"","ast-banner-title-visibility":"","ast-main-header-display":"","ast-hfb-above-header-display":"","ast-hfb-below-header-display":"","ast-hfb-mobile-header-display":"","site-post-title":"","ast-breadcrumbs-content":"","ast-featured-img":"","footer-sml-layout":"","theme-transparent-header-meta":"","adv-header-id-meta":"","stick-header-meta":"","header-above-stick-meta":"","header-main-stick-meta":"","header-below-stick-meta":"","astra-migrate-meta-layouts":"default","ast-page-background-enabled":"default","ast-page-background-meta":{"desktop":{"background-color":"var(--ast-global-color-4)","background-image":"","background-repeat":"repeat","background-position":"center center","background-size":"auto","background-attachment":"scroll","background-type":"","background-media":"","overlay-type":"","overlay-color":"","overlay-opacity":"","overlay-gradient":""},"tablet":{"background-color":"","background-image":"","background-repeat":"repeat","background-position":"center center","background-size":"auto","background-attachment":"scroll","background-type":"","background-media":"","overlay-type":"","overlay-color":"","overlay-opacity":"","overlay-gradient":""},"mobile":{"background-color":"","background-image":"","background-repeat":"repeat","background-position":"center center","background-size":"auto","background-attachment":"scroll","background-type":"","background-media":"","overlay-type":"","overlay-color":"","overlay-opacity":"","overlay-gradient":""}},"ast-content-background-meta":{"desktop":{"background-color":"var(--ast-global-color-5)","background-image":"","background-repeat":"repeat","background-position":"center center","background-size":"auto","background-attachment":"scroll","background-type":"","background-media":"","overlay-type":"","overlay-color":"","overlay-opacity":"","overlay-gradient":""},"tablet":{"background-color":"var(--ast-global-color-5)","background-image":"","background-repeat":"repeat","background-position":"center center","background-size":"auto","background-attachment":"scroll","background-type":"","background-media":"","overlay-type":"","overlay-color":"","overlay-opacity":"","overlay-gradient":""},"mobile":{"background-color":"var(--ast-global-color-5)","background-image":"","background-repeat":"repeat","background-position":"center center","background-size":"auto","background-attachment":"scroll","background-type":"","background-media":"","overlay-type":"","overlay-color":"","overlay-opacity":"","overlay-gradient":""}},"footnotes":""},"class_list":["post-80","page","type-page","status-publish","hentry"],"post_mailing_queue_ids":[],"_links":{"self":[{"href":"https:\/\/agora.xtec.cat\/esc-serradecollbas\/wp-json\/wp\/v2\/pages\/80","targetHints":{"allow":["GET"]}}],"collection":[{"href":"https:\/\/agora.xtec.cat\/esc-serradecollbas\/wp-json\/wp\/v2\/pages"}],"about":[{"href":"https:\/\/agora.xtec.cat\/esc-serradecollbas\/wp-json\/wp\/v2\/types\/page"}],"author":[{"embeddable":true,"href":"https:\/\/agora.xtec.cat\/esc-serradecollbas\/wp-json\/wp\/v2\/users\/1"}],"replies":[{"embeddable":true,"href":"https:\/\/agora.xtec.cat\/esc-serradecollbas\/wp-json\/wp\/v2\/comments?post=80"}],"version-history":[{"count":3,"href":"https:\/\/agora.xtec.cat\/esc-serradecollbas\/wp-json\/wp\/v2\/pages\/80\/revisions"}],"predecessor-version":[{"id":2800,"href":"https:\/\/agora.xtec.cat\/esc-serradecollbas\/wp-json\/wp\/v2\/pages\/80\/revisions\/2800"}],"up":[{"embeddable":true,"href":"https:\/\/agora.xtec.cat\/esc-serradecollbas\/wp-json\/wp\/v2\/pages\/66"}],"wp:attachment":[{"href":"https:\/\/agora.xtec.cat\/esc-serradecollbas\/wp-json\/wp\/v2\/media?parent=80"}],"curies":[{"name":"wp","href":"https:\/\/api.w.org\/{rel}","templated":true}]}}