{"id":34,"date":"2014-09-18T12:32:18","date_gmt":"2014-09-18T11:32:18","guid":{"rendered":"http:\/\/agora.xtec.cat\/esc-serradecollbas\/?page_id=34"},"modified":"2020-10-03T10:27:32","modified_gmt":"2020-10-03T08:27:32","slug":"oferta-educativa","status":"publish","type":"page","link":"https:\/\/agora.xtec.cat\/esc-serradecollbas\/lescola\/oferta-educativa\/","title":{"rendered":"Oferta educativa i centres adscrits"},"content":{"rendered":"<p>La nostra escola acull alumnes de 3 a 12 anys, \u00e9s a dir, l&#8217;educaci\u00f3 compresa entre l&#8217;Educaci\u00f3 Infantil i l&#8217;Educaci\u00f3 Prim\u00e0ria.<\/p>\n<p>Un cop acabada aquesta etapa, els nostres alumnes tenen com a centres adscrits, els de la ciutat d&#8217;Igualada i que detallem a continuaci\u00f3:<\/p>\n<p><strong>Secund\u00e0ria p\u00fablica<\/strong><\/p>\n<p><strong><br \/>\nINSTITUT BADIA I MARGARIT<\/strong><br \/>\nAdre\u00e7a: Avda. Montserrat 38-40<br \/>\n08700 \u2013 IGUALADA<br \/>\nTel\u00e8fon:\u00a0938036132<br \/>\ne-mail:\u00a0<a href=\"mailto:a8073193@xtec.cat\" target=\"_blank\" rel=\"noopener noreferrer\">a8073193@xtec.cat<\/a><\/p>\n<p><strong>INSTITUT JOAN MERCADER<\/strong><br \/>\nAdre\u00e7a: Sant Vicen\u00e7, 27<br \/>\n08700 \u2013 IGUALADA<br \/>\nTel\u00e8fon: 938 055 426 Fax: 938 055 779<br \/>\ne-mail: a8047364<span class=\"atwho-query\">@xtec.cat<\/span><\/p>\n<p><strong>INSTITUT MIL\u00c0 I FONTANALS<\/strong><br \/>\nAdre\u00e7a: Av Emili Vall\u00e8s, 4<br \/>\n08700 \u2013 IGUALADA<br \/>\nTel\u00e8fon: 938 055 750 Fax: 938 050 292<br \/>\ne-mail: a8019654@xtec.cat<\/p>\n<p><strong>INSTITUT PERE VIVES VICH<\/strong><br \/>\nAdre\u00e7a: Av. Emili Vall\u00e8s, 17<br \/>\n08700 \u2013 IGUALADA<br \/>\nTel\u00e8fon: 938 031 599 Fax: 938 050 370<br \/>\ne-mail: a8019630@xtec.cat<\/p>\n","protected":false},"excerpt":{"rendered":"<p>La nostra escola acull alumnes de 3 a 12 anys, \u00e9s a dir, l&#8217;educaci\u00f3 compresa entre l&#8217;Educaci\u00f3 Infantil i l&#8217;Educaci\u00f3 Prim\u00e0ria. Un cop acabada aquesta etapa, els nostres alumnes tenen com a centres adscrits, els de la ciutat d&#8217;Igualada i que detallem a continuaci\u00f3: Secund\u00e0ria p\u00fablica INSTITUT BADIA I MARGARIT Adre\u00e7a: Avda. Montserrat 38-40 08700 [&hellip;]<\/p>\n","protected":false},"author":1,"featured_media":0,"parent":22,"menu_order":60,"comment_status":"closed","ping_status":"closed","template":"page-templates\/side-menu.php","meta":{"_bbp_topic_count":0,"_bbp_reply_count":0,"_bbp_total_topic_count":0,"_bbp_total_reply_count":0,"_bbp_voice_count":0,"_bbp_anonymous_reply_count":0,"_bbp_topic_count_hidden":0,"_bbp_reply_count_hidden":0,"_bbp_forum_subforum_count":0,"site-sidebar-layout":"default","site-content-layout":"","ast-site-content-layout":"","site-content-style":"default","site-sidebar-style":"default","ast-global-header-display":"","ast-banner-title-visibility":"","ast-main-header-display":"","ast-hfb-above-header-display":"","ast-hfb-below-header-display":"","ast-hfb-mobile-header-display":"","site-post-title":"","ast-breadcrumbs-content":"","ast-featured-img":"","footer-sml-layout":"","theme-transparent-header-meta":"","adv-header-id-meta":"","stick-header-meta":"","header-above-stick-meta":"","header-main-stick-meta":"","header-below-stick-meta":"","astra-migrate-meta-layouts":"default","ast-page-background-enabled":"default","ast-page-background-meta":{"desktop":{"background-color":"var(--ast-global-color-4)","background-image":"","background-repeat":"repeat","background-position":"center center","background-size":"auto","background-attachment":"scroll","background-type":"","background-media":"","overlay-type":"","overlay-color":"","overlay-opacity":"","overlay-gradient":""},"tablet":{"background-color":"","background-image":"","background-repeat":"repeat","background-position":"center center","background-size":"auto","background-attachment":"scroll","background-type":"","background-media":"","overlay-type":"","overlay-color":"","overlay-opacity":"","overlay-gradient":""},"mobile":{"background-color":"","background-image":"","background-repeat":"repeat","background-position":"center center","background-size":"auto","background-attachment":"scroll","background-type":"","background-media":"","overlay-type":"","overlay-color":"","overlay-opacity":"","overlay-gradient":""}},"ast-content-background-meta":{"desktop":{"background-color":"var(--ast-global-color-5)","background-image":"","background-repeat":"repeat","background-position":"center center","background-size":"auto","background-attachment":"scroll","background-type":"","background-media":"","overlay-type":"","overlay-color":"","overlay-opacity":"","overlay-gradient":""},"tablet":{"background-color":"var(--ast-global-color-5)","background-image":"","background-repeat":"repeat","background-position":"center center","background-size":"auto","background-attachment":"scroll","background-type":"","background-media":"","overlay-type":"","overlay-color":"","overlay-opacity":"","overlay-gradient":""},"mobile":{"background-color":"var(--ast-global-color-5)","background-image":"","background-repeat":"repeat","background-position":"center center","background-size":"auto","background-attachment":"scroll","background-type":"","background-media":"","overlay-type":"","overlay-color":"","overlay-opacity":"","overlay-gradient":""}},"footnotes":""},"class_list":["post-34","page","type-page","status-publish","hentry"],"post_mailing_queue_ids":[],"_links":{"self":[{"href":"https:\/\/agora.xtec.cat\/esc-serradecollbas\/wp-json\/wp\/v2\/pages\/34","targetHints":{"allow":["GET"]}}],"collection":[{"href":"https:\/\/agora.xtec.cat\/esc-serradecollbas\/wp-json\/wp\/v2\/pages"}],"about":[{"href":"https:\/\/agora.xtec.cat\/esc-serradecollbas\/wp-json\/wp\/v2\/types\/page"}],"author":[{"embeddable":true,"href":"https:\/\/agora.xtec.cat\/esc-serradecollbas\/wp-json\/wp\/v2\/users\/1"}],"replies":[{"embeddable":true,"href":"https:\/\/agora.xtec.cat\/esc-serradecollbas\/wp-json\/wp\/v2\/comments?post=34"}],"version-history":[{"count":1,"href":"https:\/\/agora.xtec.cat\/esc-serradecollbas\/wp-json\/wp\/v2\/pages\/34\/revisions"}],"predecessor-version":[{"id":633,"href":"https:\/\/agora.xtec.cat\/esc-serradecollbas\/wp-json\/wp\/v2\/pages\/34\/revisions\/633"}],"up":[{"embeddable":true,"href":"https:\/\/agora.xtec.cat\/esc-serradecollbas\/wp-json\/wp\/v2\/pages\/22"}],"wp:attachment":[{"href":"https:\/\/agora.xtec.cat\/esc-serradecollbas\/wp-json\/wp\/v2\/media?parent=34"}],"curies":[{"name":"wp","href":"https:\/\/api.w.org\/{rel}","templated":true}]}}

<p>La nostra escola acull alumnes de 3 a 12 anys, és a dir, l&#8217;educació compresa entre l&#8217;Educació Infantil i l&#8217;Educació Primària.</p>
<p>Un cop acabada aquesta etapa, els nostres alumnes tenen com a centres adscrits, els de la ciutat d&#8217;Igualada i que detallem a continuació:</p>
<p><strong>Secundària pública</strong></p>
<p><strong><br />
INSTITUT BADIA I MARGARIT</strong><br />
Adreça: Avda. Montserrat 38-40<br />
08700 – IGUALADA<br />
Telèfon: 938036132<br />
e-mail: <a href="mailto:a8073193@xtec.cat" target="_blank" rel="noopener noreferrer">a8073193@xtec.cat</a></p>
<p><strong>INSTITUT JOAN MERCADER</strong><br />
Adreça: Sant Vicenç, 27<br />
08700 – IGUALADA<br />
Telèfon: 938 055 426 Fax: 938 055 779<br />
e-mail: a8047364<span class="atwho-query">@xtec.cat</span></p>
<p><strong>INSTITUT MILÀ I FONTANALS</strong><br />
Adreça: Av Emili Vallès, 4<br />
08700 – IGUALADA<br />
Telèfon: 938 055 750 Fax: 938 050 292<br />
e-mail: a8019654@xtec.cat</p>
<p><strong>INSTITUT PERE VIVES VICH</strong><br />
Adreça: Av. Emili Vallès, 17<br />
08700 – IGUALADA<br />
Telèfon: 938 031 599 Fax: 938 050 370<br />
e-mail: a8019630@xtec.cat</p>

<p>La nostra escola acull alumnes de 3 a 12 anys, és a dir, l&#8217;educació compresa entre l&#8217;Educació Infantil i l&#8217;Educació Primària. Un cop acabada aquesta etapa, els nostres alumnes tenen com a centres adscrits, els de la ciutat d&#8217;Igualada i que detallem a continuació: Secundària pública INSTITUT BADIA I MARGARIT Adreça: Avda. Montserrat 38-40 08700 [&hellip;]</p>
