{"id":820,"date":"2016-06-21T00:39:25","date_gmt":"2016-06-20T22:39:25","guid":{"rendered":"http:\/\/agora.xtec.cat\/esc-santmiquel-castellgali\/?page_id=820"},"modified":"2025-06-30T09:12:46","modified_gmt":"2025-06-30T07:12:46","slug":"material-de-cicle-superior","status":"publish","type":"page","link":"https:\/\/agora.xtec.cat\/esc-santmiquel-castellgali\/curs-2020-21\/material-escolar\/material-de-cicle-superior\/","title":{"rendered":"Material de Cicle Superior"},"content":{"rendered":"<p><strong>\u27a2<\/strong> Estoig amb llapis, goma, maquineta, bol\u00edgraf blau, bol\u00edgraf vermell i dos subratlladors<br \/>\nfluorescent. Tot ha d\u2019anar marcat amb el nom.<br \/>\n<strong>\u27a2<\/strong> Una bata vella per pintura.<br \/>\n<strong>\u27a2 <\/strong><span style=\"font-family: inherit; font-size: 1em;\">Una carpeta on puguin classificar-se els fulls d\u2019autoritzacions, les feines per acabar, els dossiers, etc.<\/span><\/p>\n<p><strong>\u27a2<\/strong> <span style=\"font-weight: 400;\">Una capsa de mocadors, un rotlle de paper de cuina i una capsa de tovalloletes humides.<\/span><br \/>\n<strong>\u27a2<\/strong> El can\u00e7oner, la llibreta de m\u00fasica i la flauta d\u2019aquest curs (ho teniu ja a l\u2019escola).<\/p>\n<h5><strong>Nom\u00e9s els alumnes nous tant de cinqu\u00e8 com de sis\u00e8:<\/strong><\/h5>\n<p><strong>\u27a2<\/strong> Una flauta amb digitaci\u00f3 alemanya de pl\u00e0stic Yamaha (a Abacus la trobareu)<br \/>\n<strong>\u27a2<\/strong> Una carpeta de 30 fundes de pl\u00e0stic.<br \/>\n<strong>\u27a2<\/strong> Una llibreta de m\u00fasica amb 6-8 pentagrames per p\u00e0gina.<\/p>\n","protected":false},"excerpt":{"rendered":"<p>\u27a2 Estoig amb llapis, goma, maquineta, bol\u00edgraf blau, bol\u00edgraf vermell i dos subratlladors fluorescent. Tot ha d\u2019anar marcat amb el nom. \u27a2 Una bata vella per pintura. \u27a2 Una carpeta on puguin classificar-se els fulls d\u2019autoritzacions, les feines per acabar, els dossiers, etc. \u27a2 Una capsa de mocadors, un rotlle de paper de cuina i [&hellip;]<\/p>\n","protected":false},"author":1,"featured_media":0,"parent":12038,"menu_order":54,"comment_status":"closed","ping_status":"closed","template":"page-templates\/side-menu.php","meta":{"_bbp_topic_count":0,"_bbp_reply_count":0,"_bbp_total_topic_count":0,"_bbp_total_reply_count":0,"_bbp_voice_count":0,"_bbp_anonymous_reply_count":0,"_bbp_topic_count_hidden":0,"_bbp_reply_count_hidden":0,"_bbp_forum_subforum_count":0,"site-sidebar-layout":"default","site-content-layout":"","ast-site-content-layout":"","site-content-style":"default","site-sidebar-style":"default","ast-global-header-display":"","ast-banner-title-visibility":"","ast-main-header-display":"","ast-hfb-above-header-display":"","ast-hfb-below-header-display":"","ast-hfb-mobile-header-display":"","site-post-title":"","ast-breadcrumbs-content":"","ast-featured-img":"","footer-sml-layout":"","theme-transparent-header-meta":"","adv-header-id-meta":"","stick-header-meta":"","header-above-stick-meta":"","header-main-stick-meta":"","header-below-stick-meta":"","astra-migrate-meta-layouts":"default","ast-page-background-enabled":"default","ast-page-background-meta":{"desktop":{"background-color":"var(--ast-global-color-4)","background-image":"","background-repeat":"repeat","background-position":"center center","background-size":"auto","background-attachment":"scroll","background-type":"","background-media":"","overlay-type":"","overlay-color":"","overlay-opacity":"","overlay-gradient":""},"tablet":{"background-color":"","background-image":"","background-repeat":"repeat","background-position":"center center","background-size":"auto","background-attachment":"scroll","background-type":"","background-media":"","overlay-type":"","overlay-color":"","overlay-opacity":"","overlay-gradient":""},"mobile":{"background-color":"","background-image":"","background-repeat":"repeat","background-position":"center center","background-size":"auto","background-attachment":"scroll","background-type":"","background-media":"","overlay-type":"","overlay-color":"","overlay-opacity":"","overlay-gradient":""}},"ast-content-background-meta":{"desktop":{"background-color":"var(--ast-global-color-5)","background-image":"","background-repeat":"repeat","background-position":"center center","background-size":"auto","background-attachment":"scroll","background-type":"","background-media":"","overlay-type":"","overlay-color":"","overlay-opacity":"","overlay-gradient":""},"tablet":{"background-color":"var(--ast-global-color-5)","background-image":"","background-repeat":"repeat","background-position":"center center","background-size":"auto","background-attachment":"scroll","background-type":"","background-media":"","overlay-type":"","overlay-color":"","overlay-opacity":"","overlay-gradient":""},"mobile":{"background-color":"var(--ast-global-color-5)","background-image":"","background-repeat":"repeat","background-position":"center center","background-size":"auto","background-attachment":"scroll","background-type":"","background-media":"","overlay-type":"","overlay-color":"","overlay-opacity":"","overlay-gradient":""}},"footnotes":""},"class_list":["post-820","page","type-page","status-publish","hentry"],"post_mailing_queue_ids":[],"_links":{"self":[{"href":"https:\/\/agora.xtec.cat\/esc-santmiquel-castellgali\/wp-json\/wp\/v2\/pages\/820","targetHints":{"allow":["GET"]}}],"collection":[{"href":"https:\/\/agora.xtec.cat\/esc-santmiquel-castellgali\/wp-json\/wp\/v2\/pages"}],"about":[{"href":"https:\/\/agora.xtec.cat\/esc-santmiquel-castellgali\/wp-json\/wp\/v2\/types\/page"}],"author":[{"embeddable":true,"href":"https:\/\/agora.xtec.cat\/esc-santmiquel-castellgali\/wp-json\/wp\/v2\/users\/1"}],"replies":[{"embeddable":true,"href":"https:\/\/agora.xtec.cat\/esc-santmiquel-castellgali\/wp-json\/wp\/v2\/comments?post=820"}],"version-history":[{"count":6,"href":"https:\/\/agora.xtec.cat\/esc-santmiquel-castellgali\/wp-json\/wp\/v2\/pages\/820\/revisions"}],"predecessor-version":[{"id":13045,"href":"https:\/\/agora.xtec.cat\/esc-santmiquel-castellgali\/wp-json\/wp\/v2\/pages\/820\/revisions\/13045"}],"up":[{"embeddable":true,"href":"https:\/\/agora.xtec.cat\/esc-santmiquel-castellgali\/wp-json\/wp\/v2\/pages\/12038"}],"wp:attachment":[{"href":"https:\/\/agora.xtec.cat\/esc-santmiquel-castellgali\/wp-json\/wp\/v2\/media?parent=820"}],"curies":[{"name":"wp","href":"https:\/\/api.w.org\/{rel}","templated":true}]}}

<p><strong>➢</strong> Estoig amb llapis, goma, maquineta, bolígraf blau, bolígraf vermell i dos subratlladors<br />
fluorescent. Tot ha d’anar marcat amb el nom.<br />
<strong>➢</strong> Una bata vella per pintura.<br />
<strong>➢ </strong><span style="font-family: inherit; font-size: 1em;">Una carpeta on puguin classificar-se els fulls d’autoritzacions, les feines per acabar, els dossiers, etc.</span></p>
<p><strong>➢</strong> <span style="font-weight: 400;">Una capsa de mocadors, un rotlle de paper de cuina i una capsa de tovalloletes humides.</span><br />
<strong>➢</strong> El cançoner, la llibreta de música i la flauta d’aquest curs (ho teniu ja a l’escola).</p>
<h5><strong>Només els alumnes nous tant de cinquè com de sisè:</strong></h5>
<p><strong>➢</strong> Una flauta amb digitació alemanya de plàstic Yamaha (a Abacus la trobareu)<br />
<strong>➢</strong> Una carpeta de 30 fundes de plàstic.<br />
<strong>➢</strong> Una llibreta de música amb 6-8 pentagrames per pàgina.</p>

<p>➢ Estoig amb llapis, goma, maquineta, bolígraf blau, bolígraf vermell i dos subratlladors fluorescent. Tot ha d’anar marcat amb el nom. ➢ Una bata vella per pintura. ➢ Una carpeta on puguin classificar-se els fulls d’autoritzacions, les feines per acabar, els dossiers, etc. ➢ Una capsa de mocadors, un rotlle de paper de cuina i [&hellip;]</p>
