{"id":73,"date":"2014-09-18T14:01:51","date_gmt":"2014-09-18T12:01:51","guid":{"rendered":"http:\/\/agora.xtec.cat\/esc-santmiquel-castellgali\/\/?page_id=73"},"modified":"2026-01-19T20:14:46","modified_gmt":"2026-01-19T19:14:46","slug":"menjador-escolar","status":"publish","type":"page","link":"https:\/\/agora.xtec.cat\/esc-santmiquel-castellgali\/curs-2020-21\/menjador-escolar\/","title":{"rendered":"Menjador escolar"},"content":{"rendered":"<p><a href=\"https:\/\/agora.xtec.cat\/esc-santmiquel-castellgali\/wp-content\/uploads\/usu103\/2023\/08\/serhsfood-logo-web.jpg\"><img loading=\"lazy\" decoding=\"async\" class=\"wp-image-12288 size-full aligncenter\" src=\"https:\/\/agora.xtec.cat\/esc-santmiquel-castellgali\/wp-content\/uploads\/usu103\/2023\/08\/serhsfood-logo-web.jpg\" alt=\"\" width=\"474\" height=\"100\" srcset=\"https:\/\/agora.xtec.cat\/esc-santmiquel-castellgali\/wp-content\/uploads\/usu103\/2023\/08\/serhsfood-logo-web.jpg 474w, https:\/\/agora.xtec.cat\/esc-santmiquel-castellgali\/wp-content\/uploads\/usu103\/2023\/08\/serhsfood-logo-web-300x63.jpg 300w\" sizes=\"auto, (max-width: 474px) 100vw, 474px\" \/><\/a><\/p>\n<p>L\u2019empresa <strong>Serhs Food<\/strong> gestiona el <strong>Projecte Espai Migdia<\/strong> a l\u2019escola.<\/p>\n<p>Aqu\u00ed trobareu tota la informaci\u00f3 del servei de menjador: com donar-se d&#8217;alta al servei, com descarregar-se i fer servir l&#8217;aplicaci\u00f3, com descarregar-se els men\u00fas de menjador&#8230;<\/p>\n<p><span style=\"text-decoration: underline;\"><strong><span style=\"font-size: 16px;\">MEN\u00daS\u00a0<\/span><\/strong><\/span><\/p>\n<p style=\"text-align: left;\"><strong>BASAL I DERIVACIONS<\/strong><\/p>\n<p><a href=\"https:\/\/drive.google.com\/file\/d\/1AB0G6GgkM2SocQy0WtjEYl9Rt8LYbsvz\/view?usp=drive_link\" target=\"_blank\" rel=\"noopener\"><img loading=\"lazy\" decoding=\"async\" class=\"alignnone\" src=\"https:\/\/agora.xtec.cat\/esc-santmiquel-castellgali\/wp-content\/uploads\/usu103\/2024\/04\/menu-abril.jpg\" alt=\"\" width=\"470\" height=\"157\" \/><\/a><\/p>\n<p>Cliqueu damunt la imatge per veure el men\u00fa<\/p>\n<p>&nbsp;<\/p>\n<p><b><u>PROJECTE EDUCATIU DE MENJADOR (cliqueu damunt la imatge):<\/u><\/b><\/p>\n<p><a href=\"https:\/\/drive.google.com\/file\/d\/1CqSeoG0gQ8ZGRGhbi-xCIz6JeqsjrwiQ\/view?usp=drive_link\" target=\"_blank\" rel=\"noopener\"><img loading=\"lazy\" decoding=\"async\" class=\"aligncenter\" src=\"https:\/\/agora.xtec.cat\/esc-santmiquel-castellgali\/wp-content\/uploads\/usu103\/2025\/07\/pla-funcionament.jpg\" alt=\"\" width=\"201\" height=\"184\" \/><\/a><\/p>\n<p>&nbsp;<\/p>\n<p><span style=\"text-decoration: underline;\"><strong><span style=\"font-size: 16px;\">CIRCULAR<\/span> INFORMATIVA (cliqueu damunt la imatge)<\/strong><\/span><\/p>\n<p><a href=\"https:\/\/drive.google.com\/file\/d\/1xB9ndqg79o2P1Rot3Zitc-Y7T5BaeV65\/view?usp=drive_link\" target=\"_blank\" rel=\"noopener\"><img loading=\"lazy\" decoding=\"async\" class=\"aligncenter\" src=\"https:\/\/agora.xtec.cat\/esc-santmiquel-castellgali\/wp-content\/uploads\/usu103\/2025\/07\/carta-benvonguda.jpg\" alt=\"\" width=\"349\" height=\"172\" \/><\/a><\/p>\n<p><span style=\"text-decoration: underline;\"><strong>MANUAL <b><u>APP SERHS FOOD EDUCA<\/u><\/b>(Cliqueu damunt la imatge)\u00a0<\/strong><\/span><\/p>\n<p><a href=\"https:\/\/drive.google.com\/file\/d\/1aiyl3aVU_P8Lpw4Zag2GIoQa_UsMjl7P\/view?usp=sharing\" target=\"_blank\" rel=\"noopener\"><img loading=\"lazy\" decoding=\"async\" class=\"aligncenter\" src=\"https:\/\/agora.xtec.cat\/esc-santmiquel-castellgali\/wp-content\/uploads\/usu103\/2023\/08\/manual-app-serhs-food.jpg\" alt=\"\" width=\"279\" height=\"159\" \/><\/a><\/p>\n<p><span style=\"text-decoration: underline;\"><strong>VIES DE COMUNICACI\u00d3:<\/strong><\/span><\/p>\n<p>L\u2019horari d\u2019atenci\u00f3 a les fam\u00edlies de la coordinadora de menjador \u00e9s:<\/p>\n<ul>\n<li>De dilluns a divendres de <strong>09:15 h a 9:45h. de de manera no presencial<\/strong> (podeu contactar per tel\u00e8fon, mail o APP)<strong>. <\/strong><\/li>\n<\/ul>\n<p>Podeu fer un correu electr\u00f2nic menjador (important posar l\u2019escola i nom de l\u2019alumne): <span style=\"text-decoration: underline;\"><em><strong>menjador.santmiquel<span class=\"\"><span class=\"\">@<\/span>grupserhs.co<\/span>m<\/strong><\/em><\/span><\/p>\n<p>El m\u00f2bil coordinadora: <strong>664150425 *teniu opci\u00f3 WhatsApp<\/strong><\/p>\n<ul>\n<li>De dilluns a divendres de 1<strong>1.30 a 12.30 de manera presencial<\/strong> a l&#8217;escola.<\/li>\n<\/ul>\n<p>&nbsp;<\/p>\n<p>En dates que l&#8217;escola estigui tancada podeu dirigir-vos a:<\/p>\n<p>Correu electr\u00f2nic <strong>serhsfoodeduca@grupserhs.com <\/strong>(molt important posar l\u2019escola i el nom de l\u2019alumne) o b\u00e9 C\/ Foneria, 22 \u00b7 08304 MATAR\u00d3 (BARCELONA) Tel. 93.703.28.28<\/p>\n<p><span style=\"font-size: 14px;\">L\u2019horari d\u2019oficina per l\u2019atenci\u00f3 telef\u00f2nica a les fam\u00edlies \u00e9s de 09:00 a 14:00 h. i de 15:00 a 16:00 h. de dilluns a dijous i divendres fins les 15h.<\/span><\/p>\n<p><strong><em>*Recordar-vos que NO es poden gestionar les incid\u00e8ncies a trav\u00e9s del centre, ni Direcci\u00f3, ni Consergeria, \u00e9s imprescindible que utilitzeu aquestes vies, per a la bona comunicaci\u00f3 i gesti\u00f3 de les incid\u00e8ncies administratives del menjador, d&#8217;aquesta manera fem una atenci\u00f3 m\u00e9s directa i personalitzada a les fam\u00edlies amb la coordinadora i l&#8217;empresa.<\/em><\/strong><\/p>\n<p>&nbsp;<\/p>\n<p><strong><span style=\"text-decoration: underline;\">INSTAL\u00b7LACIONS<\/span><\/strong><\/p>\n<p>Pots veure fotos de la cuina i de la resta de l&#8217;escola.<\/p>\n<p><a href=\"http:\/\/agora.xtec.cat\/esc-santmiquel-castellgali\/lescola\/instal%C2%B7lacions\/fotos-instal%C2%B7lacions\/\"><img loading=\"lazy\" decoding=\"async\" class=\"wp-image-690 alignleft\" src=\"http:\/\/agora.xtec.cat\/esc-santmiquel-castellgali\/wp-content\/uploads\/usu103\/2014\/09\/foto02_pixabay-150x150.png\" alt=\"foto02_pixabay\" width=\"73\" height=\"73\" srcset=\"https:\/\/agora.xtec.cat\/esc-santmiquel-castellgali\/wp-content\/uploads\/usu103\/2014\/09\/foto02_pixabay-150x150.png 150w, https:\/\/agora.xtec.cat\/esc-santmiquel-castellgali\/wp-content\/uploads\/usu103\/2014\/09\/foto02_pixabay.png 180w\" sizes=\"auto, (max-width: 73px) 100vw, 73px\" \/><\/a><\/p>\n<p>&nbsp;<\/p>\n<p>&nbsp;<\/p>\n<p>&nbsp;<\/p>\n<p><strong>\u00a0<\/strong><\/p>\n","protected":false},"excerpt":{"rendered":"<p>L\u2019empresa Serhs Food gestiona el Projecte Espai Migdia a l\u2019escola. Aqu\u00ed trobareu tota la informaci\u00f3 del servei de menjador: com donar-se d&#8217;alta al servei, com descarregar-se i fer servir l&#8217;aplicaci\u00f3, com descarregar-se els men\u00fas de menjador&#8230; MEN\u00daS\u00a0 BASAL I DERIVACIONS Cliqueu damunt la imatge per veure el men\u00fa &nbsp; PROJECTE EDUCATIU DE MENJADOR (cliqueu damunt [&hellip;]<\/p>\n","protected":false},"author":2,"featured_media":0,"parent":11103,"menu_order":10,"comment_status":"closed","ping_status":"closed","template":"","meta":{"_bbp_topic_count":0,"_bbp_reply_count":0,"_bbp_total_topic_count":0,"_bbp_total_reply_count":0,"_bbp_voice_count":0,"_bbp_anonymous_reply_count":0,"_bbp_topic_count_hidden":0,"_bbp_reply_count_hidden":0,"_bbp_forum_subforum_count":0,"site-sidebar-layout":"default","site-content-layout":"","ast-site-content-layout":"default","site-content-style":"default","site-sidebar-style":"default","ast-global-header-display":"","ast-banner-title-visibility":"","ast-main-header-display":"","ast-hfb-above-header-display":"","ast-hfb-below-header-display":"","ast-hfb-mobile-header-display":"","site-post-title":"","ast-breadcrumbs-content":"","ast-featured-img":"","footer-sml-layout":"","theme-transparent-header-meta":"default","adv-header-id-meta":"","stick-header-meta":"","header-above-stick-meta":"","header-main-stick-meta":"","header-below-stick-meta":"","astra-migrate-meta-layouts":"set","ast-page-background-enabled":"default","ast-page-background-meta":{"desktop":{"background-color":"var(--ast-global-color-4)","background-image":"","background-repeat":"repeat","background-position":"center center","background-size":"auto","background-attachment":"scroll","background-type":"","background-media":"","overlay-type":"","overlay-color":"","overlay-opacity":"","overlay-gradient":""},"tablet":{"background-color":"","background-image":"","background-repeat":"repeat","background-position":"center center","background-size":"auto","background-attachment":"scroll","background-type":"","background-media":"","overlay-type":"","overlay-color":"","overlay-opacity":"","overlay-gradient":""},"mobile":{"background-color":"","background-image":"","background-repeat":"repeat","background-position":"center center","background-size":"auto","background-attachment":"scroll","background-type":"","background-media":"","overlay-type":"","overlay-color":"","overlay-opacity":"","overlay-gradient":""}},"ast-content-background-meta":{"desktop":{"background-color":"var(--ast-global-color-5)","background-image":"","background-repeat":"repeat","background-position":"center center","background-size":"auto","background-attachment":"scroll","background-type":"","background-media":"","overlay-type":"","overlay-color":"","overlay-opacity":"","overlay-gradient":""},"tablet":{"background-color":"var(--ast-global-color-5)","background-image":"","background-repeat":"repeat","background-position":"center center","background-size":"auto","background-attachment":"scroll","background-type":"","background-media":"","overlay-type":"","overlay-color":"","overlay-opacity":"","overlay-gradient":""},"mobile":{"background-color":"var(--ast-global-color-5)","background-image":"","background-repeat":"repeat","background-position":"center center","background-size":"auto","background-attachment":"scroll","background-type":"","background-media":"","overlay-type":"","overlay-color":"","overlay-opacity":"","overlay-gradient":""}},"footnotes":""},"class_list":["post-73","page","type-page","status-publish","hentry"],"post_mailing_queue_ids":[],"_links":{"self":[{"href":"https:\/\/agora.xtec.cat\/esc-santmiquel-castellgali\/wp-json\/wp\/v2\/pages\/73","targetHints":{"allow":["GET"]}}],"collection":[{"href":"https:\/\/agora.xtec.cat\/esc-santmiquel-castellgali\/wp-json\/wp\/v2\/pages"}],"about":[{"href":"https:\/\/agora.xtec.cat\/esc-santmiquel-castellgali\/wp-json\/wp\/v2\/types\/page"}],"author":[{"embeddable":true,"href":"https:\/\/agora.xtec.cat\/esc-santmiquel-castellgali\/wp-json\/wp\/v2\/users\/2"}],"replies":[{"embeddable":true,"href":"https:\/\/agora.xtec.cat\/esc-santmiquel-castellgali\/wp-json\/wp\/v2\/comments?post=73"}],"version-history":[{"count":6,"href":"https:\/\/agora.xtec.cat\/esc-santmiquel-castellgali\/wp-json\/wp\/v2\/pages\/73\/revisions"}],"predecessor-version":[{"id":13172,"href":"https:\/\/agora.xtec.cat\/esc-santmiquel-castellgali\/wp-json\/wp\/v2\/pages\/73\/revisions\/13172"}],"up":[{"embeddable":true,"href":"https:\/\/agora.xtec.cat\/esc-santmiquel-castellgali\/wp-json\/wp\/v2\/pages\/11103"}],"wp:attachment":[{"href":"https:\/\/agora.xtec.cat\/esc-santmiquel-castellgali\/wp-json\/wp\/v2\/media?parent=73"}],"curies":[{"name":"wp","href":"https:\/\/api.w.org\/{rel}","templated":true}]}}

<p><a href="https://agora.xtec.cat/esc-santmiquel-castellgali/wp-content/uploads/usu103/2023/08/serhsfood-logo-web.jpg"><img loading="lazy" decoding="async" class="wp-image-12288 size-full aligncenter" src="https://agora.xtec.cat/esc-santmiquel-castellgali/wp-content/uploads/usu103/2023/08/serhsfood-logo-web.jpg" alt="" width="474" height="100" srcset="https://agora.xtec.cat/esc-santmiquel-castellgali/wp-content/uploads/usu103/2023/08/serhsfood-logo-web.jpg 474w, https://agora.xtec.cat/esc-santmiquel-castellgali/wp-content/uploads/usu103/2023/08/serhsfood-logo-web-300x63.jpg 300w" sizes="auto, (max-width: 474px) 100vw, 474px" /></a></p>
<p>L’empresa <strong>Serhs Food</strong> gestiona el <strong>Projecte Espai Migdia</strong> a l’escola.</p>
<p>Aquí trobareu tota la informació del servei de menjador: com donar-se d&#8217;alta al servei, com descarregar-se i fer servir l&#8217;aplicació, com descarregar-se els menús de menjador&#8230;</p>
<p><span style="text-decoration: underline;"><strong><span style="font-size: 16px;">MENÚS </span></strong></span></p>
<p style="text-align: left;"><strong>BASAL I DERIVACIONS</strong></p>
<p><a href="https://drive.google.com/file/d/1AB0G6GgkM2SocQy0WtjEYl9Rt8LYbsvz/view?usp=drive_link" target="_blank" rel="noopener"><img loading="lazy" decoding="async" class="alignnone" src="https://agora.xtec.cat/esc-santmiquel-castellgali/wp-content/uploads/usu103/2024/04/menu-abril.jpg" alt="" width="470" height="157" /></a></p>
<p>Cliqueu damunt la imatge per veure el menú</p>
<p>&nbsp;</p>
<p><b><u>PROJECTE EDUCATIU DE MENJADOR (cliqueu damunt la imatge):</u></b></p>
<p><a href="https://drive.google.com/file/d/1CqSeoG0gQ8ZGRGhbi-xCIz6JeqsjrwiQ/view?usp=drive_link" target="_blank" rel="noopener"><img loading="lazy" decoding="async" class="aligncenter" src="https://agora.xtec.cat/esc-santmiquel-castellgali/wp-content/uploads/usu103/2025/07/pla-funcionament.jpg" alt="" width="201" height="184" /></a></p>
<p>&nbsp;</p>
<p><span style="text-decoration: underline;"><strong><span style="font-size: 16px;">CIRCULAR</span> INFORMATIVA (cliqueu damunt la imatge)</strong></span></p>
<p><a href="https://drive.google.com/file/d/1xB9ndqg79o2P1Rot3Zitc-Y7T5BaeV65/view?usp=drive_link" target="_blank" rel="noopener"><img loading="lazy" decoding="async" class="aligncenter" src="https://agora.xtec.cat/esc-santmiquel-castellgali/wp-content/uploads/usu103/2025/07/carta-benvonguda.jpg" alt="" width="349" height="172" /></a></p>
<p><span style="text-decoration: underline;"><strong>MANUAL <b><u>APP SERHS FOOD EDUCA</u></b>(Cliqueu damunt la imatge) </strong></span></p>
<p><a href="https://drive.google.com/file/d/1aiyl3aVU_P8Lpw4Zag2GIoQa_UsMjl7P/view?usp=sharing" target="_blank" rel="noopener"><img loading="lazy" decoding="async" class="aligncenter" src="https://agora.xtec.cat/esc-santmiquel-castellgali/wp-content/uploads/usu103/2023/08/manual-app-serhs-food.jpg" alt="" width="279" height="159" /></a></p>
<p><span style="text-decoration: underline;"><strong>VIES DE COMUNICACIÓ:</strong></span></p>
<p>L’horari d’atenció a les famílies de la coordinadora de menjador és:</p>
<ul>
<li>De dilluns a divendres de <strong>09:15 h a 9:45h. de de manera no presencial</strong> (podeu contactar per telèfon, mail o APP)<strong>. </strong></li>
</ul>
<p>Podeu fer un correu electrònic menjador (important posar l’escola i nom de l’alumne): <span style="text-decoration: underline;"><em><strong>menjador.santmiquel<span class=""><span class="">@</span>grupserhs.co</span>m</strong></em></span></p>
<p>El mòbil coordinadora: <strong>664150425 *teniu opció WhatsApp</strong></p>
<ul>
<li>De dilluns a divendres de 1<strong>1.30 a 12.30 de manera presencial</strong> a l&#8217;escola.</li>
</ul>
<p>&nbsp;</p>
<p>En dates que l&#8217;escola estigui tancada podeu dirigir-vos a:</p>
<p>Correu electrònic <strong>serhsfoodeduca@grupserhs.com </strong>(molt important posar l’escola i el nom de l’alumne) o bé C/ Foneria, 22 · 08304 MATARÓ (BARCELONA) Tel. 93.703.28.28</p>
<p><span style="font-size: 14px;">L’horari d’oficina per l’atenció telefònica a les famílies és de 09:00 a 14:00 h. i de 15:00 a 16:00 h. de dilluns a dijous i divendres fins les 15h.</span></p>
<p><strong><em>*Recordar-vos que NO es poden gestionar les incidències a través del centre, ni Direcció, ni Consergeria, és imprescindible que utilitzeu aquestes vies, per a la bona comunicació i gestió de les incidències administratives del menjador, d&#8217;aquesta manera fem una atenció més directa i personalitzada a les famílies amb la coordinadora i l&#8217;empresa.</em></strong></p>
<p>&nbsp;</p>
<p><strong><span style="text-decoration: underline;">INSTAL·LACIONS</span></strong></p>
<p>Pots veure fotos de la cuina i de la resta de l&#8217;escola.</p>
<p><a href="http://agora.xtec.cat/esc-santmiquel-castellgali/lescola/instal%C2%B7lacions/fotos-instal%C2%B7lacions/"><img loading="lazy" decoding="async" class="wp-image-690 alignleft" src="http://agora.xtec.cat/esc-santmiquel-castellgali/wp-content/uploads/usu103/2014/09/foto02_pixabay-150x150.png" alt="foto02_pixabay" width="73" height="73" srcset="https://agora.xtec.cat/esc-santmiquel-castellgali/wp-content/uploads/usu103/2014/09/foto02_pixabay-150x150.png 150w, https://agora.xtec.cat/esc-santmiquel-castellgali/wp-content/uploads/usu103/2014/09/foto02_pixabay.png 180w" sizes="auto, (max-width: 73px) 100vw, 73px" /></a></p>
<p>&nbsp;</p>
<p>&nbsp;</p>
<p>&nbsp;</p>
<p><strong> </strong></p>

<p>L’empresa Serhs Food gestiona el Projecte Espai Migdia a l’escola. Aquí trobareu tota la informació del servei de menjador: com donar-se d&#8217;alta al servei, com descarregar-se i fer servir l&#8217;aplicació, com descarregar-se els menús de menjador&#8230; MENÚS  BASAL I DERIVACIONS Cliqueu damunt la imatge per veure el menú &nbsp; PROJECTE EDUCATIU DE MENJADOR (cliqueu damunt [&hellip;]</p>
