{"id":32,"date":"2014-09-18T12:31:33","date_gmt":"2014-09-18T12:31:33","guid":{"rendered":"http:\/\/agora.xtec.cat\/esc-santmiquel-castellgali\/\/?page_id=32"},"modified":"2026-01-14T09:25:49","modified_gmt":"2026-01-14T08:25:49","slug":"calendari-i-horari-del-curs","status":"publish","type":"page","link":"https:\/\/agora.xtec.cat\/esc-santmiquel-castellgali\/curs-2020-21\/calendari-i-horari-del-curs\/","title":{"rendered":"Calendari i horari del curs"},"content":{"rendered":"<p><a href=\"https:\/\/agora.xtec.cat\/esc-santmiquel-castellgali\/wp-content\/uploads\/usu103\/2025\/06\/Calendari-25_26.jpg\"><img decoding=\"async\" src=\"https:\/\/agora.xtec.cat\/esc-santmiquel-castellgali\/wp-content\/uploads\/usu103\/2025\/06\/Calendari-25_26.jpg\" alt=\"\" \/><\/a><\/p>\n<p>L\u2019<b>horari lectiu<\/b> del centre \u00e9s de 9.00h a 12.30h i de 15.00h a 16.30h per a tots els grups, tant d&#8217;educaci\u00f3 infantil com de prim\u00e0ria<\/p>\n<p><strong>L&#8217;horari de la jornada intensiva<\/strong> \u00e9s 9 a 13h. (Els alumnes que utilitzen el servei de menjador surten a les 15:30h.)<\/p>\n<p><strong>L&#8217;horari dels alumnes de I3<\/strong>, durant la primera setmana de setembre, del dia 9 al 13, estaran en per\u00edode d&#8217;adaptaci\u00f3 i el seu horari es repartir\u00e0 en dos grups. En la reuni\u00f3 d&#8217;inici de curs s&#8217;especifiquen els horaris i les entrevistes amb les fam\u00edlies.<\/p>\n<p><strong>Puntualitat.<\/strong> \u00c9s important que els nens i nenes arribin puntualment. La puntualitat \u00e9s un h\u00e0bit que \u00e9s necessari treballar des de petits i l&#8217;escola juga un paper important en aquesta adquisici\u00f3.<\/p>\n<p>Els retards escolars s&#8217;han de justificar per escrit a l&#8217;agenda escolar. Si un nen arriba tard, cal que resti acompanyat d&#8217;un adult fins que se li obri la porta. Quan s&#8217;arriba tard cal trucar sempre al timbre de la porta.<\/p>\n","protected":false},"excerpt":{"rendered":"<p>L\u2019horari lectiu del centre \u00e9s de 9.00h a 12.30h i de 15.00h a 16.30h per a tots els grups, tant d&#8217;educaci\u00f3 infantil com de prim\u00e0ria L&#8217;horari de la jornada intensiva \u00e9s 9 a 13h. (Els alumnes que utilitzen el servei de menjador surten a les 15:30h.) L&#8217;horari dels alumnes de I3, durant la primera setmana [&hellip;]<\/p>\n","protected":false},"author":2,"featured_media":0,"parent":11103,"menu_order":50,"comment_status":"closed","ping_status":"closed","template":"","meta":{"_bbp_topic_count":0,"_bbp_reply_count":0,"_bbp_total_topic_count":0,"_bbp_total_reply_count":0,"_bbp_voice_count":0,"_bbp_anonymous_reply_count":0,"_bbp_topic_count_hidden":0,"_bbp_reply_count_hidden":0,"_bbp_forum_subforum_count":0,"site-sidebar-layout":"default","site-content-layout":"","ast-site-content-layout":"default","site-content-style":"default","site-sidebar-style":"default","ast-global-header-display":"","ast-banner-title-visibility":"","ast-main-header-display":"","ast-hfb-above-header-display":"","ast-hfb-below-header-display":"","ast-hfb-mobile-header-display":"","site-post-title":"","ast-breadcrumbs-content":"","ast-featured-img":"","footer-sml-layout":"","theme-transparent-header-meta":"default","adv-header-id-meta":"","stick-header-meta":"","header-above-stick-meta":"","header-main-stick-meta":"","header-below-stick-meta":"","astra-migrate-meta-layouts":"set","ast-page-background-enabled":"default","ast-page-background-meta":{"desktop":{"background-color":"var(--ast-global-color-4)","background-image":"","background-repeat":"repeat","background-position":"center center","background-size":"auto","background-attachment":"scroll","background-type":"","background-media":"","overlay-type":"","overlay-color":"","overlay-opacity":"","overlay-gradient":""},"tablet":{"background-color":"","background-image":"","background-repeat":"repeat","background-position":"center center","background-size":"auto","background-attachment":"scroll","background-type":"","background-media":"","overlay-type":"","overlay-color":"","overlay-opacity":"","overlay-gradient":""},"mobile":{"background-color":"","background-image":"","background-repeat":"repeat","background-position":"center center","background-size":"auto","background-attachment":"scroll","background-type":"","background-media":"","overlay-type":"","overlay-color":"","overlay-opacity":"","overlay-gradient":""}},"ast-content-background-meta":{"desktop":{"background-color":"var(--ast-global-color-5)","background-image":"","background-repeat":"repeat","background-position":"center center","background-size":"auto","background-attachment":"scroll","background-type":"","background-media":"","overlay-type":"","overlay-color":"","overlay-opacity":"","overlay-gradient":""},"tablet":{"background-color":"var(--ast-global-color-5)","background-image":"","background-repeat":"repeat","background-position":"center center","background-size":"auto","background-attachment":"scroll","background-type":"","background-media":"","overlay-type":"","overlay-color":"","overlay-opacity":"","overlay-gradient":""},"mobile":{"background-color":"var(--ast-global-color-5)","background-image":"","background-repeat":"repeat","background-position":"center center","background-size":"auto","background-attachment":"scroll","background-type":"","background-media":"","overlay-type":"","overlay-color":"","overlay-opacity":"","overlay-gradient":""}},"footnotes":""},"class_list":["post-32","page","type-page","status-publish","hentry"],"post_mailing_queue_ids":[],"_links":{"self":[{"href":"https:\/\/agora.xtec.cat\/esc-santmiquel-castellgali\/wp-json\/wp\/v2\/pages\/32","targetHints":{"allow":["GET"]}}],"collection":[{"href":"https:\/\/agora.xtec.cat\/esc-santmiquel-castellgali\/wp-json\/wp\/v2\/pages"}],"about":[{"href":"https:\/\/agora.xtec.cat\/esc-santmiquel-castellgali\/wp-json\/wp\/v2\/types\/page"}],"author":[{"embeddable":true,"href":"https:\/\/agora.xtec.cat\/esc-santmiquel-castellgali\/wp-json\/wp\/v2\/users\/2"}],"replies":[{"embeddable":true,"href":"https:\/\/agora.xtec.cat\/esc-santmiquel-castellgali\/wp-json\/wp\/v2\/comments?post=32"}],"version-history":[{"count":9,"href":"https:\/\/agora.xtec.cat\/esc-santmiquel-castellgali\/wp-json\/wp\/v2\/pages\/32\/revisions"}],"predecessor-version":[{"id":13220,"href":"https:\/\/agora.xtec.cat\/esc-santmiquel-castellgali\/wp-json\/wp\/v2\/pages\/32\/revisions\/13220"}],"up":[{"embeddable":true,"href":"https:\/\/agora.xtec.cat\/esc-santmiquel-castellgali\/wp-json\/wp\/v2\/pages\/11103"}],"wp:attachment":[{"href":"https:\/\/agora.xtec.cat\/esc-santmiquel-castellgali\/wp-json\/wp\/v2\/media?parent=32"}],"curies":[{"name":"wp","href":"https:\/\/api.w.org\/{rel}","templated":true}]}}

<p><a href="https://agora.xtec.cat/esc-santmiquel-castellgali/wp-content/uploads/usu103/2025/06/Calendari-25_26.jpg"><img decoding="async" src="https://agora.xtec.cat/esc-santmiquel-castellgali/wp-content/uploads/usu103/2025/06/Calendari-25_26.jpg" alt="" /></a></p>
<p>L’<b>horari lectiu</b> del centre és de 9.00h a 12.30h i de 15.00h a 16.30h per a tots els grups, tant d&#8217;educació infantil com de primària</p>
<p><strong>L&#8217;horari de la jornada intensiva</strong> és 9 a 13h. (Els alumnes que utilitzen el servei de menjador surten a les 15:30h.)</p>
<p><strong>L&#8217;horari dels alumnes de I3</strong>, durant la primera setmana de setembre, del dia 9 al 13, estaran en període d&#8217;adaptació i el seu horari es repartirà en dos grups. En la reunió d&#8217;inici de curs s&#8217;especifiquen els horaris i les entrevistes amb les famílies.</p>
<p><strong>Puntualitat.</strong> És important que els nens i nenes arribin puntualment. La puntualitat és un hàbit que és necessari treballar des de petits i l&#8217;escola juga un paper important en aquesta adquisició.</p>
<p>Els retards escolars s&#8217;han de justificar per escrit a l&#8217;agenda escolar. Si un nen arriba tard, cal que resti acompanyat d&#8217;un adult fins que se li obri la porta. Quan s&#8217;arriba tard cal trucar sempre al timbre de la porta.</p>

<p>L’horari lectiu del centre és de 9.00h a 12.30h i de 15.00h a 16.30h per a tots els grups, tant d&#8217;educació infantil com de primària L&#8217;horari de la jornada intensiva és 9 a 13h. (Els alumnes que utilitzen el servei de menjador surten a les 15:30h.) L&#8217;horari dels alumnes de I3, durant la primera setmana [&hellip;]</p>
