{"id":28,"date":"2014-09-18T12:29:35","date_gmt":"2014-09-18T12:29:35","guid":{"rendered":"http:\/\/agora.xtec.cat\/esc-santmiquel-castellgali\/\/?page_id=28"},"modified":"2026-01-19T10:11:51","modified_gmt":"2026-01-19T09:11:51","slug":"consell-escolar","status":"publish","type":"page","link":"https:\/\/agora.xtec.cat\/esc-santmiquel-castellgali\/lescola\/consell-escolar\/","title":{"rendered":"Consell escolar"},"content":{"rendered":"<p>El consell escolar del centre \u00e9s un \u00f2rgan de govern col\u00b7legiat on es troba representat tota la comunitat educativa. \u00c9s un \u00f2rgan de decisi\u00f3 i participaci\u00f3 que juga un paper important en el funcionament del centre.<\/p>\n<h2>Composici\u00f3 del CEC<\/h2>\n<p>El consell escolar dels centres docents p\u00fablics est\u00e0 format per:<br \/>\n&#8211; El\/la director\/a (que n&#8217;\u00e9s el president\/a). <strong>Dolors Jim\u00e9nez G\u00f3mez<\/strong><br \/>\n&#8211; El\/la cap d&#8217;estudis. <strong>I<\/strong><strong>olanda Garcia S\u00e1ez<\/strong><br \/>\n&#8211; El\/la secretari\/\u00e0ria ( amb veu i sense vot) <strong>Marta Checa Vila<\/strong><br \/>\n&#8211; Un\/una representant de l&#8217;ajuntament <strong>Jofre Hern\u00e1ndez\u00a0<\/strong><br \/>\n&#8211; Un\/una representant del PAS (personal d&#8217;administraci\u00f3 i serveis) <strong>N\u00faria Centelles Justo<\/strong><br \/>\n&#8211; Un\/una representant de l&#8217;AMPA <strong>Emilia P\u00e9rez G\u00f3mez<\/strong><br \/>\n&#8211; Cinc mestres o professors elegits pel claustre <strong>S\u00edlvia S\u00e1nchez Carrascal, S\u00f2nia Mu\u00f1oz Garcia, Josep Subir\u00e0 Gost, Cl\u00e0udia Bruch Camprub\u00ed i Josep Ant\u00f3n Jim\u00e9nez Chinarro.<\/strong><br \/>\n&#8211; Quatre pares o mares d&#8217;alumnes i de l\u2019alumnat. <strong>Llu\u00eds Gonz\u00e1lez Le\u00f3n,\u00a0 Marta Mallofr\u00e9 Ruiz, M\u00f2nica Mirabet G\u00f3mez i Mireia J\u00e0tiva Vilagut.<\/strong><\/p>\n<h2>Compet\u00e8ncies del CEC<\/h2>\n<p>1. Formular propostes a l&#8217;equip directiu sobre la programaci\u00f3 anual del centre i\u00a0 aprovar el projecte educatiu, sens perjudici de les compet\u00e8ncies del claustre en relaci\u00f3 amb la plani\ufb01caci\u00f3 i l\u2019organitzaci\u00f3 docent.<br \/>\n2. Elaborar informes, a petici\u00f3 de l&#8217;administraci\u00f3 competent, sobre el funcionament\u00a0 del centre i sobre aquells altres aspectes relacionats amb la seva activitat<br \/>\n3. Participar en el proc\u00e9s d&#8217;admissi\u00f3 d&#8217;alumnes i vetllar per a que es realitzi segons marca la llei.<br \/>\n4. Aprovar el reglament de regim intern del centre<br \/>\n5. Con\u00e8ixer la resoluci\u00f3 de con\ufb02ictes disciplinaris i la imposici\u00f3 de sancions i vetllar perqu\u00e8 s&#8217;atenguin a la llei vigent. Quan les mesures disciplin\u00e0ries adoptades pel director corresponguin a conductes de l\u2019alumnat que perjudiquin greument la<br \/>\nconviv\u00e8ncia del centre, el consell escolar, a inst\u00e0ncia de pares o tutors, pot revisar<br \/>\nla decisi\u00f3 adoptada i proposar, si s\u2019escau, les mesures oportunes.<br \/>\n6. Aprovar el projecte de pressupost del centre i la seva liquidaci\u00f3.<br \/>\n7. Promoure la conservaci\u00f3 i renovaci\u00f3 de les instal\u00b7lacions i equip escolar i aprovar l\u2019obtenci\u00f3 de recursos complementaris d\u2019acord amb el que estableix l\u2019article 122.3.<br \/>\n8. Proposar les directrius per a la col\u00b7laboraci\u00f3, amb \ufb01nalitats educatives i culturals,\u00a0 amb altres centres, entitats i organismes.<br \/>\n9. Analitzar i valorar el funcionament general del centre, la evoluci\u00f3 del rendiment\u00a0 escolar i els resultats de l&#8217;avaluaci\u00f3 del centre que faci l&#8217;administraci\u00f3 educativa.<br \/>\n10.Participar en la selecci\u00f3 del director del centre en els termes que estableix aquesta Llei. Ser informat del nomenament i cessament dels altres membres de l\u2019equip\u00a0 directiu. Si s\u2019escau, amb l\u2019acord previ dels seus membres, adoptat per majoria de\u00a0 dos ter\u00e7os, proposar la revocaci\u00f3 del nomenament del director.<br \/>\n11.Proposar mesures i iniciatives que afavoreixin la conviv\u00e8ncia en el centre la igualtat\u00a0 entre homes i dones i la resoluci\u00f3 pac\u00ed\ufb01ca de con\ufb02ictes en tots els \u00e0mbits de la vida\u00a0 personal, familiar i social.<br \/>\n12. Qualsevol altra que li sigui atorgada per l&#8217;administraci\u00f3 educativa<br \/>\n13.L&#8217;establiment del nombre total de representants de cada sector en el consell\u00a0 escolar, tot respectant els criteris generals.<br \/>\n14.Elecci\u00f3 dels representants, un d\u2019entre els quals haur\u00e0 de ser del sector dels pares i mares, per a la nova comissi\u00f3 de selecci\u00f3 de director<br \/>\n15.Els consells escolars de centre podran establir convenis de col\u00b7laboraci\u00f3 amb associacions culturals o entitats sense \u00e0nim de lucre per al desplegament d&#8217;activitats extraescolars i complement\u00e0ries, en virtut d\u2019all\u00f2 que disposin les Administracions\u00a0 educatives.<\/p>\n","protected":false},"excerpt":{"rendered":"<p>El consell escolar del centre \u00e9s un \u00f2rgan de govern col\u00b7legiat on es troba representat tota la comunitat educativa. \u00c9s un \u00f2rgan de decisi\u00f3 i participaci\u00f3 que juga un paper important en el funcionament del centre. Composici\u00f3 del CEC El consell escolar dels centres docents p\u00fablics est\u00e0 format per: &#8211; El\/la director\/a (que n&#8217;\u00e9s el [&hellip;]<\/p>\n","protected":false},"author":2,"featured_media":0,"parent":22,"menu_order":30,"comment_status":"closed","ping_status":"closed","template":"","meta":{"_bbp_topic_count":0,"_bbp_reply_count":0,"_bbp_total_topic_count":0,"_bbp_total_reply_count":0,"_bbp_voice_count":0,"_bbp_anonymous_reply_count":0,"_bbp_topic_count_hidden":0,"_bbp_reply_count_hidden":0,"_bbp_forum_subforum_count":0,"site-sidebar-layout":"default","site-content-layout":"","ast-site-content-layout":"default","site-content-style":"default","site-sidebar-style":"default","ast-global-header-display":"","ast-banner-title-visibility":"","ast-main-header-display":"","ast-hfb-above-header-display":"","ast-hfb-below-header-display":"","ast-hfb-mobile-header-display":"","site-post-title":"","ast-breadcrumbs-content":"","ast-featured-img":"","footer-sml-layout":"","theme-transparent-header-meta":"default","adv-header-id-meta":"","stick-header-meta":"","header-above-stick-meta":"","header-main-stick-meta":"","header-below-stick-meta":"","astra-migrate-meta-layouts":"set","ast-page-background-enabled":"default","ast-page-background-meta":{"desktop":{"background-color":"var(--ast-global-color-4)","background-image":"","background-repeat":"repeat","background-position":"center center","background-size":"auto","background-attachment":"scroll","background-type":"","background-media":"","overlay-type":"","overlay-color":"","overlay-opacity":"","overlay-gradient":""},"tablet":{"background-color":"","background-image":"","background-repeat":"repeat","background-position":"center center","background-size":"auto","background-attachment":"scroll","background-type":"","background-media":"","overlay-type":"","overlay-color":"","overlay-opacity":"","overlay-gradient":""},"mobile":{"background-color":"","background-image":"","background-repeat":"repeat","background-position":"center center","background-size":"auto","background-attachment":"scroll","background-type":"","background-media":"","overlay-type":"","overlay-color":"","overlay-opacity":"","overlay-gradient":""}},"ast-content-background-meta":{"desktop":{"background-color":"var(--ast-global-color-5)","background-image":"","background-repeat":"repeat","background-position":"center center","background-size":"auto","background-attachment":"scroll","background-type":"","background-media":"","overlay-type":"","overlay-color":"","overlay-opacity":"","overlay-gradient":""},"tablet":{"background-color":"var(--ast-global-color-5)","background-image":"","background-repeat":"repeat","background-position":"center center","background-size":"auto","background-attachment":"scroll","background-type":"","background-media":"","overlay-type":"","overlay-color":"","overlay-opacity":"","overlay-gradient":""},"mobile":{"background-color":"var(--ast-global-color-5)","background-image":"","background-repeat":"repeat","background-position":"center center","background-size":"auto","background-attachment":"scroll","background-type":"","background-media":"","overlay-type":"","overlay-color":"","overlay-opacity":"","overlay-gradient":""}},"footnotes":""},"class_list":["post-28","page","type-page","status-publish","hentry"],"post_mailing_queue_ids":[],"_links":{"self":[{"href":"https:\/\/agora.xtec.cat\/esc-santmiquel-castellgali\/wp-json\/wp\/v2\/pages\/28","targetHints":{"allow":["GET"]}}],"collection":[{"href":"https:\/\/agora.xtec.cat\/esc-santmiquel-castellgali\/wp-json\/wp\/v2\/pages"}],"about":[{"href":"https:\/\/agora.xtec.cat\/esc-santmiquel-castellgali\/wp-json\/wp\/v2\/types\/page"}],"author":[{"embeddable":true,"href":"https:\/\/agora.xtec.cat\/esc-santmiquel-castellgali\/wp-json\/wp\/v2\/users\/2"}],"replies":[{"embeddable":true,"href":"https:\/\/agora.xtec.cat\/esc-santmiquel-castellgali\/wp-json\/wp\/v2\/comments?post=28"}],"version-history":[{"count":6,"href":"https:\/\/agora.xtec.cat\/esc-santmiquel-castellgali\/wp-json\/wp\/v2\/pages\/28\/revisions"}],"predecessor-version":[{"id":10783,"href":"https:\/\/agora.xtec.cat\/esc-santmiquel-castellgali\/wp-json\/wp\/v2\/pages\/28\/revisions\/10783"}],"up":[{"embeddable":true,"href":"https:\/\/agora.xtec.cat\/esc-santmiquel-castellgali\/wp-json\/wp\/v2\/pages\/22"}],"wp:attachment":[{"href":"https:\/\/agora.xtec.cat\/esc-santmiquel-castellgali\/wp-json\/wp\/v2\/media?parent=28"}],"curies":[{"name":"wp","href":"https:\/\/api.w.org\/{rel}","templated":true}]}}

<p>El consell escolar del centre és un òrgan de govern col·legiat on es troba representat tota la comunitat educativa. És un òrgan de decisió i participació que juga un paper important en el funcionament del centre.</p>
<h2>Composició del CEC</h2>
<p>El consell escolar dels centres docents públics està format per:<br />
&#8211; El/la director/a (que n&#8217;és el president/a). <strong>Dolors Jiménez Gómez</strong><br />
&#8211; El/la cap d&#8217;estudis. <strong>I</strong><strong>olanda Garcia Sáez</strong><br />
&#8211; El/la secretari/ària ( amb veu i sense vot) <strong>Marta Checa Vila</strong><br />
&#8211; Un/una representant de l&#8217;ajuntament <strong>Jofre Hernández </strong><br />
&#8211; Un/una representant del PAS (personal d&#8217;administració i serveis) <strong>Núria Centelles Justo</strong><br />
&#8211; Un/una representant de l&#8217;AMPA <strong>Emilia Pérez Gómez</strong><br />
&#8211; Cinc mestres o professors elegits pel claustre <strong>Sílvia Sánchez Carrascal, Sònia Muñoz Garcia, Josep Subirà Gost, Clàudia Bruch Camprubí i Josep Antón Jiménez Chinarro.</strong><br />
&#8211; Quatre pares o mares d&#8217;alumnes i de l’alumnat. <strong>Lluís González León,  Marta Mallofré Ruiz, Mònica Mirabet Gómez i Mireia Jàtiva Vilagut.</strong></p>
<h2>Competències del CEC</h2>
<p>1. Formular propostes a l&#8217;equip directiu sobre la programació anual del centre i  aprovar el projecte educatiu, sens perjudici de les competències del claustre en relació amb la planiﬁcació i l’organització docent.<br />
2. Elaborar informes, a petició de l&#8217;administració competent, sobre el funcionament  del centre i sobre aquells altres aspectes relacionats amb la seva activitat<br />
3. Participar en el procés d&#8217;admissió d&#8217;alumnes i vetllar per a que es realitzi segons marca la llei.<br />
4. Aprovar el reglament de regim intern del centre<br />
5. Conèixer la resolució de conﬂictes disciplinaris i la imposició de sancions i vetllar perquè s&#8217;atenguin a la llei vigent. Quan les mesures disciplinàries adoptades pel director corresponguin a conductes de l’alumnat que perjudiquin greument la<br />
convivència del centre, el consell escolar, a instància de pares o tutors, pot revisar<br />
la decisió adoptada i proposar, si s’escau, les mesures oportunes.<br />
6. Aprovar el projecte de pressupost del centre i la seva liquidació.<br />
7. Promoure la conservació i renovació de les instal·lacions i equip escolar i aprovar l’obtenció de recursos complementaris d’acord amb el que estableix l’article 122.3.<br />
8. Proposar les directrius per a la col·laboració, amb ﬁnalitats educatives i culturals,  amb altres centres, entitats i organismes.<br />
9. Analitzar i valorar el funcionament general del centre, la evolució del rendiment  escolar i els resultats de l&#8217;avaluació del centre que faci l&#8217;administració educativa.<br />
10.Participar en la selecció del director del centre en els termes que estableix aquesta Llei. Ser informat del nomenament i cessament dels altres membres de l’equip  directiu. Si s’escau, amb l’acord previ dels seus membres, adoptat per majoria de  dos terços, proposar la revocació del nomenament del director.<br />
11.Proposar mesures i iniciatives que afavoreixin la convivència en el centre la igualtat  entre homes i dones i la resolució pacíﬁca de conﬂictes en tots els àmbits de la vida  personal, familiar i social.<br />
12. Qualsevol altra que li sigui atorgada per l&#8217;administració educativa<br />
13.L&#8217;establiment del nombre total de representants de cada sector en el consell  escolar, tot respectant els criteris generals.<br />
14.Elecció dels representants, un d’entre els quals haurà de ser del sector dels pares i mares, per a la nova comissió de selecció de director<br />
15.Els consells escolars de centre podran establir convenis de col·laboració amb associacions culturals o entitats sense ànim de lucre per al desplegament d&#8217;activitats extraescolars i complementàries, en virtut d’allò que disposin les Administracions  educatives.</p>

<p>El consell escolar del centre és un òrgan de govern col·legiat on es troba representat tota la comunitat educativa. És un òrgan de decisió i participació que juga un paper important en el funcionament del centre. Composició del CEC El consell escolar dels centres docents públics està format per: &#8211; El/la director/a (que n&#8217;és el [&hellip;]</p>
