{"id":26,"date":"2014-09-18T12:24:32","date_gmt":"2014-09-18T12:24:32","guid":{"rendered":"http:\/\/agora.xtec.cat\/esc-santmiquel-castellgali\/\/?page_id=26"},"modified":"2019-03-20T09:20:10","modified_gmt":"2019-03-20T08:20:10","slug":"historia","status":"publish","type":"page","link":"https:\/\/agora.xtec.cat\/esc-santmiquel-castellgali\/lescola\/historia\/","title":{"rendered":"Hist\u00f2ria"},"content":{"rendered":"<p style=\"text-align: left;\">L\u2019escola Sant Miquel de Castellgal\u00ed es troba situada a prop del pol\u00edgon industrial del Pla del Cam\u00ed, al c\/ Renaixen\u00e7a s\/n just al llindar del casc urb\u00e0 i est\u00e0 oberta a l\u2019entorn natural. Al costat hi ha la zona de serveis municipals (llar d\u2019infants, CAP, Ajuntament) i tamb\u00e9 hi trobem les piscines municipals, el camp de futbol i la pista poliesportiva.<\/p>\n<div align=\"center\"><\/div>\n<div align=\"center\"><img loading=\"lazy\" decoding=\"async\" class=\"alignnone size-medium wp-image-874\" src=\"http:\/\/agora.xtec.cat\/esc-santmiquel-castellgali\/wp-content\/uploads\/usu103\/2014\/09\/Mapa-300x228.jpeg\" alt=\"Mapa\" width=\"300\" height=\"228\" srcset=\"https:\/\/agora.xtec.cat\/esc-santmiquel-castellgali\/wp-content\/uploads\/usu103\/2014\/09\/Mapa-300x228.jpeg 300w, https:\/\/agora.xtec.cat\/esc-santmiquel-castellgali\/wp-content\/uploads\/usu103\/2014\/09\/Mapa-768x585.jpeg 768w, https:\/\/agora.xtec.cat\/esc-santmiquel-castellgali\/wp-content\/uploads\/usu103\/2014\/09\/Mapa.jpeg 889w\" sizes=\"auto, (max-width: 300px) 100vw, 300px\" \/><\/div>\n<div align=\"center\"><em>Font:Google Maps<\/em><\/div>\n<p>&nbsp;<\/p>\n<p>L\u2019edifici de l&#8217;escola va ser inaugurat el dia 21 de juny de 2008. El curs 2008\/2009 va ser el primer en les noves instal\u00b7lacions. L&#8217;escola \u00e9s d&#8217;una l\u00ednia, tot i que puntualment, hi ha algun nivell desdoblat. El curs 2008\/2009 el Departament d&#8217;Educaci\u00f3 ens va concedir un projecte d\u2019innovaci\u00f3, el PELE (Pla Experimental de Lleng\u00fces Estrangeres) amb una durada de tres cursos. Altres projectes en els que participa l&#8217;Escola s\u00f3n: Pla Educatiu d&#8217;Entorn del Bages Sud, el Pla Catal\u00e0 de l\u2019Esport, projecte SVB i Xarxa de Compet\u00e8ncies B\u00e0siques.<\/p>\n<p>En els darrers anys, l&#8217;Escola treballa en l&#8217;entorn Linux i utilitza el programari lliure dins del programa Linkat promocionat pel departament d&#8217;ensenyament.<\/p>\n","protected":false},"excerpt":{"rendered":"<p>L\u2019escola Sant Miquel de Castellgal\u00ed es troba situada a prop del pol\u00edgon industrial del Pla del Cam\u00ed, al c\/ Renaixen\u00e7a s\/n just al llindar del casc urb\u00e0 i est\u00e0 oberta a l\u2019entorn natural. Al costat hi ha la zona de serveis municipals (llar d\u2019infants, CAP, Ajuntament) i tamb\u00e9 hi trobem les piscines municipals, el camp [&hellip;]<\/p>\n","protected":false},"author":2,"featured_media":0,"parent":22,"menu_order":20,"comment_status":"closed","ping_status":"closed","template":"page-templates\/side-menu.php","meta":{"_bbp_topic_count":0,"_bbp_reply_count":0,"_bbp_total_topic_count":0,"_bbp_total_reply_count":0,"_bbp_voice_count":0,"_bbp_anonymous_reply_count":0,"_bbp_topic_count_hidden":0,"_bbp_reply_count_hidden":0,"_bbp_forum_subforum_count":0,"site-sidebar-layout":"default","site-content-layout":"","ast-site-content-layout":"","site-content-style":"default","site-sidebar-style":"default","ast-global-header-display":"","ast-banner-title-visibility":"","ast-main-header-display":"","ast-hfb-above-header-display":"","ast-hfb-below-header-display":"","ast-hfb-mobile-header-display":"","site-post-title":"","ast-breadcrumbs-content":"","ast-featured-img":"","footer-sml-layout":"","theme-transparent-header-meta":"","adv-header-id-meta":"","stick-header-meta":"","header-above-stick-meta":"","header-main-stick-meta":"","header-below-stick-meta":"","astra-migrate-meta-layouts":"default","ast-page-background-enabled":"default","ast-page-background-meta":{"desktop":{"background-color":"var(--ast-global-color-4)","background-image":"","background-repeat":"repeat","background-position":"center center","background-size":"auto","background-attachment":"scroll","background-type":"","background-media":"","overlay-type":"","overlay-color":"","overlay-opacity":"","overlay-gradient":""},"tablet":{"background-color":"","background-image":"","background-repeat":"repeat","background-position":"center center","background-size":"auto","background-attachment":"scroll","background-type":"","background-media":"","overlay-type":"","overlay-color":"","overlay-opacity":"","overlay-gradient":""},"mobile":{"background-color":"","background-image":"","background-repeat":"repeat","background-position":"center center","background-size":"auto","background-attachment":"scroll","background-type":"","background-media":"","overlay-type":"","overlay-color":"","overlay-opacity":"","overlay-gradient":""}},"ast-content-background-meta":{"desktop":{"background-color":"var(--ast-global-color-5)","background-image":"","background-repeat":"repeat","background-position":"center center","background-size":"auto","background-attachment":"scroll","background-type":"","background-media":"","overlay-type":"","overlay-color":"","overlay-opacity":"","overlay-gradient":""},"tablet":{"background-color":"var(--ast-global-color-5)","background-image":"","background-repeat":"repeat","background-position":"center center","background-size":"auto","background-attachment":"scroll","background-type":"","background-media":"","overlay-type":"","overlay-color":"","overlay-opacity":"","overlay-gradient":""},"mobile":{"background-color":"var(--ast-global-color-5)","background-image":"","background-repeat":"repeat","background-position":"center center","background-size":"auto","background-attachment":"scroll","background-type":"","background-media":"","overlay-type":"","overlay-color":"","overlay-opacity":"","overlay-gradient":""}},"footnotes":""},"class_list":["post-26","page","type-page","status-publish","hentry"],"post_mailing_queue_ids":[],"_links":{"self":[{"href":"https:\/\/agora.xtec.cat\/esc-santmiquel-castellgali\/wp-json\/wp\/v2\/pages\/26","targetHints":{"allow":["GET"]}}],"collection":[{"href":"https:\/\/agora.xtec.cat\/esc-santmiquel-castellgali\/wp-json\/wp\/v2\/pages"}],"about":[{"href":"https:\/\/agora.xtec.cat\/esc-santmiquel-castellgali\/wp-json\/wp\/v2\/types\/page"}],"author":[{"embeddable":true,"href":"https:\/\/agora.xtec.cat\/esc-santmiquel-castellgali\/wp-json\/wp\/v2\/users\/2"}],"replies":[{"embeddable":true,"href":"https:\/\/agora.xtec.cat\/esc-santmiquel-castellgali\/wp-json\/wp\/v2\/comments?post=26"}],"version-history":[{"count":3,"href":"https:\/\/agora.xtec.cat\/esc-santmiquel-castellgali\/wp-json\/wp\/v2\/pages\/26\/revisions"}],"predecessor-version":[{"id":9609,"href":"https:\/\/agora.xtec.cat\/esc-santmiquel-castellgali\/wp-json\/wp\/v2\/pages\/26\/revisions\/9609"}],"up":[{"embeddable":true,"href":"https:\/\/agora.xtec.cat\/esc-santmiquel-castellgali\/wp-json\/wp\/v2\/pages\/22"}],"wp:attachment":[{"href":"https:\/\/agora.xtec.cat\/esc-santmiquel-castellgali\/wp-json\/wp\/v2\/media?parent=26"}],"curies":[{"name":"wp","href":"https:\/\/api.w.org\/{rel}","templated":true}]}}

Història

<p style="text-align: left;">L’escola Sant Miquel de Castellgalí es troba situada a prop del polígon industrial del Pla del Camí, al c/ Renaixença s/n just al llindar del casc urbà i està oberta a l’entorn natural. Al costat hi ha la zona de serveis municipals (llar d’infants, CAP, Ajuntament) i també hi trobem les piscines municipals, el camp de futbol i la pista poliesportiva.</p>
<div align="center"></div>
<div align="center"><img loading="lazy" decoding="async" class="alignnone size-medium wp-image-874" src="http://agora.xtec.cat/esc-santmiquel-castellgali/wp-content/uploads/usu103/2014/09/Mapa-300x228.jpeg" alt="Mapa" width="300" height="228" srcset="https://agora.xtec.cat/esc-santmiquel-castellgali/wp-content/uploads/usu103/2014/09/Mapa-300x228.jpeg 300w, https://agora.xtec.cat/esc-santmiquel-castellgali/wp-content/uploads/usu103/2014/09/Mapa-768x585.jpeg 768w, https://agora.xtec.cat/esc-santmiquel-castellgali/wp-content/uploads/usu103/2014/09/Mapa.jpeg 889w" sizes="auto, (max-width: 300px) 100vw, 300px" /></div>
<div align="center"><em>Font:Google Maps</em></div>
<p>&nbsp;</p>
<p>L’edifici de l&#8217;escola va ser inaugurat el dia 21 de juny de 2008. El curs 2008/2009 va ser el primer en les noves instal·lacions. L&#8217;escola és d&#8217;una línia, tot i que puntualment, hi ha algun nivell desdoblat. El curs 2008/2009 el Departament d&#8217;Educació ens va concedir un projecte d’innovació, el PELE (Pla Experimental de Llengües Estrangeres) amb una durada de tres cursos. Altres projectes en els que participa l&#8217;Escola són: Pla Educatiu d&#8217;Entorn del Bages Sud, el Pla Català de l’Esport, projecte SVB i Xarxa de Competències Bàsiques.</p>
<p>En els darrers anys, l&#8217;Escola treballa en l&#8217;entorn Linux i utilitza el programari lliure dins del programa Linkat promocionat pel departament d&#8217;ensenyament.</p>

<p>L’escola Sant Miquel de Castellgalí es troba situada a prop del polígon industrial del Pla del Camí, al c/ Renaixença s/n just al llindar del casc urbà i està oberta a l’entorn natural. Al costat hi ha la zona de serveis municipals (llar d’infants, CAP, Ajuntament) i també hi trobem les piscines municipals, el camp [&hellip;]</p>
