{"id":2151,"date":"2018-04-02T11:27:14","date_gmt":"2018-04-02T09:27:14","guid":{"rendered":"http:\/\/agora.xtec.cat\/esc-santmiquel-castellgali\/?page_id=2151"},"modified":"2021-10-09T15:45:46","modified_gmt":"2021-10-09T13:45:46","slug":"3r","status":"publish","type":"page","link":"https:\/\/agora.xtec.cat\/esc-santmiquel-castellgali\/curs-2020-21\/reporter\/3r\/","title":{"rendered":"3r_Reporters"},"content":{"rendered":"<p><strong>Catal\u00e0: Municipi de la comarca del Bages<\/strong><\/p>\n<p>Gui\u00f3:<\/p>\n<ul>\n<li>\u00cdndex<\/li>\n<li>Situaci\u00f3 geogr\u00e0fica (<em>Situaci\u00f3 al mapa respecte d\u2019altres municipis<\/em>)<\/li>\n<li>Breu ressenya hist\u00f2rica <em>(Escollir un esdeveniment important)<\/em><\/li>\n<li>Informaci\u00f3 sobre el paisatge <em>(Fauna, flora, relleu, &#8230;)<\/em><\/li>\n<li>Principals vies de comunicaci\u00f3 <em>(Situaci\u00f3 al mapa de les principals vies)<\/em><\/li>\n<li>Economia <em>(Quin \u00e9s el motor econ\u00f2mic del municipi)<\/em><\/li>\n<li>Festes populars<\/li>\n<li>Llocs d&#8217;inter\u00e8s tur\u00edstic <em>(Qu\u00e8 visitar?)<\/em><\/li>\n<li>Bibliografia <em>(Fam\u00edlia, webs internet, llibres, guies, &#8230;)<\/em><\/li>\n<li>Opini\u00f3 personal<\/li>\n<\/ul>\n<p><strong>Castell\u00e0: Cantante en solitario<\/strong><\/p>\n<p>Gui\u00f3:<\/p>\n<ol>\n<li>\u00cdndice<\/li>\n<li>Nombre del personaje<\/li>\n<li>Descripci\u00f3n. C\u00f3mo es f\u00edsicamente, edad\u2026<\/li>\n<li>Lugar de procedencia. Situaci\u00f3n en un mapa.<\/li>\n<li>Estilo musical en el que se centra (si es cantante)<\/li>\n<li>Canciones m\u00e1s populares<\/li>\n<li>\u00bfPor qu\u00e9 has elegido este cantante?<\/li>\n<li>Opini\u00f3n personal.<\/li>\n<\/ol>\n","protected":false},"excerpt":{"rendered":"<p>Catal\u00e0: Municipi de la comarca del Bages Gui\u00f3: \u00cdndex Situaci\u00f3 geogr\u00e0fica (Situaci\u00f3 al mapa respecte d\u2019altres municipis) Breu ressenya hist\u00f2rica (Escollir un esdeveniment important) Informaci\u00f3 sobre el paisatge (Fauna, flora, relleu, &#8230;) Principals vies de comunicaci\u00f3 (Situaci\u00f3 al mapa de les principals vies) Economia (Quin \u00e9s el motor econ\u00f2mic del municipi) Festes populars Llocs d&#8217;inter\u00e8s [&hellip;]<\/p>\n","protected":false},"author":1,"featured_media":0,"parent":1627,"menu_order":6,"comment_status":"closed","ping_status":"closed","template":"page-templates\/side-menu.php","meta":{"_bbp_topic_count":0,"_bbp_reply_count":0,"_bbp_total_topic_count":0,"_bbp_total_reply_count":0,"_bbp_voice_count":0,"_bbp_anonymous_reply_count":0,"_bbp_topic_count_hidden":0,"_bbp_reply_count_hidden":0,"_bbp_forum_subforum_count":0,"site-sidebar-layout":"default","site-content-layout":"","ast-site-content-layout":"","site-content-style":"default","site-sidebar-style":"default","ast-global-header-display":"","ast-banner-title-visibility":"","ast-main-header-display":"","ast-hfb-above-header-display":"","ast-hfb-below-header-display":"","ast-hfb-mobile-header-display":"","site-post-title":"","ast-breadcrumbs-content":"","ast-featured-img":"","footer-sml-layout":"","theme-transparent-header-meta":"","adv-header-id-meta":"","stick-header-meta":"","header-above-stick-meta":"","header-main-stick-meta":"","header-below-stick-meta":"","astra-migrate-meta-layouts":"default","ast-page-background-enabled":"default","ast-page-background-meta":{"desktop":{"background-color":"var(--ast-global-color-4)","background-image":"","background-repeat":"repeat","background-position":"center center","background-size":"auto","background-attachment":"scroll","background-type":"","background-media":"","overlay-type":"","overlay-color":"","overlay-opacity":"","overlay-gradient":""},"tablet":{"background-color":"","background-image":"","background-repeat":"repeat","background-position":"center center","background-size":"auto","background-attachment":"scroll","background-type":"","background-media":"","overlay-type":"","overlay-color":"","overlay-opacity":"","overlay-gradient":""},"mobile":{"background-color":"","background-image":"","background-repeat":"repeat","background-position":"center center","background-size":"auto","background-attachment":"scroll","background-type":"","background-media":"","overlay-type":"","overlay-color":"","overlay-opacity":"","overlay-gradient":""}},"ast-content-background-meta":{"desktop":{"background-color":"var(--ast-global-color-5)","background-image":"","background-repeat":"repeat","background-position":"center center","background-size":"auto","background-attachment":"scroll","background-type":"","background-media":"","overlay-type":"","overlay-color":"","overlay-opacity":"","overlay-gradient":""},"tablet":{"background-color":"var(--ast-global-color-5)","background-image":"","background-repeat":"repeat","background-position":"center center","background-size":"auto","background-attachment":"scroll","background-type":"","background-media":"","overlay-type":"","overlay-color":"","overlay-opacity":"","overlay-gradient":""},"mobile":{"background-color":"var(--ast-global-color-5)","background-image":"","background-repeat":"repeat","background-position":"center center","background-size":"auto","background-attachment":"scroll","background-type":"","background-media":"","overlay-type":"","overlay-color":"","overlay-opacity":"","overlay-gradient":""}},"footnotes":""},"class_list":["post-2151","page","type-page","status-publish","hentry"],"post_mailing_queue_ids":[],"_links":{"self":[{"href":"https:\/\/agora.xtec.cat\/esc-santmiquel-castellgali\/wp-json\/wp\/v2\/pages\/2151","targetHints":{"allow":["GET"]}}],"collection":[{"href":"https:\/\/agora.xtec.cat\/esc-santmiquel-castellgali\/wp-json\/wp\/v2\/pages"}],"about":[{"href":"https:\/\/agora.xtec.cat\/esc-santmiquel-castellgali\/wp-json\/wp\/v2\/types\/page"}],"author":[{"embeddable":true,"href":"https:\/\/agora.xtec.cat\/esc-santmiquel-castellgali\/wp-json\/wp\/v2\/users\/1"}],"replies":[{"embeddable":true,"href":"https:\/\/agora.xtec.cat\/esc-santmiquel-castellgali\/wp-json\/wp\/v2\/comments?post=2151"}],"version-history":[{"count":3,"href":"https:\/\/agora.xtec.cat\/esc-santmiquel-castellgali\/wp-json\/wp\/v2\/pages\/2151\/revisions"}],"predecessor-version":[{"id":10570,"href":"https:\/\/agora.xtec.cat\/esc-santmiquel-castellgali\/wp-json\/wp\/v2\/pages\/2151\/revisions\/10570"}],"up":[{"embeddable":true,"href":"https:\/\/agora.xtec.cat\/esc-santmiquel-castellgali\/wp-json\/wp\/v2\/pages\/1627"}],"wp:attachment":[{"href":"https:\/\/agora.xtec.cat\/esc-santmiquel-castellgali\/wp-json\/wp\/v2\/media?parent=2151"}],"curies":[{"name":"wp","href":"https:\/\/api.w.org\/{rel}","templated":true}]}}

<p><strong>Català: Municipi de la comarca del Bages</strong></p>
<p>Guió:</p>
<ul>
<li>Índex</li>
<li>Situació geogràfica (<em>Situació al mapa respecte d’altres municipis</em>)</li>
<li>Breu ressenya històrica <em>(Escollir un esdeveniment important)</em></li>
<li>Informació sobre el paisatge <em>(Fauna, flora, relleu, &#8230;)</em></li>
<li>Principals vies de comunicació <em>(Situació al mapa de les principals vies)</em></li>
<li>Economia <em>(Quin és el motor econòmic del municipi)</em></li>
<li>Festes populars</li>
<li>Llocs d&#8217;interès turístic <em>(Què visitar?)</em></li>
<li>Bibliografia <em>(Família, webs internet, llibres, guies, &#8230;)</em></li>
<li>Opinió personal</li>
</ul>
<p><strong>Castellà: Cantante en solitario</strong></p>
<p>Guió:</p>
<ol>
<li>Índice</li>
<li>Nombre del personaje</li>
<li>Descripción. Cómo es físicamente, edad…</li>
<li>Lugar de procedencia. Situación en un mapa.</li>
<li>Estilo musical en el que se centra (si es cantante)</li>
<li>Canciones más populares</li>
<li>¿Por qué has elegido este cantante?</li>
<li>Opinión personal.</li>
</ol>

<p>Català: Municipi de la comarca del Bages Guió: Índex Situació geogràfica (Situació al mapa respecte d’altres municipis) Breu ressenya històrica (Escollir un esdeveniment important) Informació sobre el paisatge (Fauna, flora, relleu, &#8230;) Principals vies de comunicació (Situació al mapa de les principals vies) Economia (Quin és el motor econòmic del municipi) Festes populars Llocs d&#8217;interès [&hellip;]</p>
