{"id":1627,"date":"2017-07-06T09:01:35","date_gmt":"2017-07-06T07:01:35","guid":{"rendered":"http:\/\/agora.xtec.cat\/esc-santmiquel-castellgali\/?page_id=1627"},"modified":"2021-10-09T15:45:23","modified_gmt":"2021-10-09T13:45:23","slug":"reporter","status":"publish","type":"page","link":"https:\/\/agora.xtec.cat\/esc-santmiquel-castellgali\/curs-2020-21\/reporter\/","title":{"rendered":"Reporter"},"content":{"rendered":"<p>\u00c9s una activitat pensada per treballar la compet\u00e8ncia oral de tot l&#8217;alumnat de l&#8217;escola i que t\u00e9 com a objectiu fomentar des de ben petits i petites l&#8217;expressi\u00f3 oral.<\/p>\n<p>Els principals aspectes que s&#8217;avaluen amb aquesta activitat s\u00f3n: si s&#8217;expressa amb claredat, vocalitza b\u00e9 i el seu to de veu \u00e9s l&#8217;adequat. Que el discurs sigui ordenat fent servir paraules pr\u00f2pies, mirant als companys\/es quan parli i acompanyant el seu discurs amb el gest. Tot aix\u00f2, utilitzant correctament el material de suport.<\/p>\n<p>A cada nivell d&#8217;educaci\u00f3 infantil i cicle inicial es fa una exposici\u00f3 per curs i es fa en llengua catalana.<\/p>\n<p>A cicle mitj\u00e0 se&#8217;n fan dues, una en llengua catalana i l&#8217;altra en llengua castellana.<\/p>\n<p>A cicle superior se&#8217;n fan tres, una en llengua catalana, una en llengua castellana i una en llengua anglesa.<\/p>\n<p>En els nivells superiors els propis alumnes s&#8217;autoavaluen i coavaluen per millorar la pr\u00f2pia compet\u00e8ncia comunicativa.<\/p>\n<p>Alguns dels temes per nivells s\u00f3n:<\/p>\n<p>P3 &#8211; <a href=\"http:\/\/agora.xtec.cat\/esc-santmiquel-castellgali\/projecte-educatiu\/reporter\/reporters-a-educacio-infantil\/\">Foto vivencial<\/a><\/p>\n<p>P4 &#8211; <a href=\"http:\/\/agora.xtec.cat\/esc-santmiquel-castellgali\/projecte-educatiu\/reporter\/reporters-a-educacio-infantil\/\">Sortida en fam\u00edlia<\/a><\/p>\n<p>P5 &#8211; <a href=\"http:\/\/agora.xtec.cat\/esc-santmiquel-castellgali\/projecte-educatiu\/reporter\/reporters-a-educacio-infantil\/\">Animals<\/a><\/p>\n<p>1r &#8211; <a href=\"http:\/\/agora.xtec.cat\/esc-santmiquel-castellgali\/projecte-educatiu\/reporter\/1r-la-recepta\/\">Recepta<\/a><\/p>\n<p>2n &#8211; <a href=\"https:\/\/agora.xtec.cat\/esc-santmiquel-castellgali\/projecte-educatiu\/reporter\/2n-jocs-darreu-del-mon\/\" target=\"_blank\" rel=\"noopener noreferrer\">Explica com fer&#8230;<\/a><\/p>\n<p>3r &#8211; <a href=\"http:\/\/agora.xtec.cat\/esc-santmiquel-castellgali\/projecte-educatiu\/reporter\/3r\/\">Catal\u00e0: Localitat del Bages i Castell\u00e0: Cantante en solitario<\/a><\/p>\n<p>4t &#8211; <a href=\"http:\/\/agora.xtec.cat\/esc-santmiquel-castellgali\/projecte-educatiu\/reporter\/4t-comarca-de-catalunya\/\">Catal\u00e0: Comarca de Catalunya i Castell\u00e0: Personaje famoso\/a<\/a><\/p>\n<p>5\u00e8 &#8211; <a href=\"http:\/\/agora.xtec.cat\/esc-santmiquel-castellgali\/projecte-educatiu\/reporter\/cinque-les-comunitats-autonomes-despanya\/\">Catal\u00e0: Comunitats Aut\u00f2nomes, Castell\u00e0 i Angl\u00e8s: El tema i gui\u00f3 varia cada curs<\/a><\/p>\n<p>6\u00e8 &#8211; <a href=\"http:\/\/agora.xtec.cat\/esc-santmiquel-castellgali\/projecte-educatiu\/reporter\/6e-paisos-de-la-comunitat-europea\/\">Catal\u00e0: Pa\u00efsos de la Comunitat Europea, Castell\u00e0 i Angl\u00e8s: <\/a><a href=\"http:\/\/agora.xtec.cat\/esc-santmiquel-castellgali\/projecte-educatiu\/reporter\/cinque-les-comunitats-autonomes-despanya\/\">El tema i gui\u00f3 varia cada curs<\/a><\/p>\n","protected":false},"excerpt":{"rendered":"<p>\u00c9s una activitat pensada per treballar la compet\u00e8ncia oral de tot l&#8217;alumnat de l&#8217;escola i que t\u00e9 com a objectiu fomentar des de ben petits i petites l&#8217;expressi\u00f3 oral. Els principals aspectes que s&#8217;avaluen amb aquesta activitat s\u00f3n: si s&#8217;expressa amb claredat, vocalitza b\u00e9 i el seu to de veu \u00e9s l&#8217;adequat. Que el discurs [&hellip;]<\/p>\n","protected":false},"author":1,"featured_media":0,"parent":11103,"menu_order":14,"comment_status":"closed","ping_status":"closed","template":"page-templates\/side-menu.php","meta":{"_bbp_topic_count":0,"_bbp_reply_count":0,"_bbp_total_topic_count":0,"_bbp_total_reply_count":0,"_bbp_voice_count":0,"_bbp_anonymous_reply_count":0,"_bbp_topic_count_hidden":0,"_bbp_reply_count_hidden":0,"_bbp_forum_subforum_count":0,"site-sidebar-layout":"default","site-content-layout":"","ast-site-content-layout":"","site-content-style":"default","site-sidebar-style":"default","ast-global-header-display":"","ast-banner-title-visibility":"","ast-main-header-display":"","ast-hfb-above-header-display":"","ast-hfb-below-header-display":"","ast-hfb-mobile-header-display":"","site-post-title":"","ast-breadcrumbs-content":"","ast-featured-img":"","footer-sml-layout":"","theme-transparent-header-meta":"","adv-header-id-meta":"","stick-header-meta":"","header-above-stick-meta":"","header-main-stick-meta":"","header-below-stick-meta":"","astra-migrate-meta-layouts":"default","ast-page-background-enabled":"default","ast-page-background-meta":{"desktop":{"background-color":"var(--ast-global-color-4)","background-image":"","background-repeat":"repeat","background-position":"center center","background-size":"auto","background-attachment":"scroll","background-type":"","background-media":"","overlay-type":"","overlay-color":"","overlay-opacity":"","overlay-gradient":""},"tablet":{"background-color":"","background-image":"","background-repeat":"repeat","background-position":"center center","background-size":"auto","background-attachment":"scroll","background-type":"","background-media":"","overlay-type":"","overlay-color":"","overlay-opacity":"","overlay-gradient":""},"mobile":{"background-color":"","background-image":"","background-repeat":"repeat","background-position":"center center","background-size":"auto","background-attachment":"scroll","background-type":"","background-media":"","overlay-type":"","overlay-color":"","overlay-opacity":"","overlay-gradient":""}},"ast-content-background-meta":{"desktop":{"background-color":"var(--ast-global-color-5)","background-image":"","background-repeat":"repeat","background-position":"center center","background-size":"auto","background-attachment":"scroll","background-type":"","background-media":"","overlay-type":"","overlay-color":"","overlay-opacity":"","overlay-gradient":""},"tablet":{"background-color":"var(--ast-global-color-5)","background-image":"","background-repeat":"repeat","background-position":"center center","background-size":"auto","background-attachment":"scroll","background-type":"","background-media":"","overlay-type":"","overlay-color":"","overlay-opacity":"","overlay-gradient":""},"mobile":{"background-color":"var(--ast-global-color-5)","background-image":"","background-repeat":"repeat","background-position":"center center","background-size":"auto","background-attachment":"scroll","background-type":"","background-media":"","overlay-type":"","overlay-color":"","overlay-opacity":"","overlay-gradient":""}},"footnotes":""},"class_list":["post-1627","page","type-page","status-publish","hentry"],"post_mailing_queue_ids":[],"_links":{"self":[{"href":"https:\/\/agora.xtec.cat\/esc-santmiquel-castellgali\/wp-json\/wp\/v2\/pages\/1627","targetHints":{"allow":["GET"]}}],"collection":[{"href":"https:\/\/agora.xtec.cat\/esc-santmiquel-castellgali\/wp-json\/wp\/v2\/pages"}],"about":[{"href":"https:\/\/agora.xtec.cat\/esc-santmiquel-castellgali\/wp-json\/wp\/v2\/types\/page"}],"author":[{"embeddable":true,"href":"https:\/\/agora.xtec.cat\/esc-santmiquel-castellgali\/wp-json\/wp\/v2\/users\/1"}],"replies":[{"embeddable":true,"href":"https:\/\/agora.xtec.cat\/esc-santmiquel-castellgali\/wp-json\/wp\/v2\/comments?post=1627"}],"version-history":[{"count":3,"href":"https:\/\/agora.xtec.cat\/esc-santmiquel-castellgali\/wp-json\/wp\/v2\/pages\/1627\/revisions"}],"predecessor-version":[{"id":11060,"href":"https:\/\/agora.xtec.cat\/esc-santmiquel-castellgali\/wp-json\/wp\/v2\/pages\/1627\/revisions\/11060"}],"up":[{"embeddable":true,"href":"https:\/\/agora.xtec.cat\/esc-santmiquel-castellgali\/wp-json\/wp\/v2\/pages\/11103"}],"wp:attachment":[{"href":"https:\/\/agora.xtec.cat\/esc-santmiquel-castellgali\/wp-json\/wp\/v2\/media?parent=1627"}],"curies":[{"name":"wp","href":"https:\/\/api.w.org\/{rel}","templated":true}]}}