{"id":11111,"date":"2021-02-23T19:28:16","date_gmt":"2021-02-23T18:28:16","guid":{"rendered":"https:\/\/agora.xtec.cat\/esc-santmiquel-castellgali\/?page_id=11111"},"modified":"2026-01-14T11:09:22","modified_gmt":"2026-01-14T10:09:22","slug":"ampa","status":"publish","type":"page","link":"https:\/\/agora.xtec.cat\/esc-santmiquel-castellgali\/ampa\/","title":{"rendered":"Comunicaci\u00f3 AFA"},"content":{"rendered":"<p style=\"text-align: left;\">Podeu posar-vos en contacte amb l&#8217;AFA a trav\u00e9s dels correus seg\u00fcents segons el tema del vostre inter\u00e8s:<\/p>\n<table class=\" aligncenter\" style=\"border-collapse: collapse; width: 62.1302%; height: 351px;\">\n<tbody>\n<tr style=\"height: 52px;\">\n<td style=\"width: 62.7265%; background-color: #50f74d; height: 52px;\" colspan=\"3\"><span style=\"font-size: 16px;\">afa@escolasantmiquel<\/span><\/td>\n<\/tr>\n<tr style=\"height: 31px;\">\n<td style=\"width: 16.015%; height: 31px;\"><span style=\"font-size: 12px;\">Presid\u00e8ncia<\/span><\/td>\n<td style=\"width: 26.2873%; height: 31px;\"><span style=\"font-size: 12px;\">Emi P\u00e9rez<\/span><\/td>\n<td style=\"width: 20.4242%; height: 31px; background-color: #c2fcf8;\"><span style=\"font-size: 12px;\">presidencia@escolasantmiquel.cat<\/span><\/td>\n<\/tr>\n<tr style=\"height: 31px;\">\n<td style=\"width: 16.015%; height: 31px;\"><span style=\"font-size: 12px;\">Secretaria<\/span><\/td>\n<td style=\"width: 26.2873%; height: 31px;\"><span style=\"font-size: 12px;\">Paqui Granados<\/span><\/td>\n<td style=\"width: 20.4242%; height: 31px; background-color: #c2fcf8;\"><span style=\"font-size: 12px;\">secretaria@escolasantmiquel.cat<\/span><\/td>\n<\/tr>\n<tr style=\"height: 31px;\">\n<td style=\"width: 16.015%; height: 31px;\"><span style=\"font-size: 12px;\">Tresoreria<\/span><\/td>\n<td style=\"width: 26.2873%; height: 31px;\"><span style=\"font-size: 12px;\">Lorena Padilla<\/span><\/td>\n<td style=\"width: 20.4242%; height: 31px; background-color: #c2fcf8;\"><span style=\"font-size: 12px;\">tresoreria@escolasantmiquel.cat<\/span><\/td>\n<\/tr>\n<tr style=\"height: 31px;\">\n<td style=\"width: 16.015%; height: 31px;\"><span style=\"font-size: 12px;\">Llibres<\/span><\/td>\n<td style=\"width: 26.2873%; height: 31px;\"><span style=\"font-size: 12px;\">Ornella Flores<\/span><\/td>\n<td style=\"width: 20.4242%; height: 31px; background-color: #c2fcf8;\"><span style=\"font-size: 12px;\">llibres@escolasantmiquel.cat<\/span><\/td>\n<\/tr>\n<tr style=\"height: 31px;\">\n<td style=\"width: 16.015%; height: 31px; text-align: left;\"><span style=\"font-size: 12px;\">Extraescolars<\/span><\/td>\n<td style=\"width: 26.2873%; height: 31px;\"><span style=\"font-size: 12px;\">Monica Mirabet<\/span><\/td>\n<td style=\"width: 20.4242%; height: 31px; background-color: #c2fcf8;\"><span style=\"font-size: 12px;\">extraescolars@escolasantmiquel.cat<\/span><\/td>\n<\/tr>\n<tr style=\"height: 31px;\">\n<td style=\"width: 16.015%; height: 31px;\"><span style=\"font-size: 12px;\">Festes<\/span><\/td>\n<td style=\"width: 26.2873%; height: 31px;\"><span style=\"font-size: 12px;\">M. Jos\u00e9 Quijada<\/span><\/td>\n<td style=\"width: 20.4242%; height: 31px; background-color: #c2fcf8;\"><span style=\"font-size: 12px;\">festes@escolasantmiquel.cat<\/span><\/td>\n<\/tr>\n<tr style=\"height: 31px;\">\n<td style=\"width: 16.015%; height: 31px;\"><span style=\"font-size: 12px;\">Menjador<\/span><\/td>\n<td style=\"width: 26.2873%; height: 31px;\"><span style=\"font-size: 12px;\">Loida Sim\u00f3n<\/span><\/td>\n<td style=\"width: 20.4242%; height: 31px; background-color: #c2fcf8;\"><span style=\"font-size: 12px;\">menjador@escolasantmiquel.cat<\/span><\/td>\n<\/tr>\n<tr style=\"height: 82px;\">\n<td style=\"width: 16.015%; height: 82px;\"><span style=\"font-size: 12px;\">Acollida<\/span><\/td>\n<td style=\"width: 26.2873%; height: 82px;\"><span style=\"font-size: 12px;\">Paqui Granados<\/span><\/td>\n<td style=\"width: 20.4242%; background-color: #c2fcf8; height: 82px;\"><span style=\"font-size: 12px;\">acollida@escolasantmiquel.cat<\/span><\/td>\n<\/tr>\n<\/tbody>\n<\/table>\n<p>&nbsp;<\/p>\n<p>&nbsp;<\/p>\n<p>&nbsp;<\/p>\n<p>&nbsp;<\/p>\n<p>&nbsp;<\/p>\n<p>&nbsp;<\/p>\n<p>&nbsp;<\/p>\n<p>&nbsp;<\/p>\n","protected":false},"excerpt":{"rendered":"<p>Podeu posar-vos en contacte amb l&#8217;AFA a trav\u00e9s dels correus seg\u00fcents segons el tema del vostre inter\u00e8s: afa@escolasantmiquel Presid\u00e8ncia Emi P\u00e9rez presidencia@escolasantmiquel.cat Secretaria Paqui Granados secretaria@escolasantmiquel.cat Tresoreria Lorena Padilla tresoreria@escolasantmiquel.cat Llibres Ornella Flores llibres@escolasantmiquel.cat Extraescolars Monica Mirabet extraescolars@escolasantmiquel.cat Festes M. Jos\u00e9 Quijada festes@escolasantmiquel.cat Menjador Loida Sim\u00f3n menjador@escolasantmiquel.cat Acollida Paqui Granados acollida@escolasantmiquel.cat &nbsp; &nbsp; &nbsp; &nbsp; [&hellip;]<\/p>\n","protected":false},"author":1,"featured_media":0,"parent":0,"menu_order":0,"comment_status":"closed","ping_status":"closed","template":"","meta":{"_bbp_topic_count":0,"_bbp_reply_count":0,"_bbp_total_topic_count":0,"_bbp_total_reply_count":0,"_bbp_voice_count":0,"_bbp_anonymous_reply_count":0,"_bbp_topic_count_hidden":0,"_bbp_reply_count_hidden":0,"_bbp_forum_subforum_count":0,"site-sidebar-layout":"default","site-content-layout":"","ast-site-content-layout":"default","site-content-style":"default","site-sidebar-style":"default","ast-global-header-display":"","ast-banner-title-visibility":"","ast-main-header-display":"","ast-hfb-above-header-display":"","ast-hfb-below-header-display":"","ast-hfb-mobile-header-display":"","site-post-title":"","ast-breadcrumbs-content":"","ast-featured-img":"","footer-sml-layout":"","theme-transparent-header-meta":"default","adv-header-id-meta":"","stick-header-meta":"","header-above-stick-meta":"","header-main-stick-meta":"","header-below-stick-meta":"","astra-migrate-meta-layouts":"set","ast-page-background-enabled":"default","ast-page-background-meta":{"desktop":{"background-color":"var(--ast-global-color-4)","background-image":"","background-repeat":"repeat","background-position":"center center","background-size":"auto","background-attachment":"scroll","background-type":"","background-media":"","overlay-type":"","overlay-color":"","overlay-opacity":"","overlay-gradient":""},"tablet":{"background-color":"","background-image":"","background-repeat":"repeat","background-position":"center center","background-size":"auto","background-attachment":"scroll","background-type":"","background-media":"","overlay-type":"","overlay-color":"","overlay-opacity":"","overlay-gradient":""},"mobile":{"background-color":"","background-image":"","background-repeat":"repeat","background-position":"center center","background-size":"auto","background-attachment":"scroll","background-type":"","background-media":"","overlay-type":"","overlay-color":"","overlay-opacity":"","overlay-gradient":""}},"ast-content-background-meta":{"desktop":{"background-color":"var(--ast-global-color-5)","background-image":"","background-repeat":"repeat","background-position":"center center","background-size":"auto","background-attachment":"scroll","background-type":"","background-media":"","overlay-type":"","overlay-color":"","overlay-opacity":"","overlay-gradient":""},"tablet":{"background-color":"var(--ast-global-color-5)","background-image":"","background-repeat":"repeat","background-position":"center center","background-size":"auto","background-attachment":"scroll","background-type":"","background-media":"","overlay-type":"","overlay-color":"","overlay-opacity":"","overlay-gradient":""},"mobile":{"background-color":"var(--ast-global-color-5)","background-image":"","background-repeat":"repeat","background-position":"center center","background-size":"auto","background-attachment":"scroll","background-type":"","background-media":"","overlay-type":"","overlay-color":"","overlay-opacity":"","overlay-gradient":""}},"footnotes":""},"class_list":["post-11111","page","type-page","status-publish","hentry"],"post_mailing_queue_ids":[],"_links":{"self":[{"href":"https:\/\/agora.xtec.cat\/esc-santmiquel-castellgali\/wp-json\/wp\/v2\/pages\/11111","targetHints":{"allow":["GET"]}}],"collection":[{"href":"https:\/\/agora.xtec.cat\/esc-santmiquel-castellgali\/wp-json\/wp\/v2\/pages"}],"about":[{"href":"https:\/\/agora.xtec.cat\/esc-santmiquel-castellgali\/wp-json\/wp\/v2\/types\/page"}],"author":[{"embeddable":true,"href":"https:\/\/agora.xtec.cat\/esc-santmiquel-castellgali\/wp-json\/wp\/v2\/users\/1"}],"replies":[{"embeddable":true,"href":"https:\/\/agora.xtec.cat\/esc-santmiquel-castellgali\/wp-json\/wp\/v2\/comments?post=11111"}],"version-history":[{"count":7,"href":"https:\/\/agora.xtec.cat\/esc-santmiquel-castellgali\/wp-json\/wp\/v2\/pages\/11111\/revisions"}],"predecessor-version":[{"id":13227,"href":"https:\/\/agora.xtec.cat\/esc-santmiquel-castellgali\/wp-json\/wp\/v2\/pages\/11111\/revisions\/13227"}],"wp:attachment":[{"href":"https:\/\/agora.xtec.cat\/esc-santmiquel-castellgali\/wp-json\/wp\/v2\/media?parent=11111"}],"curies":[{"name":"wp","href":"https:\/\/api.w.org\/{rel}","templated":true}]}}

Comunicació AFA

<p style="text-align: left;">Podeu posar-vos en contacte amb l&#8217;AFA a través dels correus següents segons el tema del vostre interès:</p>
<table class=" aligncenter" style="border-collapse: collapse; width: 62.1302%; height: 351px;">
<tbody>
<tr style="height: 52px;">
<td style="width: 62.7265%; background-color: #50f74d; height: 52px;" colspan="3"><span style="font-size: 16px;">afa@escolasantmiquel</span></td>
</tr>
<tr style="height: 31px;">
<td style="width: 16.015%; height: 31px;"><span style="font-size: 12px;">Presidència</span></td>
<td style="width: 26.2873%; height: 31px;"><span style="font-size: 12px;">Emi Pérez</span></td>
<td style="width: 20.4242%; height: 31px; background-color: #c2fcf8;"><span style="font-size: 12px;">presidencia@escolasantmiquel.cat</span></td>
</tr>
<tr style="height: 31px;">
<td style="width: 16.015%; height: 31px;"><span style="font-size: 12px;">Secretaria</span></td>
<td style="width: 26.2873%; height: 31px;"><span style="font-size: 12px;">Paqui Granados</span></td>
<td style="width: 20.4242%; height: 31px; background-color: #c2fcf8;"><span style="font-size: 12px;">secretaria@escolasantmiquel.cat</span></td>
</tr>
<tr style="height: 31px;">
<td style="width: 16.015%; height: 31px;"><span style="font-size: 12px;">Tresoreria</span></td>
<td style="width: 26.2873%; height: 31px;"><span style="font-size: 12px;">Lorena Padilla</span></td>
<td style="width: 20.4242%; height: 31px; background-color: #c2fcf8;"><span style="font-size: 12px;">tresoreria@escolasantmiquel.cat</span></td>
</tr>
<tr style="height: 31px;">
<td style="width: 16.015%; height: 31px;"><span style="font-size: 12px;">Llibres</span></td>
<td style="width: 26.2873%; height: 31px;"><span style="font-size: 12px;">Ornella Flores</span></td>
<td style="width: 20.4242%; height: 31px; background-color: #c2fcf8;"><span style="font-size: 12px;">llibres@escolasantmiquel.cat</span></td>
</tr>
<tr style="height: 31px;">
<td style="width: 16.015%; height: 31px; text-align: left;"><span style="font-size: 12px;">Extraescolars</span></td>
<td style="width: 26.2873%; height: 31px;"><span style="font-size: 12px;">Monica Mirabet</span></td>
<td style="width: 20.4242%; height: 31px; background-color: #c2fcf8;"><span style="font-size: 12px;">extraescolars@escolasantmiquel.cat</span></td>
</tr>
<tr style="height: 31px;">
<td style="width: 16.015%; height: 31px;"><span style="font-size: 12px;">Festes</span></td>
<td style="width: 26.2873%; height: 31px;"><span style="font-size: 12px;">M. José Quijada</span></td>
<td style="width: 20.4242%; height: 31px; background-color: #c2fcf8;"><span style="font-size: 12px;">festes@escolasantmiquel.cat</span></td>
</tr>
<tr style="height: 31px;">
<td style="width: 16.015%; height: 31px;"><span style="font-size: 12px;">Menjador</span></td>
<td style="width: 26.2873%; height: 31px;"><span style="font-size: 12px;">Loida Simón</span></td>
<td style="width: 20.4242%; height: 31px; background-color: #c2fcf8;"><span style="font-size: 12px;">menjador@escolasantmiquel.cat</span></td>
</tr>
<tr style="height: 82px;">
<td style="width: 16.015%; height: 82px;"><span style="font-size: 12px;">Acollida</span></td>
<td style="width: 26.2873%; height: 82px;"><span style="font-size: 12px;">Paqui Granados</span></td>
<td style="width: 20.4242%; background-color: #c2fcf8; height: 82px;"><span style="font-size: 12px;">acollida@escolasantmiquel.cat</span></td>
</tr>
</tbody>
</table>
<p>&nbsp;</p>
<p>&nbsp;</p>
<p>&nbsp;</p>
<p>&nbsp;</p>
<p>&nbsp;</p>
<p>&nbsp;</p>
<p>&nbsp;</p>
<p>&nbsp;</p>

<p>Podeu posar-vos en contacte amb l&#8217;AFA a través dels correus següents segons el tema del vostre interès: afa@escolasantmiquel Presidència Emi Pérez presidencia@escolasantmiquel.cat Secretaria Paqui Granados secretaria@escolasantmiquel.cat Tresoreria Lorena Padilla tresoreria@escolasantmiquel.cat Llibres Ornella Flores llibres@escolasantmiquel.cat Extraescolars Monica Mirabet extraescolars@escolasantmiquel.cat Festes M. José Quijada festes@escolasantmiquel.cat Menjador Loida Simón menjador@escolasantmiquel.cat Acollida Paqui Granados acollida@escolasantmiquel.cat &nbsp; &nbsp; &nbsp; &nbsp; [&hellip;]</p>
