{"id":1032,"date":"2016-09-13T21:25:57","date_gmt":"2016-09-13T19:25:57","guid":{"rendered":"http:\/\/agora.xtec.cat\/esc-santmiquel-castellgali\/?page_id=1032"},"modified":"2026-01-14T09:20:24","modified_gmt":"2026-01-14T08:20:24","slug":"projecte-reciclatge-de-llibres","status":"publish","type":"page","link":"https:\/\/agora.xtec.cat\/esc-santmiquel-castellgali\/ampa\/projecte-reciclatge-de-llibres\/","title":{"rendered":"Projecte Reciclatge de llibres"},"content":{"rendered":"<p><img loading=\"lazy\" decoding=\"async\" class=\"alignright wp-image-1035 size-full\" src=\"http:\/\/agora.xtec.cat\/esc-santmiquel-castellgali\/wp-content\/uploads\/usu103\/2016\/09\/Reciclatge01_pixabay-e1473791859270.png\" alt=\"Reciclatge01_pixabay\" width=\"150\" height=\"156\" \/><strong>La import\u00e0ncia del reciclatge de llibres<\/strong><\/p>\n<p>Des del 2006 aquest projecte est\u00e0 funcionant a la nostra escola gr\u00e0cies a la gesti\u00f3 de l&#8217;AFA. \u00c9s una bona manera de fer entendre als nens i nenes la import\u00e0ncia de la reutilitzaci\u00f3 dels llibres. Penseu que un llibre ben tractat pot arribar a fer-se servir fins a tres o quatre cursos.<\/p>\n<p>El reciclatge a m\u00e9s a m\u00e9s de reduir la despesa en paper i de tenir efectes positius en el nostre medi ambient, \u00e9s una bona manera d&#8217;estalviar una part important de diners a les fam\u00edlies.<\/p>\n<p>Per aix\u00f2 \u00e9s indispensable la <span style=\"text-decoration: underline;\">conscienciaci\u00f3<\/span> i <span style=\"text-decoration: underline;\">participaci\u00f3<\/span> de tot l&#8217;alumnat, les fam\u00edlies i l&#8217;escola en el Reciclatge del material escolar.<\/p>\n<p><strong><br \/>\nCompromisos del reciclatge<\/strong><\/p>\n<p><img loading=\"lazy\" decoding=\"async\" class=\"size-full wp-image-1037 alignleft\" src=\"http:\/\/agora.xtec.cat\/esc-santmiquel-castellgali\/wp-content\/uploads\/usu103\/2016\/09\/Reciclatge03_pixabay_kativa-e1473792945383.png\" alt=\"Reciclatge03_pixabay_kativa\" width=\"150\" height=\"146\" \/>Participar en el programa de reciclatge\u00a0comporta els seg\u00fcents drets i deures:<br \/>\n&#8211; Pagament de la quota de l&#8217;AFA.<br \/>\n&#8211; Tenir cura i mantenir els llibres en bon estat en tot moment: No escriure, dibuixar o trencar les p\u00e0gines.<br \/>\n&#8211; En cas que es faci malb\u00e9 algun llibre o es perdi, comunicar-ho al tutor\/a de seguida per tal que informi a la\u00a0comissi\u00f3 de\u00a0llibres.<br \/>\n&#8211; Si el folre es fa malb\u00e9 durant el curs, s&#8217;ha de canviar.<\/p>\n","protected":false},"excerpt":{"rendered":"<p>La import\u00e0ncia del reciclatge de llibres Des del 2006 aquest projecte est\u00e0 funcionant a la nostra escola gr\u00e0cies a la gesti\u00f3 de l&#8217;AFA. \u00c9s una bona manera de fer entendre als nens i nenes la import\u00e0ncia de la reutilitzaci\u00f3 dels llibres. Penseu que un llibre ben tractat pot arribar a fer-se servir fins a tres [&hellip;]<\/p>\n","protected":false},"author":1,"featured_media":0,"parent":11111,"menu_order":10,"comment_status":"closed","ping_status":"closed","template":"","meta":{"_bbp_topic_count":0,"_bbp_reply_count":0,"_bbp_total_topic_count":0,"_bbp_total_reply_count":0,"_bbp_voice_count":0,"_bbp_anonymous_reply_count":0,"_bbp_topic_count_hidden":0,"_bbp_reply_count_hidden":0,"_bbp_forum_subforum_count":0,"site-sidebar-layout":"default","site-content-layout":"","ast-site-content-layout":"default","site-content-style":"default","site-sidebar-style":"default","ast-global-header-display":"","ast-banner-title-visibility":"","ast-main-header-display":"","ast-hfb-above-header-display":"","ast-hfb-below-header-display":"","ast-hfb-mobile-header-display":"","site-post-title":"","ast-breadcrumbs-content":"","ast-featured-img":"","footer-sml-layout":"","theme-transparent-header-meta":"default","adv-header-id-meta":"","stick-header-meta":"","header-above-stick-meta":"","header-main-stick-meta":"","header-below-stick-meta":"","astra-migrate-meta-layouts":"set","ast-page-background-enabled":"default","ast-page-background-meta":{"desktop":{"background-color":"var(--ast-global-color-4)","background-image":"","background-repeat":"repeat","background-position":"center center","background-size":"auto","background-attachment":"scroll","background-type":"","background-media":"","overlay-type":"","overlay-color":"","overlay-opacity":"","overlay-gradient":""},"tablet":{"background-color":"","background-image":"","background-repeat":"repeat","background-position":"center center","background-size":"auto","background-attachment":"scroll","background-type":"","background-media":"","overlay-type":"","overlay-color":"","overlay-opacity":"","overlay-gradient":""},"mobile":{"background-color":"","background-image":"","background-repeat":"repeat","background-position":"center center","background-size":"auto","background-attachment":"scroll","background-type":"","background-media":"","overlay-type":"","overlay-color":"","overlay-opacity":"","overlay-gradient":""}},"ast-content-background-meta":{"desktop":{"background-color":"var(--ast-global-color-5)","background-image":"","background-repeat":"repeat","background-position":"center center","background-size":"auto","background-attachment":"scroll","background-type":"","background-media":"","overlay-type":"","overlay-color":"","overlay-opacity":"","overlay-gradient":""},"tablet":{"background-color":"var(--ast-global-color-5)","background-image":"","background-repeat":"repeat","background-position":"center center","background-size":"auto","background-attachment":"scroll","background-type":"","background-media":"","overlay-type":"","overlay-color":"","overlay-opacity":"","overlay-gradient":""},"mobile":{"background-color":"var(--ast-global-color-5)","background-image":"","background-repeat":"repeat","background-position":"center center","background-size":"auto","background-attachment":"scroll","background-type":"","background-media":"","overlay-type":"","overlay-color":"","overlay-opacity":"","overlay-gradient":""}},"footnotes":""},"class_list":["post-1032","page","type-page","status-publish","hentry"],"post_mailing_queue_ids":[],"_links":{"self":[{"href":"https:\/\/agora.xtec.cat\/esc-santmiquel-castellgali\/wp-json\/wp\/v2\/pages\/1032","targetHints":{"allow":["GET"]}}],"collection":[{"href":"https:\/\/agora.xtec.cat\/esc-santmiquel-castellgali\/wp-json\/wp\/v2\/pages"}],"about":[{"href":"https:\/\/agora.xtec.cat\/esc-santmiquel-castellgali\/wp-json\/wp\/v2\/types\/page"}],"author":[{"embeddable":true,"href":"https:\/\/agora.xtec.cat\/esc-santmiquel-castellgali\/wp-json\/wp\/v2\/users\/1"}],"replies":[{"embeddable":true,"href":"https:\/\/agora.xtec.cat\/esc-santmiquel-castellgali\/wp-json\/wp\/v2\/comments?post=1032"}],"version-history":[{"count":5,"href":"https:\/\/agora.xtec.cat\/esc-santmiquel-castellgali\/wp-json\/wp\/v2\/pages\/1032\/revisions"}],"predecessor-version":[{"id":13216,"href":"https:\/\/agora.xtec.cat\/esc-santmiquel-castellgali\/wp-json\/wp\/v2\/pages\/1032\/revisions\/13216"}],"up":[{"embeddable":true,"href":"https:\/\/agora.xtec.cat\/esc-santmiquel-castellgali\/wp-json\/wp\/v2\/pages\/11111"}],"wp:attachment":[{"href":"https:\/\/agora.xtec.cat\/esc-santmiquel-castellgali\/wp-json\/wp\/v2\/media?parent=1032"}],"curies":[{"name":"wp","href":"https:\/\/api.w.org\/{rel}","templated":true}]}}

<p><img loading="lazy" decoding="async" class="alignright wp-image-1035 size-full" src="http://agora.xtec.cat/esc-santmiquel-castellgali/wp-content/uploads/usu103/2016/09/Reciclatge01_pixabay-e1473791859270.png" alt="Reciclatge01_pixabay" width="150" height="156" /><strong>La importància del reciclatge de llibres</strong></p>
<p>Des del 2006 aquest projecte està funcionant a la nostra escola gràcies a la gestió de l&#8217;AFA. És una bona manera de fer entendre als nens i nenes la importància de la reutilització dels llibres. Penseu que un llibre ben tractat pot arribar a fer-se servir fins a tres o quatre cursos.</p>
<p>El reciclatge a més a més de reduir la despesa en paper i de tenir efectes positius en el nostre medi ambient, és una bona manera d&#8217;estalviar una part important de diners a les famílies.</p>
<p>Per això és indispensable la <span style="text-decoration: underline;">conscienciació</span> i <span style="text-decoration: underline;">participació</span> de tot l&#8217;alumnat, les famílies i l&#8217;escola en el Reciclatge del material escolar.</p>
<p><strong><br />
Compromisos del reciclatge</strong></p>
<p><img loading="lazy" decoding="async" class="size-full wp-image-1037 alignleft" src="http://agora.xtec.cat/esc-santmiquel-castellgali/wp-content/uploads/usu103/2016/09/Reciclatge03_pixabay_kativa-e1473792945383.png" alt="Reciclatge03_pixabay_kativa" width="150" height="146" />Participar en el programa de reciclatge comporta els següents drets i deures:<br />
&#8211; Pagament de la quota de l&#8217;AFA.<br />
&#8211; Tenir cura i mantenir els llibres en bon estat en tot moment: No escriure, dibuixar o trencar les pàgines.<br />
&#8211; En cas que es faci malbé algun llibre o es perdi, comunicar-ho al tutor/a de seguida per tal que informi a la comissió de llibres.<br />
&#8211; Si el folre es fa malbé durant el curs, s&#8217;ha de canviar.</p>

<p>La importància del reciclatge de llibres Des del 2006 aquest projecte està funcionant a la nostra escola gràcies a la gestió de l&#8217;AFA. És una bona manera de fer entendre als nens i nenes la importància de la reutilització dels llibres. Penseu que un llibre ben tractat pot arribar a fer-se servir fins a tres [&hellip;]</p>
