{"id":543,"date":"2017-11-25T00:51:27","date_gmt":"2017-11-24T23:51:27","guid":{"rendered":"http:\/\/agora.xtec.cat\/esc-santjordi-svmontalt\/?page_id=543"},"modified":"2022-07-08T09:27:20","modified_gmt":"2022-07-08T07:27:20","slug":"el-nostre-centre","status":"publish","type":"page","link":"https:\/\/agora.xtec.cat\/esc-santjordi-svmontalt\/lescola\/el-nostre-centre\/","title":{"rendered":"El nostre centre"},"content":{"rendered":"<p>L\u2019escola Sant Jordi \u00e9s un centre p\u00fablic que dep\u00e8n del Departament d\u2019Ensenyament de la Generalitat de Catalunya.<\/p>\n<p>L\u2019escola acull una l\u00ednia del segon cicle d\u2019educaci\u00f3 infantil i una l\u00ednia d\u2019educaci\u00f3 prim\u00e0ria.<\/p>\n<p>La llengua catalana \u00e9s la llengua vehicular d\u2019aprenentatge i d\u2019administraci\u00f3 de l\u2019activitat escolar. El proc\u00e9s de sistematitzaci\u00f3 de la llengua castellana s\u2019inicia al primer curs de cicle inicial de prim\u00e0ria. La llengua estrangera \u00e9s l\u2019angl\u00e8s i s\u2019ofereix des d&#8217;Infantil 4.<\/p>\n<p>La nostra escola \u00e9s:<\/p>\n<ul style=\"list-style-type: circle;\">\n<li>Escola Plural, respectant totes les ideologies i creences<\/li>\n<li>Escola Activa, fomentant l\u2019experimentaci\u00f3, l\u2019estudi i l\u2019observaci\u00f3 per arribar a l\u2019adquisici\u00f3 dels coneixements.<\/li>\n<li>Escola Oberta, integrada en la vida social i cultural del poble.<\/li>\n<li>Escola Verda, educant en la participaci\u00f3, desenvolupament sostenible i millora del nostre entorn<\/li>\n<\/ul>\n<p>L\u2019escola ajudar\u00e0 al desenvolupament integral de la personalitat dels nens i nenes i facilitar\u00e0 instruments de treball en les diferents \u00e0rees de coneixement aix\u00ed com l\u2019adquisici\u00f3 d\u2019uns bons h\u00e0bits de treball i d\u2019estudi.<\/p>\n","protected":false},"excerpt":{"rendered":"<p>L\u2019escola Sant Jordi \u00e9s un centre p\u00fablic que dep\u00e8n del Departament d\u2019Ensenyament de la Generalitat de Catalunya.<br \/>\nL\u2019escola acull una l\u00ednia del segon cicle d\u2019educaci\u00f3 infantil i una l\u00ednia d\u2019educaci\u00f3 prim\u00e0ria.<br \/>\nLa llengua catalana \u00e9s la llengua vehicular d\u2019aprenentatge i d\u2019administraci\u00f3 de l\u2019activitat escolar. El proc\u00e9s de&hellip;  <a href=\"https:\/\/agora.xtec.cat\/esc-santjordi-svmontalt\/lescola\/el-nostre-centre\/\" title=\"Read El nostre centre\">Llegeix m\u00e9s\u00bb<\/a><\/p>\n","protected":false},"author":1,"featured_media":0,"parent":22,"menu_order":0,"comment_status":"closed","ping_status":"closed","template":"page-templates\/side-menu.php","meta":{"_bbp_topic_count":0,"_bbp_reply_count":0,"_bbp_total_topic_count":0,"_bbp_total_reply_count":0,"_bbp_voice_count":0,"_bbp_anonymous_reply_count":0,"_bbp_topic_count_hidden":0,"_bbp_reply_count_hidden":0,"_bbp_forum_subforum_count":0,"footnotes":""},"class_list":["post-543","page","type-page","status-publish","hentry"],"post_mailing_queue_ids":[],"_links":{"self":[{"href":"https:\/\/agora.xtec.cat\/esc-santjordi-svmontalt\/wp-json\/wp\/v2\/pages\/543","targetHints":{"allow":["GET"]}}],"collection":[{"href":"https:\/\/agora.xtec.cat\/esc-santjordi-svmontalt\/wp-json\/wp\/v2\/pages"}],"about":[{"href":"https:\/\/agora.xtec.cat\/esc-santjordi-svmontalt\/wp-json\/wp\/v2\/types\/page"}],"author":[{"embeddable":true,"href":"https:\/\/agora.xtec.cat\/esc-santjordi-svmontalt\/wp-json\/wp\/v2\/users\/1"}],"replies":[{"embeddable":true,"href":"https:\/\/agora.xtec.cat\/esc-santjordi-svmontalt\/wp-json\/wp\/v2\/comments?post=543"}],"version-history":[{"count":4,"href":"https:\/\/agora.xtec.cat\/esc-santjordi-svmontalt\/wp-json\/wp\/v2\/pages\/543\/revisions"}],"predecessor-version":[{"id":10360,"href":"https:\/\/agora.xtec.cat\/esc-santjordi-svmontalt\/wp-json\/wp\/v2\/pages\/543\/revisions\/10360"}],"up":[{"embeddable":true,"href":"https:\/\/agora.xtec.cat\/esc-santjordi-svmontalt\/wp-json\/wp\/v2\/pages\/22"}],"wp:attachment":[{"href":"https:\/\/agora.xtec.cat\/esc-santjordi-svmontalt\/wp-json\/wp\/v2\/media?parent=543"}],"curies":[{"name":"wp","href":"https:\/\/api.w.org\/{rel}","templated":true}]}}

<p>L’escola Sant Jordi és un centre públic que depèn del Departament d’Ensenyament de la Generalitat de Catalunya.</p>
<p>L’escola acull una línia del segon cicle d’educació infantil i una línia d’educació primària.</p>
<p>La llengua catalana és la llengua vehicular d’aprenentatge i d’administració de l’activitat escolar. El procés de sistematització de la llengua castellana s’inicia al primer curs de cicle inicial de primària. La llengua estrangera és l’anglès i s’ofereix des d&#8217;Infantil 4.</p>
<p>La nostra escola és:</p>
<ul style="list-style-type: circle;">
<li>Escola Plural, respectant totes les ideologies i creences</li>
<li>Escola Activa, fomentant l’experimentació, l’estudi i l’observació per arribar a l’adquisició dels coneixements.</li>
<li>Escola Oberta, integrada en la vida social i cultural del poble.</li>
<li>Escola Verda, educant en la participació, desenvolupament sostenible i millora del nostre entorn</li>
</ul>
<p>L’escola ajudarà al desenvolupament integral de la personalitat dels nens i nenes i facilitarà instruments de treball en les diferents àrees de coneixement així com l’adquisició d’uns bons hàbits de treball i d’estudi.</p>

<p>L’escola Sant Jordi és un centre públic que depèn del Departament d’Ensenyament de la Generalitat de Catalunya.<br />
L’escola acull una línia del segon cicle d’educació infantil i una línia d’educació primària.<br />
La llengua catalana és la llengua vehicular d’aprenentatge i d’administració de l’activitat escolar. El procés de&hellip;  <a href="https://agora.xtec.cat/esc-santjordi-svmontalt/lescola/el-nostre-centre/" title="Read El nostre centre">Llegeix més»</a></p>
