{"id":3149,"date":"2019-02-06T15:46:33","date_gmt":"2019-02-06T14:46:33","guid":{"rendered":"http:\/\/agora.xtec.cat\/esc-santjordi-svmontalt\/?page_id=3149"},"modified":"2025-07-02T10:40:08","modified_gmt":"2025-07-02T08:40:08","slug":"criteris-davaluacio-i-continguts","status":"publish","type":"page","link":"https:\/\/agora.xtec.cat\/esc-santjordi-svmontalt\/lescola\/criteris-davaluacio-i-continguts\/","title":{"rendered":"Criteris d&#8217;avaluaci\u00f3 i sabers"},"content":{"rendered":"<table style=\"border-collapse: collapse; width: 100%; height: 192px;\">\n<tbody>\n<tr style=\"height: 66px;\">\n<td style=\"width: 27.7673%; text-align: center; height: 66px;\">\n<h3>Educaci\u00f3 Infantil<\/h3>\n<\/td>\n<td style=\"width: 72.2327%; text-align: center; height: 66px;\" colspan=\"3\">\n<h3>Educaci\u00f3 Prim\u00e0ria<\/h3>\n<\/td>\n<\/tr>\n<tr style=\"height: 32px;\">\n<td style=\"width: 27.7673%; height: 32px; text-align: center;\"><a href=\"https:\/\/drive.google.com\/file\/d\/1veqnb_QHa2Jrj1rJ0YpZ0AzJhg9aHIJo\/view?usp=sharing\" target=\"_blank\" rel=\"noopener\">Eix 1. Un infant que creix amb autonomia i confian\u00e7a<\/a><\/td>\n<td style=\"width: 24.5597%; height: 32px; text-align: center;\">\u00c0rea de llengua catalana<\/p>\n<p><a href=\"https:\/\/drive.google.com\/file\/d\/1BCfPCfOwC8AmG6TEK6KoPbGfNeVHiLH9\/view?usp=drive_link\" target=\"_blank\" rel=\"noopener\">1r cicle<\/a> (1r i 2n)\u00a0 &#8211; <a href=\"https:\/\/drive.google.com\/file\/d\/1EiU6gytmB0AVIIpyZNuIfIJsUplUFhy2\/view?usp=drive_link\" target=\"_blank\" rel=\"noopener\">2n cicle<\/a> (3r i 4t) &#8211; <a href=\"https:\/\/drive.google.com\/file\/d\/1a9vb3ehxht1A2OSjhPz0CRh62xr-X_C_\/view?usp=drive_link\" target=\"_blank\" rel=\"noopener\">3r cicle<\/a> (5\u00e8 i 6\u00e8)<\/td>\n<td style=\"width: 23.9308%; height: 32px; text-align: center;\">\u00c0rea de llengua castellana<\/p>\n<p><a href=\"https:\/\/drive.google.com\/file\/d\/1SFvesdZlMdbMBFC6yf5GHNiLeGN_bSJV\/view?usp=drive_link\" target=\"_blank\" rel=\"noopener\">1r cicle<\/a> (1r i 2n)\u00a0 &#8211; <a href=\"https:\/\/drive.google.com\/file\/d\/1SEE6SiZy7Gp5rQp9MFlvbVFwxPXjWxeS\/view?usp=sharing\" target=\"_blank\" rel=\"noopener\">2n cicle<\/a> (3r i 4t) &#8211; <a href=\"https:\/\/drive.google.com\/file\/d\/1-buTmjiFzoYV8scWkXC-uFxQ9VnH01L1\/view?usp=sharing\" target=\"_blank\" rel=\"noopener\">3r cicle<\/a> (5\u00e8 i 6\u00e8)<\/td>\n<td style=\"width: 23.7422%; height: 32px; text-align: center;\">\u00c0rea de llengua estrangera (angl\u00e8s)<\/p>\n<p><a href=\"https:\/\/drive.google.com\/file\/d\/11NeGKL0bucwlHX5x6P474fHSvQYsdKPQ\/view?usp=sharing\" target=\"_blank\" rel=\"noopener\">1r cicle<\/a> (1r i 2n)\u00a0 &#8211; <a href=\"https:\/\/drive.google.com\/file\/d\/1nKu1QL7EiEKNuKiH3dSd0tFzjKCbX_12\/view?usp=sharing\" target=\"_blank\" rel=\"noopener\">2n cicle<\/a> (3r i 4t) &#8211; <a href=\"https:\/\/drive.google.com\/file\/d\/1-QG9ZcnP7rHFm4O0vN2qyO1V8LTARQx8\/view?usp=sharing\" target=\"_blank\" rel=\"noopener\">3r cicle<\/a> (5\u00e8 i 6\u00e8)<\/td>\n<\/tr>\n<tr style=\"height: 32px;\">\n<td style=\"width: 27.7673%; height: 32px; text-align: center;\"><a href=\"https:\/\/drive.google.com\/file\/d\/15-n307b96qnSNo6rq0tnSCs5-KcXPfxZ\/view?usp=sharing\" target=\"_blank\" rel=\"noopener\">Eix 2. Un infant que es comunica amb diferents llenguatges<\/a><\/td>\n<td style=\"width: 24.5597%; height: 32px; text-align: center;\">\u00c0rea de matem\u00e0tiques<\/p>\n<p><a href=\"https:\/\/drive.google.com\/file\/d\/1Yfddq79LOAt7cZBp51Hj_I4p9N8pxgw-\/view?usp=drive_link\" target=\"_blank\" rel=\"noopener\">1r cicle<\/a> (1r i 2n)\u00a0 &#8211; <a href=\"https:\/\/drive.google.com\/file\/d\/1LXJhCX2FHkLQesx706QKC3lC0ToXbPt9\/view?usp=drive_link\" target=\"_blank\" rel=\"noopener\">2n cicle<\/a> (3r i 4t) &#8211; <a href=\"https:\/\/drive.google.com\/file\/d\/1J_JpDj2aH_4SFfemtdsxzPBBCd2ETuV-\/view?usp=drive_link\" target=\"_blank\" rel=\"noopener\">3r cicle<\/a> (5\u00e8 i 6\u00e8)<\/td>\n<td style=\"width: 23.9308%; height: 32px; text-align: center;\">\u00c0rea de coneixement del medi natural, social i cultural<\/p>\n<p><a href=\"https:\/\/drive.google.com\/file\/d\/1BwXj-SKfIuJrZjWBUUTcQ5PixmJbZmYJ\/view?usp=sharing\" target=\"_blank\" rel=\"noopener\">1r cicle<\/a> (1r i 2n)\u00a0 &#8211; <a href=\"https:\/\/drive.google.com\/file\/d\/1jjB03l5vx7LzG2v_NQ3bua4ysKGVXTaq\/view?usp=sharing\" target=\"_blank\" rel=\"noopener\">2n cicle<\/a> (3r i 4t) &#8211; <a href=\"https:\/\/drive.google.com\/file\/d\/1UkWQX9H6wuwbWnV57B8nkfqOB_0Llf7w\/view?usp=drive_link\" target=\"_blank\" rel=\"noopener\">3r cicle<\/a> (5\u00e8 i 6\u00e8)<\/td>\n<td style=\"width: 23.7422%; height: 32px; text-align: center;\">\u00c0rea d&#8217;educaci\u00f3 f\u00edsica<\/p>\n<p><a href=\"https:\/\/drive.google.com\/file\/d\/1RRjixPf6bfjpEUCrNQHJiyKoyp_CRomD\/view?usp=sharing\" target=\"_blank\" rel=\"noopener\">1r cicle<\/a> (1r i 2n)\u00a0 &#8211; <a href=\"https:\/\/drive.google.com\/file\/d\/1QnQqEZHVvnz0cH9-BLKH8J2vv5zbTmbC\/view?usp=sharing\" target=\"_blank\" rel=\"noopener\">2n cicle<\/a> (3r i 4t) &#8211; <a href=\"https:\/\/drive.google.com\/file\/d\/1wDSDiGvqaWai60RgH6tKKFvnT9JSKzm2\/view?usp=sharing\" target=\"_blank\" rel=\"noopener\">3r cicle<\/a> (5\u00e8 i 6\u00e8)<\/td>\n<\/tr>\n<tr style=\"height: 32px;\">\n<td style=\"width: 27.7673%; height: 32px; text-align: center;\"><a href=\"https:\/\/drive.google.com\/file\/d\/1W1uO1PLzrRW-o_C9TJs6sHIiIUO-VTZu\/view?usp=sharing\" target=\"_blank\" rel=\"noopener\">Eix 3. Un infant que descobreix l&#8217;entorn amb curiositat<\/a><\/td>\n<td style=\"width: 24.5597%; height: 32px; text-align: center;\">\u00c0rea d&#8217;educaci\u00f3 art\u00edstica<\/p>\n<p><a href=\"https:\/\/drive.google.com\/file\/d\/1lE-GkEV10m7qLRlmAXf-Ye966dCxkwol\/view?usp=sharing\" target=\"_blank\" rel=\"noopener\">1r cicle<\/a> (1r i 2n)\u00a0 &#8211; <a href=\"https:\/\/drive.google.com\/file\/d\/1bQkIVm0o3p2CpMImZFcmHCEepR6gHF0_\/view?usp=sharing\" target=\"_blank\" rel=\"noopener\">2n cicle<\/a> (3r i 4t) &#8211; <a href=\"https:\/\/drive.google.com\/file\/d\/1rHUUEoXTZDzRbOYKLSR6bNyBF0lAVyAd\/view?usp=sharing\" target=\"_blank\" rel=\"noopener\">3r cicle<\/a> (5\u00e8 i 6\u00e8)<\/td>\n<td style=\"width: 23.9308%; height: 32px; text-align: center;\">\u00c0rea d&#8217;educaci\u00f3 en valors c\u00edvics i \u00e8tics<\/p>\n<p><a href=\"https:\/\/drive.google.com\/file\/d\/19A6rhWOUd15mWC7rUo907GZCWCUJWACB\/view?usp=sharing\" target=\"_blank\" rel=\"noopener\">3r cicle<\/a> (5\u00e8)<\/td>\n<td style=\"width: 23.7422%; height: 32px; text-align: center;\">Compet\u00e8ncia personal, social i d&#8217;aprendre a aprendre<\/p>\n<p><a href=\"https:\/\/drive.google.com\/file\/d\/1Vx99S29wyeH3yfkwPxGIBuS4LyKdG5Wk\/view?usp=sharing\" target=\"_blank\" rel=\"noopener\">1r cicle<\/a> (1r i 2n)\u00a0 &#8211;<a href=\"https:\/\/drive.google.com\/file\/d\/1wIS_TuTGG-ROD8q_Fcg-4t-eh8IvT8t5\/view?usp=sharing\" target=\"_blank\" rel=\"noopener\"> 2n cicle<\/a> (3r i 4t) &#8211; <a href=\"https:\/\/drive.google.com\/file\/d\/1Bdb42su_5KmLQvzKyAoc9jFnizW6gn0V\/view?usp=sharing\" target=\"_blank\" rel=\"noopener\">3r cicle<\/a> (5\u00e8 i 6\u00e8)<\/td>\n<\/tr>\n<tr style=\"height: 30px;\">\n<td style=\"width: 27.7673%; height: 30px; text-align: center;\"><a href=\"https:\/\/drive.google.com\/file\/d\/1PcN9cDCMGcXoS5UfjQuINWXeK8QJc0Yy\/view?usp=sharing\">Eix 4. Un infant que forma part de la diversitat del m\u00f3n<\/a><\/td>\n<td style=\"width: 24.5597%; height: 30px; text-align: center;\">Compet\u00e8ncia emprenedora<\/p>\n<p><a href=\"https:\/\/drive.google.com\/file\/d\/16L5W9lQRYbx6yMlQF399lb8menoVuP0Z\/view?usp=sharing\" target=\"_blank\" rel=\"noopener\">1r cicle<\/a> (1r i 2n)\u00a0 &#8211; <a href=\"https:\/\/drive.google.com\/file\/d\/1ECw38LlshmF9l-PCpQXh-DgR3-U52xZm\/view?usp=sharing\" target=\"_blank\" rel=\"noopener\">2n cicle<\/a> (3r i 4t) &#8211; <a href=\"https:\/\/drive.google.com\/file\/d\/1yWg9HApTqRrIQxAriqAQWrm5woNsTVcQ\/view?usp=sharing\" target=\"_blank\" rel=\"noopener\">3r cicle<\/a> (5\u00e8 i 6\u00e8)<\/td>\n<td style=\"width: 23.9308%; height: 30px; text-align: center;\">Compet\u00e8ncia digital<\/p>\n<p><a href=\"https:\/\/drive.google.com\/file\/d\/1Zspw6inCC62gNpo1kyI6iqL618tYgShX\/view?usp=sharing\" target=\"_blank\" rel=\"noopener\">1r cicle<\/a> (1r i 2n)\u00a0 &#8211; <a href=\"https:\/\/drive.google.com\/file\/d\/1g3kXHFikJdaW9-k9ku67BrMDpOCVCVyB\/view?usp=sharing\" target=\"_blank\" rel=\"noopener\">2n cicle<\/a> (3r i 4t) &#8211; <a href=\"https:\/\/drive.google.com\/file\/d\/1MG6XbN0NdiLwFKSqJTTCzvx_VxuWd0Xg\/view?usp=sharing\" target=\"_blank\" rel=\"noopener\">3r cicle<\/a> (5\u00e8 i 6\u00e8)<\/td>\n<td style=\"width: 23.7422%; height: 30px; text-align: center;\">Compet\u00e8ncia ciutadana<\/p>\n<p><a href=\"https:\/\/drive.google.com\/file\/d\/1NuUXhfJYpOB4QIRgjoPHqNH1JAODHZap\/view?usp=sharing\" target=\"_blank\" rel=\"noopener\">1r cicle<\/a> (1r i 2n)\u00a0 &#8211; <a href=\"https:\/\/drive.google.com\/file\/d\/1wRSimqBBqHhvs8SlwcOVrOeFrNLQMokH\/view?usp=sharing\" target=\"_blank\" rel=\"noopener\">2n cicle<\/a> (3r i 4t) &#8211; <a href=\"https:\/\/drive.google.com\/file\/d\/1DR9iIRBUFEcaQAqT-28afUGlVGqrk81Q\/view?usp=sharing\" target=\"_blank\" rel=\"noopener\">3r cicle<\/a> (5\u00e8 i 6\u00e8)<\/td>\n<\/tr>\n<\/tbody>\n<\/table>\n","protected":false},"excerpt":{"rendered":"<p>Educaci\u00f3 Infantil<\/p>\n<p>Educaci\u00f3 Prim\u00e0ria<\/p>\n<p><a href=\"https:\/\/drive.google.com\/file\/d\/1veqnb_QHa2Jrj1rJ0YpZ0AzJhg9aHIJo\/view?usp=sharing\" target=\"_blank\" rel=\"noopener\">Eix 1. Un infant que creix amb autonomia i confian\u00e7a<\/a><br \/>\n\u00c0rea de llengua catalana<br \/>\n<a href=\"https:\/\/drive.google.com\/file\/d\/1BCfPCfOwC8AmG6TEK6KoPbGfNeVHiLH9\/view?usp=drive_link\" target=\"_blank\" rel=\"noopener\">1r cicle<\/a> (1r i 2n)\u00a0 &#8211; <a href=\"https:\/\/drive.google.com\/file\/d\/1EiU6gytmB0AVIIpyZNuIfIJsUplUFhy2\/view?usp=drive_link\" target=\"_blank\" rel=\"noopener\">2n cicle<\/a> (3r i 4t) &#8211; <a href=\"https:\/\/drive.google.com\/file\/d\/1a9vb3ehxht1A2OSjhPz0CRh62xr-X_C_\/view?usp=drive_link\" target=\"_blank\" rel=\"noopener\">3r cicle<\/a> (5\u00e8 i 6\u00e8)<br \/>\n\u00c0rea de llengua&hellip;  <a href=\"https:\/\/agora.xtec.cat\/esc-santjordi-svmontalt\/lescola\/criteris-davaluacio-i-continguts\/\" title=\"Read Criteris d&#8217;avaluaci\u00f3 i sabers\">Llegeix m\u00e9s\u00bb<\/a><\/p>\n","protected":false},"author":1,"featured_media":0,"parent":22,"menu_order":7,"comment_status":"closed","ping_status":"closed","template":"page-templates\/side-menu.php","meta":{"_bbp_topic_count":0,"_bbp_reply_count":0,"_bbp_total_topic_count":0,"_bbp_total_reply_count":0,"_bbp_voice_count":0,"_bbp_anonymous_reply_count":0,"_bbp_topic_count_hidden":0,"_bbp_reply_count_hidden":0,"_bbp_forum_subforum_count":0,"footnotes":""},"class_list":["post-3149","page","type-page","status-publish","hentry"],"post_mailing_queue_ids":[],"_links":{"self":[{"href":"https:\/\/agora.xtec.cat\/esc-santjordi-svmontalt\/wp-json\/wp\/v2\/pages\/3149","targetHints":{"allow":["GET"]}}],"collection":[{"href":"https:\/\/agora.xtec.cat\/esc-santjordi-svmontalt\/wp-json\/wp\/v2\/pages"}],"about":[{"href":"https:\/\/agora.xtec.cat\/esc-santjordi-svmontalt\/wp-json\/wp\/v2\/types\/page"}],"author":[{"embeddable":true,"href":"https:\/\/agora.xtec.cat\/esc-santjordi-svmontalt\/wp-json\/wp\/v2\/users\/1"}],"replies":[{"embeddable":true,"href":"https:\/\/agora.xtec.cat\/esc-santjordi-svmontalt\/wp-json\/wp\/v2\/comments?post=3149"}],"version-history":[{"count":6,"href":"https:\/\/agora.xtec.cat\/esc-santjordi-svmontalt\/wp-json\/wp\/v2\/pages\/3149\/revisions"}],"predecessor-version":[{"id":13026,"href":"https:\/\/agora.xtec.cat\/esc-santjordi-svmontalt\/wp-json\/wp\/v2\/pages\/3149\/revisions\/13026"}],"up":[{"embeddable":true,"href":"https:\/\/agora.xtec.cat\/esc-santjordi-svmontalt\/wp-json\/wp\/v2\/pages\/22"}],"wp:attachment":[{"href":"https:\/\/agora.xtec.cat\/esc-santjordi-svmontalt\/wp-json\/wp\/v2\/media?parent=3149"}],"curies":[{"name":"wp","href":"https:\/\/api.w.org\/{rel}","templated":true}]}}

Criteris d&#8217;avaluació i sabers

<table style="border-collapse: collapse; width: 100%; height: 192px;">
<tbody>
<tr style="height: 66px;">
<td style="width: 27.7673%; text-align: center; height: 66px;">
<h3>Educació Infantil</h3>
</td>
<td style="width: 72.2327%; text-align: center; height: 66px;" colspan="3">
<h3>Educació Primària</h3>
</td>
</tr>
<tr style="height: 32px;">
<td style="width: 27.7673%; height: 32px; text-align: center;"><a href="https://drive.google.com/file/d/1veqnb_QHa2Jrj1rJ0YpZ0AzJhg9aHIJo/view?usp=sharing" target="_blank" rel="noopener">Eix 1. Un infant que creix amb autonomia i confiança</a></td>
<td style="width: 24.5597%; height: 32px; text-align: center;">Àrea de llengua catalana</p>
<p><a href="https://drive.google.com/file/d/1BCfPCfOwC8AmG6TEK6KoPbGfNeVHiLH9/view?usp=drive_link" target="_blank" rel="noopener">1r cicle</a> (1r i 2n)  &#8211; <a href="https://drive.google.com/file/d/1EiU6gytmB0AVIIpyZNuIfIJsUplUFhy2/view?usp=drive_link" target="_blank" rel="noopener">2n cicle</a> (3r i 4t) &#8211; <a href="https://drive.google.com/file/d/1a9vb3ehxht1A2OSjhPz0CRh62xr-X_C_/view?usp=drive_link" target="_blank" rel="noopener">3r cicle</a> (5è i 6è)</td>
<td style="width: 23.9308%; height: 32px; text-align: center;">Àrea de llengua castellana</p>
<p><a href="https://drive.google.com/file/d/1SFvesdZlMdbMBFC6yf5GHNiLeGN_bSJV/view?usp=drive_link" target="_blank" rel="noopener">1r cicle</a> (1r i 2n)  &#8211; <a href="https://drive.google.com/file/d/1SEE6SiZy7Gp5rQp9MFlvbVFwxPXjWxeS/view?usp=sharing" target="_blank" rel="noopener">2n cicle</a> (3r i 4t) &#8211; <a href="https://drive.google.com/file/d/1-buTmjiFzoYV8scWkXC-uFxQ9VnH01L1/view?usp=sharing" target="_blank" rel="noopener">3r cicle</a> (5è i 6è)</td>
<td style="width: 23.7422%; height: 32px; text-align: center;">Àrea de llengua estrangera (anglès)</p>
<p><a href="https://drive.google.com/file/d/11NeGKL0bucwlHX5x6P474fHSvQYsdKPQ/view?usp=sharing" target="_blank" rel="noopener">1r cicle</a> (1r i 2n)  &#8211; <a href="https://drive.google.com/file/d/1nKu1QL7EiEKNuKiH3dSd0tFzjKCbX_12/view?usp=sharing" target="_blank" rel="noopener">2n cicle</a> (3r i 4t) &#8211; <a href="https://drive.google.com/file/d/1-QG9ZcnP7rHFm4O0vN2qyO1V8LTARQx8/view?usp=sharing" target="_blank" rel="noopener">3r cicle</a> (5è i 6è)</td>
</tr>
<tr style="height: 32px;">
<td style="width: 27.7673%; height: 32px; text-align: center;"><a href="https://drive.google.com/file/d/15-n307b96qnSNo6rq0tnSCs5-KcXPfxZ/view?usp=sharing" target="_blank" rel="noopener">Eix 2. Un infant que es comunica amb diferents llenguatges</a></td>
<td style="width: 24.5597%; height: 32px; text-align: center;">Àrea de matemàtiques</p>
<p><a href="https://drive.google.com/file/d/1Yfddq79LOAt7cZBp51Hj_I4p9N8pxgw-/view?usp=drive_link" target="_blank" rel="noopener">1r cicle</a> (1r i 2n)  &#8211; <a href="https://drive.google.com/file/d/1LXJhCX2FHkLQesx706QKC3lC0ToXbPt9/view?usp=drive_link" target="_blank" rel="noopener">2n cicle</a> (3r i 4t) &#8211; <a href="https://drive.google.com/file/d/1J_JpDj2aH_4SFfemtdsxzPBBCd2ETuV-/view?usp=drive_link" target="_blank" rel="noopener">3r cicle</a> (5è i 6è)</td>
<td style="width: 23.9308%; height: 32px; text-align: center;">Àrea de coneixement del medi natural, social i cultural</p>
<p><a href="https://drive.google.com/file/d/1BwXj-SKfIuJrZjWBUUTcQ5PixmJbZmYJ/view?usp=sharing" target="_blank" rel="noopener">1r cicle</a> (1r i 2n)  &#8211; <a href="https://drive.google.com/file/d/1jjB03l5vx7LzG2v_NQ3bua4ysKGVXTaq/view?usp=sharing" target="_blank" rel="noopener">2n cicle</a> (3r i 4t) &#8211; <a href="https://drive.google.com/file/d/1UkWQX9H6wuwbWnV57B8nkfqOB_0Llf7w/view?usp=drive_link" target="_blank" rel="noopener">3r cicle</a> (5è i 6è)</td>
<td style="width: 23.7422%; height: 32px; text-align: center;">Àrea d&#8217;educació física</p>
<p><a href="https://drive.google.com/file/d/1RRjixPf6bfjpEUCrNQHJiyKoyp_CRomD/view?usp=sharing" target="_blank" rel="noopener">1r cicle</a> (1r i 2n)  &#8211; <a href="https://drive.google.com/file/d/1QnQqEZHVvnz0cH9-BLKH8J2vv5zbTmbC/view?usp=sharing" target="_blank" rel="noopener">2n cicle</a> (3r i 4t) &#8211; <a href="https://drive.google.com/file/d/1wDSDiGvqaWai60RgH6tKKFvnT9JSKzm2/view?usp=sharing" target="_blank" rel="noopener">3r cicle</a> (5è i 6è)</td>
</tr>
<tr style="height: 32px;">
<td style="width: 27.7673%; height: 32px; text-align: center;"><a href="https://drive.google.com/file/d/1W1uO1PLzrRW-o_C9TJs6sHIiIUO-VTZu/view?usp=sharing" target="_blank" rel="noopener">Eix 3. Un infant que descobreix l&#8217;entorn amb curiositat</a></td>
<td style="width: 24.5597%; height: 32px; text-align: center;">Àrea d&#8217;educació artística</p>
<p><a href="https://drive.google.com/file/d/1lE-GkEV10m7qLRlmAXf-Ye966dCxkwol/view?usp=sharing" target="_blank" rel="noopener">1r cicle</a> (1r i 2n)  &#8211; <a href="https://drive.google.com/file/d/1bQkIVm0o3p2CpMImZFcmHCEepR6gHF0_/view?usp=sharing" target="_blank" rel="noopener">2n cicle</a> (3r i 4t) &#8211; <a href="https://drive.google.com/file/d/1rHUUEoXTZDzRbOYKLSR6bNyBF0lAVyAd/view?usp=sharing" target="_blank" rel="noopener">3r cicle</a> (5è i 6è)</td>
<td style="width: 23.9308%; height: 32px; text-align: center;">Àrea d&#8217;educació en valors cívics i ètics</p>
<p><a href="https://drive.google.com/file/d/19A6rhWOUd15mWC7rUo907GZCWCUJWACB/view?usp=sharing" target="_blank" rel="noopener">3r cicle</a> (5è)</td>
<td style="width: 23.7422%; height: 32px; text-align: center;">Competència personal, social i d&#8217;aprendre a aprendre</p>
<p><a href="https://drive.google.com/file/d/1Vx99S29wyeH3yfkwPxGIBuS4LyKdG5Wk/view?usp=sharing" target="_blank" rel="noopener">1r cicle</a> (1r i 2n)  &#8211;<a href="https://drive.google.com/file/d/1wIS_TuTGG-ROD8q_Fcg-4t-eh8IvT8t5/view?usp=sharing" target="_blank" rel="noopener"> 2n cicle</a> (3r i 4t) &#8211; <a href="https://drive.google.com/file/d/1Bdb42su_5KmLQvzKyAoc9jFnizW6gn0V/view?usp=sharing" target="_blank" rel="noopener">3r cicle</a> (5è i 6è)</td>
</tr>
<tr style="height: 30px;">
<td style="width: 27.7673%; height: 30px; text-align: center;"><a href="https://drive.google.com/file/d/1PcN9cDCMGcXoS5UfjQuINWXeK8QJc0Yy/view?usp=sharing">Eix 4. Un infant que forma part de la diversitat del món</a></td>
<td style="width: 24.5597%; height: 30px; text-align: center;">Competència emprenedora</p>
<p><a href="https://drive.google.com/file/d/16L5W9lQRYbx6yMlQF399lb8menoVuP0Z/view?usp=sharing" target="_blank" rel="noopener">1r cicle</a> (1r i 2n)  &#8211; <a href="https://drive.google.com/file/d/1ECw38LlshmF9l-PCpQXh-DgR3-U52xZm/view?usp=sharing" target="_blank" rel="noopener">2n cicle</a> (3r i 4t) &#8211; <a href="https://drive.google.com/file/d/1yWg9HApTqRrIQxAriqAQWrm5woNsTVcQ/view?usp=sharing" target="_blank" rel="noopener">3r cicle</a> (5è i 6è)</td>
<td style="width: 23.9308%; height: 30px; text-align: center;">Competència digital</p>
<p><a href="https://drive.google.com/file/d/1Zspw6inCC62gNpo1kyI6iqL618tYgShX/view?usp=sharing" target="_blank" rel="noopener">1r cicle</a> (1r i 2n)  &#8211; <a href="https://drive.google.com/file/d/1g3kXHFikJdaW9-k9ku67BrMDpOCVCVyB/view?usp=sharing" target="_blank" rel="noopener">2n cicle</a> (3r i 4t) &#8211; <a href="https://drive.google.com/file/d/1MG6XbN0NdiLwFKSqJTTCzvx_VxuWd0Xg/view?usp=sharing" target="_blank" rel="noopener">3r cicle</a> (5è i 6è)</td>
<td style="width: 23.7422%; height: 30px; text-align: center;">Competència ciutadana</p>
<p><a href="https://drive.google.com/file/d/1NuUXhfJYpOB4QIRgjoPHqNH1JAODHZap/view?usp=sharing" target="_blank" rel="noopener">1r cicle</a> (1r i 2n)  &#8211; <a href="https://drive.google.com/file/d/1wRSimqBBqHhvs8SlwcOVrOeFrNLQMokH/view?usp=sharing" target="_blank" rel="noopener">2n cicle</a> (3r i 4t) &#8211; <a href="https://drive.google.com/file/d/1DR9iIRBUFEcaQAqT-28afUGlVGqrk81Q/view?usp=sharing" target="_blank" rel="noopener">3r cicle</a> (5è i 6è)</td>
</tr>
</tbody>
</table>

<p>Educació Infantil</p>
<p>Educació Primària</p>
<p><a href="https://drive.google.com/file/d/1veqnb_QHa2Jrj1rJ0YpZ0AzJhg9aHIJo/view?usp=sharing" target="_blank" rel="noopener">Eix 1. Un infant que creix amb autonomia i confiança</a><br />
Àrea de llengua catalana<br />
<a href="https://drive.google.com/file/d/1BCfPCfOwC8AmG6TEK6KoPbGfNeVHiLH9/view?usp=drive_link" target="_blank" rel="noopener">1r cicle</a> (1r i 2n)  &#8211; <a href="https://drive.google.com/file/d/1EiU6gytmB0AVIIpyZNuIfIJsUplUFhy2/view?usp=drive_link" target="_blank" rel="noopener">2n cicle</a> (3r i 4t) &#8211; <a href="https://drive.google.com/file/d/1a9vb3ehxht1A2OSjhPz0CRh62xr-X_C_/view?usp=drive_link" target="_blank" rel="noopener">3r cicle</a> (5è i 6è)<br />
Àrea de llengua&hellip;  <a href="https://agora.xtec.cat/esc-santjordi-svmontalt/lescola/criteris-davaluacio-i-continguts/" title="Read Criteris d&#8217;avaluació i sabers">Llegeix més»</a></p>
