{"id":28,"date":"2014-09-18T12:29:35","date_gmt":"2014-09-18T11:29:35","guid":{"rendered":"http:\/\/agora.xtec.cat\/esc-santjordi-svmontalt\/?page_id=28"},"modified":"2025-12-05T11:20:41","modified_gmt":"2025-12-05T10:20:41","slug":"consell-escolar","status":"publish","type":"page","link":"https:\/\/agora.xtec.cat\/esc-santjordi-svmontalt\/lescola\/consell-escolar\/","title":{"rendered":"Consell escolar"},"content":{"rendered":"<p><strong><span style=\"color: #800080; font-size: medium;\">COMPOSICI\u00d3 CONSELL ESCOLAR CURS 2025-2026<\/span><\/strong><\/p>\n<p><span style=\"font-family: Times New Roman; color: #000000; font-size: medium;\">\u00a0<\/span><strong style=\"color: #000000; font-size: medium; font-family: inherit;\">Presidenta:<\/strong><span style=\"color: #000000; font-size: medium; font-family: inherit;\"> Roser Matavacas\u00a0<\/span><\/p>\n<p><span style=\"font-size: medium;\"><span style=\"color: #000000;\"><strong>Cap d\u2019estudis<\/strong>: N\u00faria Blasco<\/span><\/span><\/p>\n<p><span style=\"font-size: medium;\"><span style=\"color: #000000;\"><strong>Secret\u00e0ria:<\/strong> D\u00fania Vil\u00e0<\/span><\/span><\/p>\n<p><span style=\"font-size: medium;\"><span style=\"color: #000000;\"><strong>Sector mestres:\u00a0<\/strong><\/span><\/span><span style=\"font-weight: 400;\">J\u00falia Mars\u00e0 Sabri\u00e0,\u00a0<\/span><span style=\"font-weight: 400;\">Laia Albiol Bofill,\u00a0<\/span><span style=\"font-weight: 400;\">Maria Miguel Lara,\u00a0<\/span><span style=\"font-weight: 400;\">Raquel Oliver Valcarce i\u00a0<\/span><span style=\"font-weight: 400;\">Marina F\u00e1bregas V\u00edlchez.<\/span><\/p>\n<p><span style=\"font-size: medium;\"><span style=\"color: #000000;\"><strong>Sector fam\u00edlies:\u00a0<\/strong><\/span><\/span><span style=\"font-weight: 400;\">Sofia Richart Arazo,\u00a0<\/span><span style=\"font-weight: 400;\">Rosa Gonz\u00e1lez Gonz\u00e1lez,\u00a0<\/span><span style=\"font-weight: 400;\">V\u00edctor Hern\u00e1ndez Vill\u00e0 I\u00a0<\/span><span style=\"font-weight: 400;\">Georgina Dalmau Sanleandro.<\/span><\/p>\n<p><strong>Representant AFA: <span style=\"font-weight: 400;\">Blanca Pallar\u00e8s Montesinos<\/span><\/strong><\/p>\n<p><span style=\"font-size: medium;\"><span style=\"color: #000000;\"><strong>PAS:\u00a0<\/strong>Laura Campuzano<\/span><\/span><\/p>\n<p><span style=\"font-size: medium;\"><span style=\"color: #000000;\"><strong>Ajuntament:<\/strong> Mati P\u00e9rez<\/span><\/span><\/p>\n<p>&nbsp;<\/p>\n<p><span style=\"font-size: medium;\"><span style=\"color: #000000;\"><strong><span style=\"color: #800080; font-size: medium;\">CONVOCAT\u00d2RIES<\/span><\/strong><\/span><\/span><\/p>\n<p><a href=\"https:\/\/drive.google.com\/drive\/folders\/1QGANy7AS7XPBfJLAA6MWrSgF44EEIQnH?usp=sharing\">Curs 25-26<\/a><\/p>\n<p><a href=\"https:\/\/drive.google.com\/drive\/folders\/1ZfZ05XuPohpklrpUaLOSYvRZ6LXwlOjp?usp=sharing\">Curs 24-25<\/a><\/p>\n<p><a href=\"https:\/\/drive.google.com\/drive\/folders\/1bc3wn1pc8LOaMQxSdnbyHpFWV4xU3MGy?usp=sharing\">Curs 23-24<\/a><\/p>\n<p><a href=\"https:\/\/drive.google.com\/drive\/folders\/12chD624Uph0jqrIHQcDWTKVNybDlrf3N?usp=sharing\" target=\"_blank\" rel=\"noopener\">Curs 22-23<\/a><\/p>\n<p><a href=\"https:\/\/drive.google.com\/drive\/folders\/1tfXK06G-N6Owz5Q8F0UlbcDs9jg8lQm_?usp=sharing\" target=\"_blank\" rel=\"noopener\">Curs 21-22<\/a><\/p>\n<p><strong><span style=\"color: #800080;\">ACORDS PRESOS<\/span><\/strong><\/p>\n<p><a href=\"https:\/\/drive.google.com\/drive\/folders\/1eHUwj-Z21biXdlslfGbly7BvzSHNC1QA?usp=sharing\">Acords curs 25-26<\/a><\/p>\n<p><a href=\"https:\/\/drive.google.com\/drive\/folders\/1YLzetECyKsyxvAJOP-ZurK2K2XfTRasO?usp=sharing\">Acords curs 24-25<\/a><\/p>\n<p><a href=\"https:\/\/drive.google.com\/drive\/folders\/117nyP_Vgs1tjOs8IEsKvbIVAa9D8SeG9?usp=sharing\">Acords curs 23-24<\/a><\/p>\n<p><a href=\"https:\/\/drive.google.com\/drive\/folders\/1NYuT0Osu6FB7vKbLfjnm4viOTQ7i5lxF?usp=share_link\" target=\"_blank\" rel=\"noopener\">Acords curs 22-23<\/a><\/p>\n<p><span style=\"font-size: medium;\"><span style=\"color: #000000;\"><strong><span style=\"color: #800080; font-size: medium;\">COMISSIONS<\/span><\/strong><\/span><\/span><\/p>\n<table class=\"mceItemTable\" style=\"width: 96.5443%;\" border=\"0\">\n<tbody>\n<tr>\n<td style=\"width: 15.032%; text-align: center;\">COMISSI\u00d3 ECON\u00d2MICA<\/td>\n<td style=\"width: 17.0247%; text-align: center;\">\n<p style=\"text-align: center;\">COMISSI\u00d3 D&#8217;ATENCI\u00d3 A LA DIVERSITAT I CONVIV\u00c8NCIA<\/p>\n<\/td>\n<td style=\"width: 17.9149%; text-align: center;\">COMISSI\u00d3 PERMANENT<\/td>\n<td style=\"width: 16.3369%; text-align: center;\">COMISSI\u00d3 ESCOLA VERDA<\/td>\n<td style=\"width: 15.3593%; text-align: center;\">REPRESENTANT COEDUCACI\u00d3<\/td>\n<\/tr>\n<tr>\n<td style=\"width: 15.032%;\">Roser Matavacas (directora)<\/p>\n<p>D\u00fania Vil\u00e0 (secret\u00e0ria)<\/p>\n<p>Maria Miguel (mestres)<\/p>\n<p>Georgina Dalmau (fam\u00edlies)<\/td>\n<td style=\"width: 17.0247%;\">Roser Matavacas (directora)<\/p>\n<p>N\u00faria Blasco (cap d&#8217;estudis)<\/p>\n<p>Laia Albiol (mestres)<\/p>\n<p>V\u00edctor Hern\u00e1ndez (fam\u00edlies)<\/td>\n<td style=\"width: 17.9149%;\">Roser Matavacas (directora)<\/p>\n<p>N\u00faria Blasco (cap d&#8217;estudis)<\/p>\n<p>Marina F\u00e1bregas (mestra)<\/p>\n<p>Rosa Gonz\u00e1lez (fam\u00edlies)<\/td>\n<td style=\"width: 16.3369%;\">Roser Matavacas (directora)<\/p>\n<p>J\u00falia Mars\u00e0 (mestres)<\/p>\n<p>Rosa Gonz\u00e1lez (fam\u00edlies)<\/p>\n<p>Mati P\u00e9rez (Ajuntament)<\/td>\n<td style=\"width: 15.3593%;\">Laia Albiol (mestres)<\/td>\n<\/tr>\n<\/tbody>\n<\/table>\n<p><span style=\"font-size: medium;\"><span style=\"color: #000000;\">\u00a0Representants al CEM (Consell Escolar Municipal): Roser Matavacas, Raquel Oliver, Sofia Richart i Blanca Pallar\u00e8s (D\u00fania Vil\u00e0, suplent).<\/span><\/span><\/p>\n<p>&nbsp;<\/p>\n<p><span style=\"color: #993366; text-decoration: underline;\"><span style=\"font-size: medium;\">Corresponen al Consell Escolar les funcions seg\u00fcents (Art. 148. LEC):<\/span><\/span><\/p>\n<p><span style=\"font-size: medium;\"><span style=\"color: #000000;\">a) Aprovar el projecte educatiu i les modificacions corresponents per una majoria de tres cinquenes parts dels membres.<\/span><\/span><\/p>\n<p><span style=\"font-size: medium;\"><span style=\"color: #000000;\">b) Aprovar la programaci\u00f3 general anual del centre i avaluar-ne el\u00a0 desenvolupament i els resultats.<\/span><\/span><\/p>\n<p><span style=\"font-size: medium;\"><span style=\"color: #000000;\">c) Aprovar les propostes d&#8217;acords de corresponsabilitat, convenis i altres acords de <\/span><\/span><span style=\"font-size: medium;\"><span style=\"color: #000000;\">col\u00b7laboraci\u00f3 del centre amb entitats o institucions.<\/span><\/span><\/p>\n<p><span style=\"font-size: medium;\"><span style=\"color: #000000;\">d) Aprovar les normes d&#8217;organitzaci\u00f3 i funcionament i les modificacions corresponents.<\/span><\/span><\/p>\n<p><span style=\"font-size: medium;\"><span style=\"color: #000000;\">e) Aprovar la carta de comprom\u00eds educatiu.<\/span><\/span><\/p>\n<p><span style=\"font-size: medium;\"><span style=\"color: #000000;\">f) Aprovar el pressupost del centre i el rendiment de comptes.<\/span><\/span><\/p>\n<p><span style=\"font-size: medium;\"><span style=\"color: #000000;\">g) Intervenir en el procediment d&#8217;admissi\u00f3 d\u2019alumnes.<\/span><\/span><\/p>\n<p><span style=\"font-size: medium;\"><span style=\"color: #000000;\">h) Participar en el procediment de selecci\u00f3 i en la proposta de cessament del director o directora.<\/span><\/span><\/p>\n<p><span style=\"font-size: medium;\"><span style=\"color: #000000;\">i) Intervenir en la resoluci\u00f3 dels conflictes i, si escau, revisar les sancions als alumnes.<\/span><\/span><\/p>\n<p><span style=\"font-size: medium;\"><span style=\"color: #000000;\">j) Aprovar les directrius per a la programaci\u00f3 d&#8217;activitats escolars\u00a0 complement\u00e0ries i d&#8217;activitats extraescolars, i avaluar-ne el desenvolupament.<\/span><\/span><\/p>\n<p><span style=\"font-size: medium;\"><span style=\"color: #000000;\">k) Participar en les an\u00e0lisis i les avaluacions del funcionament general del centre i con\u00e8ixer l&#8217;evoluci\u00f3 del rendiment escolar.<\/span><\/span><\/p>\n<p><span style=\"font-size: medium;\"><span style=\"color: #000000;\">l) Aprovar els criteris de col\u00b7laboraci\u00f3 amb altres centres i amb l&#8217;entorn.<\/span><\/span><span style=\"color: #000000; font-size: medium;\">\u00a0<\/span><\/p>\n","protected":false},"excerpt":{"rendered":"<p>COMPOSICI\u00d3 CONSELL ESCOLAR CURS 2025-2026<br \/>\n\u00a0Presidenta: Roser Matavacas\u00a0<br \/>\nCap d\u2019estudis: N\u00faria Blasco<br \/>\nSecret\u00e0ria: D\u00fania Vil\u00e0<br \/>\nSector mestres:\u00a0J\u00falia Mars\u00e0 Sabri\u00e0,\u00a0Laia Albiol Bofill,\u00a0Maria Miguel Lara,\u00a0Raquel Oliver Valcarce i\u00a0Marina F\u00e1bregas V\u00edlchez.<br \/>\nSector fam\u00edlies:\u00a0Sofia Richart Arazo,\u00a0Rosa Gonz\u00e1lez Gonz\u00e1lez,\u00a0V\u00edctor Hern\u00e1ndez Vill\u00e0 I\u00a0Georgina Dalmau Sanleandro.<br \/>\nRepresentant AFA: Blanca Pallar\u00e8s Montesinos<br \/>\nPAS:\u00a0Laura Campuzano<br \/>\nAjuntament: Mati P\u00e9rez<br \/>\n&nbsp;<br \/>\nCONVOCAT\u00d2RIES<br \/>\n<a href=\"https:\/\/drive.google.com\/drive\/folders\/1QGANy7AS7XPBfJLAA6MWrSgF44EEIQnH?usp=sharing\">Curs 25-26<\/a><br \/>\n<a href=\"https:\/\/drive.google.com\/drive\/folders\/1ZfZ05XuPohpklrpUaLOSYvRZ6LXwlOjp?usp=sharing\">Curs 24-25<\/a><br \/>\n<a&hellip;  <a href=\"https:\/\/agora.xtec.cat\/esc-santjordi-svmontalt\/lescola\/consell-escolar\/\" title=\"Read Consell escolar\">Llegeix m\u00e9s\u00bb<\/a><\/p>\n","protected":false},"author":1,"featured_media":0,"parent":22,"menu_order":30,"comment_status":"closed","ping_status":"closed","template":"page-templates\/side-menu.php","meta":{"_bbp_topic_count":0,"_bbp_reply_count":0,"_bbp_total_topic_count":0,"_bbp_total_reply_count":0,"_bbp_voice_count":0,"_bbp_anonymous_reply_count":0,"_bbp_topic_count_hidden":0,"_bbp_reply_count_hidden":0,"_bbp_forum_subforum_count":0,"footnotes":""},"class_list":["post-28","page","type-page","status-publish","hentry"],"post_mailing_queue_ids":[],"_links":{"self":[{"href":"https:\/\/agora.xtec.cat\/esc-santjordi-svmontalt\/wp-json\/wp\/v2\/pages\/28","targetHints":{"allow":["GET"]}}],"collection":[{"href":"https:\/\/agora.xtec.cat\/esc-santjordi-svmontalt\/wp-json\/wp\/v2\/pages"}],"about":[{"href":"https:\/\/agora.xtec.cat\/esc-santjordi-svmontalt\/wp-json\/wp\/v2\/types\/page"}],"author":[{"embeddable":true,"href":"https:\/\/agora.xtec.cat\/esc-santjordi-svmontalt\/wp-json\/wp\/v2\/users\/1"}],"replies":[{"embeddable":true,"href":"https:\/\/agora.xtec.cat\/esc-santjordi-svmontalt\/wp-json\/wp\/v2\/comments?post=28"}],"version-history":[{"count":6,"href":"https:\/\/agora.xtec.cat\/esc-santjordi-svmontalt\/wp-json\/wp\/v2\/pages\/28\/revisions"}],"predecessor-version":[{"id":13264,"href":"https:\/\/agora.xtec.cat\/esc-santjordi-svmontalt\/wp-json\/wp\/v2\/pages\/28\/revisions\/13264"}],"up":[{"embeddable":true,"href":"https:\/\/agora.xtec.cat\/esc-santjordi-svmontalt\/wp-json\/wp\/v2\/pages\/22"}],"wp:attachment":[{"href":"https:\/\/agora.xtec.cat\/esc-santjordi-svmontalt\/wp-json\/wp\/v2\/media?parent=28"}],"curies":[{"name":"wp","href":"https:\/\/api.w.org\/{rel}","templated":true}]}}