{"id":10934,"date":"2023-01-26T11:44:05","date_gmt":"2023-01-26T10:44:05","guid":{"rendered":"https:\/\/agora.xtec.cat\/esc-santjordi-svmontalt\/?page_id=10934"},"modified":"2025-05-08T11:16:32","modified_gmt":"2025-05-08T09:16:32","slug":"secretaria","status":"publish","type":"page","link":"https:\/\/agora.xtec.cat\/esc-santjordi-svmontalt\/lescola\/secretaria\/","title":{"rendered":"Secretaria"},"content":{"rendered":"<p>&nbsp;<\/p>\n<table style=\"border-collapse: collapse; width: 100%;\">\n<tbody>\n<tr>\n<td style=\"width: 100%; text-align: center;\"><strong>CORREU ELECTR\u00d2NIC DEL CENTRE: <span style=\"color: #0000ff;\">a8032592@xtec.cat<\/span><\/strong><\/td>\n<\/tr>\n<\/tbody>\n<\/table>\n<p>&nbsp;<\/p>\n<p>Seguint les instruccions del Departament d&#8217;Educaci\u00f3 i de la Generalitat de Catalunya en compliment del decret sobre transpar\u00e8ncia de les administracions p\u00fabliques, es posa a disposici\u00f3 el pressupost aprovat pel Consell escolar de l&#8217;escola Sant Jordi (Sant Vicen\u00e7 de Montalt).<\/p>\n<p><a href=\"https:\/\/drive.google.com\/file\/d\/1XReWR4ktp91u24_dTe-691RkfAIql7cq\/view?usp=sharing\">Pressuspost exercici 2025<\/a>. Aprovaci\u00f3. VIGENT<\/p>\n<p><a href=\"https:\/\/drive.google.com\/file\/d\/1A_sT6xfN5E5MvIPhzro6y3Qnxr13KM3d\/view?usp=sharing\">Pressupost exercici 2024.<\/a> Liquidaci\u00f3.<\/p>\n<p><a href=\"https:\/\/drive.google.com\/file\/d\/14Dg-I8sayGcJCXQbmDOAlIgu4er04cQD\/view?usp=sharing\">Pressupost exercici 2023.<\/a> Liquidaci\u00f3.<\/p>\n<p><a href=\"https:\/\/drive.google.com\/file\/d\/12RBAV7-L9R2UUNKhYni9jHwFaynz7avz\/view?usp=share_link\">Pressupost exercici 2022<\/a>. Liquidaci\u00f3.<\/p>\n","protected":false},"excerpt":{"rendered":"<p>&nbsp;<\/p>\n<p>CORREU ELECTR\u00d2NIC DEL CENTRE: a8032592@xtec.cat<\/p>\n<p>&nbsp;<br \/>\nSeguint les instruccions del Departament d&#8217;Educaci\u00f3 i de la Generalitat de Catalunya en compliment del decret sobre transpar\u00e8ncia de les administracions p\u00fabliques, es posa a disposici\u00f3 el pressupost aprovat pel Consell escolar de l&#8217;escola Sant Jordi (Sant Vicen\u00e7 de Montalt).<br \/>\n<a href=\"https:\/\/drive.google.com\/file\/d\/1XReWR4ktp91u24_dTe-691RkfAIql7cq\/view?usp=sharing\">Pressuspost&hellip;  <a href=\"https:\/\/agora.xtec.cat\/esc-santjordi-svmontalt\/lescola\/secretaria\/\" title=\"Read Secretaria\">Llegeix m\u00e9s\u00bb<\/a><\/p>\n","protected":false},"author":1,"featured_media":0,"parent":22,"menu_order":10,"comment_status":"closed","ping_status":"closed","template":"page-templates\/side-menu.php","meta":{"_bbp_topic_count":0,"_bbp_reply_count":0,"_bbp_total_topic_count":0,"_bbp_total_reply_count":0,"_bbp_voice_count":0,"_bbp_anonymous_reply_count":0,"_bbp_topic_count_hidden":0,"_bbp_reply_count_hidden":0,"_bbp_forum_subforum_count":0,"footnotes":""},"class_list":["post-10934","page","type-page","status-publish","hentry"],"post_mailing_queue_ids":[],"_links":{"self":[{"href":"https:\/\/agora.xtec.cat\/esc-santjordi-svmontalt\/wp-json\/wp\/v2\/pages\/10934","targetHints":{"allow":["GET"]}}],"collection":[{"href":"https:\/\/agora.xtec.cat\/esc-santjordi-svmontalt\/wp-json\/wp\/v2\/pages"}],"about":[{"href":"https:\/\/agora.xtec.cat\/esc-santjordi-svmontalt\/wp-json\/wp\/v2\/types\/page"}],"author":[{"embeddable":true,"href":"https:\/\/agora.xtec.cat\/esc-santjordi-svmontalt\/wp-json\/wp\/v2\/users\/1"}],"replies":[{"embeddable":true,"href":"https:\/\/agora.xtec.cat\/esc-santjordi-svmontalt\/wp-json\/wp\/v2\/comments?post=10934"}],"version-history":[{"count":6,"href":"https:\/\/agora.xtec.cat\/esc-santjordi-svmontalt\/wp-json\/wp\/v2\/pages\/10934\/revisions"}],"predecessor-version":[{"id":12884,"href":"https:\/\/agora.xtec.cat\/esc-santjordi-svmontalt\/wp-json\/wp\/v2\/pages\/10934\/revisions\/12884"}],"up":[{"embeddable":true,"href":"https:\/\/agora.xtec.cat\/esc-santjordi-svmontalt\/wp-json\/wp\/v2\/pages\/22"}],"wp:attachment":[{"href":"https:\/\/agora.xtec.cat\/esc-santjordi-svmontalt\/wp-json\/wp\/v2\/media?parent=10934"}],"curies":[{"name":"wp","href":"https:\/\/api.w.org\/{rel}","templated":true}]}}

<p>&nbsp;</p>
<table style="border-collapse: collapse; width: 100%;">
<tbody>
<tr>
<td style="width: 100%; text-align: center;"><strong>CORREU ELECTRÒNIC DEL CENTRE: <span style="color: #0000ff;">a8032592@xtec.cat</span></strong></td>
</tr>
</tbody>
</table>
<p>&nbsp;</p>
<p>Seguint les instruccions del Departament d&#8217;Educació i de la Generalitat de Catalunya en compliment del decret sobre transparència de les administracions públiques, es posa a disposició el pressupost aprovat pel Consell escolar de l&#8217;escola Sant Jordi (Sant Vicenç de Montalt).</p>
<p><a href="https://drive.google.com/file/d/1XReWR4ktp91u24_dTe-691RkfAIql7cq/view?usp=sharing">Pressuspost exercici 2025</a>. Aprovació. VIGENT</p>
<p><a href="https://drive.google.com/file/d/1A_sT6xfN5E5MvIPhzro6y3Qnxr13KM3d/view?usp=sharing">Pressupost exercici 2024.</a> Liquidació.</p>
<p><a href="https://drive.google.com/file/d/14Dg-I8sayGcJCXQbmDOAlIgu4er04cQD/view?usp=sharing">Pressupost exercici 2023.</a> Liquidació.</p>
<p><a href="https://drive.google.com/file/d/12RBAV7-L9R2UUNKhYni9jHwFaynz7avz/view?usp=share_link">Pressupost exercici 2022</a>. Liquidació.</p>

<p>&nbsp;</p>
<p>CORREU ELECTRÒNIC DEL CENTRE: a8032592@xtec.cat</p>
<p>&nbsp;<br />
Seguint les instruccions del Departament d&#8217;Educació i de la Generalitat de Catalunya en compliment del decret sobre transparència de les administracions públiques, es posa a disposició el pressupost aprovat pel Consell escolar de l&#8217;escola Sant Jordi (Sant Vicenç de Montalt).<br />
<a href="https://drive.google.com/file/d/1XReWR4ktp91u24_dTe-691RkfAIql7cq/view?usp=sharing">Pressuspost&hellip;  <a href="https://agora.xtec.cat/esc-santjordi-svmontalt/lescola/secretaria/" title="Read Secretaria">Llegeix més»</a></p>
