{"id":7726,"date":"2025-04-04T10:09:51","date_gmt":"2025-04-04T08:09:51","guid":{"rendered":"https:\/\/agora.xtec.cat\/esc-santacoloma\/?page_id=7726"},"modified":"2025-10-06T21:42:51","modified_gmt":"2025-10-06T19:42:51","slug":"cantata","status":"publish","type":"page","link":"https:\/\/agora.xtec.cat\/esc-santacoloma\/pagines-dinici\/projectes\/cantata\/","title":{"rendered":"Cantata"},"content":{"rendered":"\n<div class=\"wp-block-getwid-images-slider has-arrows-inside has-dots-inside has-images-center has-cropped-images\"><div class=\"wp-block-getwid-images-slider__wrapper\" data-effect=\"slide\" data-slides-show=\"1\" data-slides-show-laptop=\"1\" data-slides-show-tablet=\"1\" data-slides-show-mobile=\"1\" data-slides-scroll=\"1\" data-autoplay=\"false\" data-pause-hover=\"false\" data-autoplay-speed=\"6000\" data-infinite=\"true\" data-animation-speed=\"800\" data-center-mode=\"false\" data-variable-width=\"false\" data-arrows=\"inside\" data-dots=\"inside\" data-spacing=\"none\"><div class=\"wp-block-getwid-images-slider__item\"><figure><img loading=\"lazy\" decoding=\"async\" width=\"1024\" height=\"682\" src=\"https:\/\/agora.xtec.cat\/esc-santacoloma\/wp-content\/uploads\/usu371\/2025\/10\/0D7A7560.jpg\" data-id=\"8313\" data-link=\"https:\/\/agora.xtec.cat\/esc-santacoloma\/pagines-dinici\/projectes\/cantata\/attachment\/0d7a7560\/\" data-original-link=\"https:\/\/agora.xtec.cat\/esc-santacoloma\/wp-content\/uploads\/usu371\/2025\/10\/0D7A7560.jpg\" class=\"wp-block-getwid-images-slider__image wp-image-8313\" srcset=\"https:\/\/agora.xtec.cat\/esc-santacoloma\/wp-content\/uploads\/usu371\/2025\/10\/0D7A7560.jpg 1024w, https:\/\/agora.xtec.cat\/esc-santacoloma\/wp-content\/uploads\/usu371\/2025\/10\/0D7A7560-300x200.jpg 300w, https:\/\/agora.xtec.cat\/esc-santacoloma\/wp-content\/uploads\/usu371\/2025\/10\/0D7A7560-768x512.jpg 768w\" sizes=\"auto, (max-width: 1024px) 100vw, 1024px\" \/><\/figure><\/div><div class=\"wp-block-getwid-images-slider__item\"><figure><img loading=\"lazy\" decoding=\"async\" width=\"1024\" height=\"682\" src=\"https:\/\/agora.xtec.cat\/esc-santacoloma\/wp-content\/uploads\/usu371\/2025\/10\/0D7A7556.jpg\" data-id=\"8314\" data-link=\"https:\/\/agora.xtec.cat\/esc-santacoloma\/pagines-dinici\/projectes\/cantata\/attachment\/0d7a7556\/\" data-original-link=\"https:\/\/agora.xtec.cat\/esc-santacoloma\/wp-content\/uploads\/usu371\/2025\/10\/0D7A7556.jpg\" class=\"wp-block-getwid-images-slider__image wp-image-8314\" srcset=\"https:\/\/agora.xtec.cat\/esc-santacoloma\/wp-content\/uploads\/usu371\/2025\/10\/0D7A7556.jpg 1024w, https:\/\/agora.xtec.cat\/esc-santacoloma\/wp-content\/uploads\/usu371\/2025\/10\/0D7A7556-300x200.jpg 300w, https:\/\/agora.xtec.cat\/esc-santacoloma\/wp-content\/uploads\/usu371\/2025\/10\/0D7A7556-768x512.jpg 768w\" sizes=\"auto, (max-width: 1024px) 100vw, 1024px\" \/><\/figure><\/div><div class=\"wp-block-getwid-images-slider__item\"><figure><img loading=\"lazy\" decoding=\"async\" width=\"1024\" height=\"682\" src=\"https:\/\/agora.xtec.cat\/esc-santacoloma\/wp-content\/uploads\/usu371\/2025\/10\/0D7A7514-1.jpg\" data-id=\"8315\" data-link=\"https:\/\/agora.xtec.cat\/esc-santacoloma\/pagines-dinici\/projectes\/cantata\/attachment\/0d7a7514-1\/\" data-original-link=\"https:\/\/agora.xtec.cat\/esc-santacoloma\/wp-content\/uploads\/usu371\/2025\/10\/0D7A7514-1.jpg\" class=\"wp-block-getwid-images-slider__image wp-image-8315\" srcset=\"https:\/\/agora.xtec.cat\/esc-santacoloma\/wp-content\/uploads\/usu371\/2025\/10\/0D7A7514-1.jpg 1024w, https:\/\/agora.xtec.cat\/esc-santacoloma\/wp-content\/uploads\/usu371\/2025\/10\/0D7A7514-1-300x200.jpg 300w, https:\/\/agora.xtec.cat\/esc-santacoloma\/wp-content\/uploads\/usu371\/2025\/10\/0D7A7514-1-768x512.jpg 768w\" sizes=\"auto, (max-width: 1024px) 100vw, 1024px\" \/><\/figure><\/div><div class=\"wp-block-getwid-images-slider__item\"><figure><img loading=\"lazy\" decoding=\"async\" width=\"1024\" height=\"682\" src=\"https:\/\/agora.xtec.cat\/esc-santacoloma\/wp-content\/uploads\/usu371\/2025\/10\/0D7A7513-1.jpg\" data-id=\"8316\" data-link=\"https:\/\/agora.xtec.cat\/esc-santacoloma\/pagines-dinici\/projectes\/cantata\/attachment\/0d7a7513-2\/\" data-original-link=\"https:\/\/agora.xtec.cat\/esc-santacoloma\/wp-content\/uploads\/usu371\/2025\/10\/0D7A7513-1.jpg\" class=\"wp-block-getwid-images-slider__image wp-image-8316\" srcset=\"https:\/\/agora.xtec.cat\/esc-santacoloma\/wp-content\/uploads\/usu371\/2025\/10\/0D7A7513-1.jpg 1024w, https:\/\/agora.xtec.cat\/esc-santacoloma\/wp-content\/uploads\/usu371\/2025\/10\/0D7A7513-1-300x200.jpg 300w, https:\/\/agora.xtec.cat\/esc-santacoloma\/wp-content\/uploads\/usu371\/2025\/10\/0D7A7513-1-768x512.jpg 768w\" sizes=\"auto, (max-width: 1024px) 100vw, 1024px\" \/><\/figure><\/div><\/div><\/div>\n\n\n\n<p>La cantata \u00e9s un projecte a nivell d&#8217;escola que es realitza tots els anys a quart de prim\u00e0ria. En aquesta hi participen un gran n\u00famero d&#8217;escoles de tot el municipi de Santa Coloma i es realitza al Teatre Sagarra. Consisteix en la preparaci\u00f3 d&#8217;un concert de cant coral que es du a terme a les sessions de m\u00fasica.<\/p>\n\n\n\n<p>En aquesta preparaci\u00f3 es treballen tant sabers musicals com aspectes del desenvolupament dels nens i nenes a un nivell competencial, com el saber estar a un escenari, control de la veu o la comunicaci\u00f3. A m\u00e9s a m\u00e9s mitjan\u00e7ant el treball de la cantata, es vivencia la m\u00fasica des d&#8217;un prisma emocional i de gaudiment de l&#8217;infant.<\/p>\n","protected":false},"excerpt":{"rendered":"<p>La cantata \u00e9s un projecte a nivell d&#8217;escola que es realitza tots els anys a quart de prim\u00e0ria. En aquesta hi participen un gran n\u00famero d&#8217;escoles de tot el municipi de Santa Coloma i es realitza al Teatre Sagarra. Consisteix en la preparaci\u00f3 d&#8217;un concert de cant coral que es du a terme a les [&hellip;]<\/p>\n","protected":false},"author":1,"featured_media":0,"parent":7720,"menu_order":0,"comment_status":"closed","ping_status":"close","template":"","meta":{"_bbp_topic_count":0,"_bbp_reply_count":0,"_bbp_total_topic_count":0,"_bbp_total_reply_count":0,"_bbp_voice_count":0,"_bbp_anonymous_reply_count":0,"_bbp_topic_count_hidden":0,"_bbp_reply_count_hidden":0,"_bbp_forum_subforum_count":0,"site-sidebar-layout":"default","site-content-layout":"","ast-site-content-layout":"default","site-content-style":"default","site-sidebar-style":"default","ast-global-header-display":"","ast-banner-title-visibility":"","ast-main-header-display":"","ast-hfb-above-header-display":"","ast-hfb-below-header-display":"","ast-hfb-mobile-header-display":"","site-post-title":"","ast-breadcrumbs-content":"","ast-featured-img":"","footer-sml-layout":"","theme-transparent-header-meta":"","adv-header-id-meta":"","stick-header-meta":"","header-above-stick-meta":"","header-main-stick-meta":"","header-below-stick-meta":"","astra-migrate-meta-layouts":"set","ast-page-background-enabled":"default","ast-page-background-meta":{"desktop":{"background-color":"var(--ast-global-color-4)","background-image":"","background-repeat":"repeat","background-position":"center center","background-size":"auto","background-attachment":"scroll","background-type":"","background-media":"","overlay-type":"","overlay-color":"","overlay-opacity":"","overlay-gradient":""},"tablet":{"background-color":"","background-image":"","background-repeat":"repeat","background-position":"center center","background-size":"auto","background-attachment":"scroll","background-type":"","background-media":"","overlay-type":"","overlay-color":"","overlay-opacity":"","overlay-gradient":""},"mobile":{"background-color":"","background-image":"","background-repeat":"repeat","background-position":"center center","background-size":"auto","background-attachment":"scroll","background-type":"","background-media":"","overlay-type":"","overlay-color":"","overlay-opacity":"","overlay-gradient":""}},"ast-content-background-meta":{"desktop":{"background-color":"var(--ast-global-color-5)","background-image":"","background-repeat":"repeat","background-position":"center center","background-size":"auto","background-attachment":"scroll","background-type":"","background-media":"","overlay-type":"","overlay-color":"","overlay-opacity":"","overlay-gradient":""},"tablet":{"background-color":"var(--ast-global-color-5)","background-image":"","background-repeat":"repeat","background-position":"center center","background-size":"auto","background-attachment":"scroll","background-type":"","background-media":"","overlay-type":"","overlay-color":"","overlay-opacity":"","overlay-gradient":""},"mobile":{"background-color":"var(--ast-global-color-5)","background-image":"","background-repeat":"repeat","background-position":"center center","background-size":"auto","background-attachment":"scroll","background-type":"","background-media":"","overlay-type":"","overlay-color":"","overlay-opacity":"","overlay-gradient":""}},"footnotes":""},"class_list":["post-7726","page","type-page","status-publish","hentry"],"post_mailing_queue_ids":[],"_links":{"self":[{"href":"https:\/\/agora.xtec.cat\/esc-santacoloma\/wp-json\/wp\/v2\/pages\/7726","targetHints":{"allow":["GET"]}}],"collection":[{"href":"https:\/\/agora.xtec.cat\/esc-santacoloma\/wp-json\/wp\/v2\/pages"}],"about":[{"href":"https:\/\/agora.xtec.cat\/esc-santacoloma\/wp-json\/wp\/v2\/types\/page"}],"author":[{"embeddable":true,"href":"https:\/\/agora.xtec.cat\/esc-santacoloma\/wp-json\/wp\/v2\/users\/1"}],"replies":[{"embeddable":true,"href":"https:\/\/agora.xtec.cat\/esc-santacoloma\/wp-json\/wp\/v2\/comments?post=7726"}],"version-history":[{"count":6,"href":"https:\/\/agora.xtec.cat\/esc-santacoloma\/wp-json\/wp\/v2\/pages\/7726\/revisions"}],"predecessor-version":[{"id":8367,"href":"https:\/\/agora.xtec.cat\/esc-santacoloma\/wp-json\/wp\/v2\/pages\/7726\/revisions\/8367"}],"up":[{"embeddable":true,"href":"https:\/\/agora.xtec.cat\/esc-santacoloma\/wp-json\/wp\/v2\/pages\/7720"}],"wp:attachment":[{"href":"https:\/\/agora.xtec.cat\/esc-santacoloma\/wp-json\/wp\/v2\/media?parent=7726"}],"curies":[{"name":"wp","href":"https:\/\/api.w.org\/{rel}","templated":true}]}}