{"id":7693,"date":"2025-04-04T10:02:47","date_gmt":"2025-04-04T08:02:47","guid":{"rendered":"https:\/\/agora.xtec.cat\/esc-santacoloma\/?page_id=7693"},"modified":"2026-01-29T21:31:28","modified_gmt":"2026-01-29T20:31:28","slug":"trets-didentitat","status":"publish","type":"page","link":"https:\/\/agora.xtec.cat\/esc-santacoloma\/pagines-dinici\/lescola\/trets-didentitat\/","title":{"rendered":"Trets d&#8217;identitat"},"content":{"rendered":"\n<p>Entenem l\u2019educaci\u00f3 com un fet que abasta el desenvolupament integral de les persones; treballem per la formaci\u00f3 de persones capaces de posar-se en el lloc de l\u2019altre amb esperit cr\u00edtic, de col\u00b7laboraci\u00f3 i alhora de superaci\u00f3 personal. El nostre objectiu general \u00e9s entendre l\u2019educaci\u00f3 com quelcom integral on el desenvolupament emocional i hum\u00e0, l\u2019intel\u00b7lectual, art\u00edstic i d\u2019actitud i valors s\u00f3n els pilars fonamentals i han de cr\u00e9ixer i desenvolupar-se en equilibri en totes les edats.<\/p>\n\n\n\n<p>Per assolir aquest gran objectiu general creiem que no existeix una \u00fanica metodologia, \u00e9s per aix\u00f2 que treballem per donar a l\u2019alumnat un gran ventall de m\u00e8todes d\u2019aprenentatge que l\u2019ajudin a cr\u00e9ixer i desenvolupar-se.\u00a0<\/p>\n\n\n\n<p>Donem molta import\u00e0ncia al treball de l&#8217;educaci\u00f3 emocional i valors per ajudar al desenvolupament d\u2019unes compet\u00e8ncies socials qu\u00e8 propici\u00efn el benestar, la felicitat i la conviv\u00e8ncia.<\/p>\n\n\n\n<p>Treballem en diferents tipus d\u2019agrupaments i amb un gran ventall de materials. Per desenvolupar els aspectes m\u00e9s te\u00f2rics i curriculars disposem de suport editorial i alhora el compaginem amb material did\u00e0ctic que ajuda a exemplificar i experimentar els aprenentatges, i sempre des d\u2019una perspectiva l\u00fadica i motivadora per l\u2019alumnat.<\/p>\n\n\n\n<p>El di\u00e0leg i la toler\u00e0ncia s\u00f3n la base per a la resoluci\u00f3 de tots els conflictes i els elements que permeten una conviv\u00e8ncia respectuosa, d\u2019igualtat i integradora. L\u2019escola garanteix la inclusi\u00f3 de tot l\u2019alumnat sense distincions per raons culturals, \u00e8tniques, religioses o de g\u00e8nere.<\/p>\n","protected":false},"excerpt":{"rendered":"<p>Entenem l\u2019educaci\u00f3 com un fet que abasta el desenvolupament integral de les persones; treballem per la formaci\u00f3 de persones capaces de posar-se en el lloc de l\u2019altre amb esperit cr\u00edtic, de col\u00b7laboraci\u00f3 i alhora de superaci\u00f3 personal. El nostre objectiu general \u00e9s entendre l\u2019educaci\u00f3 com quelcom integral on el desenvolupament emocional i hum\u00e0, l\u2019intel\u00b7lectual, art\u00edstic [&hellip;]<\/p>\n","protected":false},"author":1,"featured_media":0,"parent":7674,"menu_order":0,"comment_status":"closed","ping_status":"close","template":"","meta":{"_bbp_topic_count":0,"_bbp_reply_count":0,"_bbp_total_topic_count":0,"_bbp_total_reply_count":0,"_bbp_voice_count":0,"_bbp_anonymous_reply_count":0,"_bbp_topic_count_hidden":0,"_bbp_reply_count_hidden":0,"_bbp_forum_subforum_count":0,"site-sidebar-layout":"default","site-content-layout":"","ast-site-content-layout":"default","site-content-style":"default","site-sidebar-style":"default","ast-global-header-display":"","ast-banner-title-visibility":"","ast-main-header-display":"","ast-hfb-above-header-display":"","ast-hfb-below-header-display":"","ast-hfb-mobile-header-display":"","site-post-title":"","ast-breadcrumbs-content":"","ast-featured-img":"","footer-sml-layout":"","theme-transparent-header-meta":"","adv-header-id-meta":"","stick-header-meta":"","header-above-stick-meta":"","header-main-stick-meta":"","header-below-stick-meta":"","astra-migrate-meta-layouts":"set","ast-page-background-enabled":"default","ast-page-background-meta":{"desktop":{"background-color":"var(--ast-global-color-4)","background-image":"","background-repeat":"repeat","background-position":"center center","background-size":"auto","background-attachment":"scroll","background-type":"","background-media":"","overlay-type":"","overlay-color":"","overlay-opacity":"","overlay-gradient":""},"tablet":{"background-color":"","background-image":"","background-repeat":"repeat","background-position":"center center","background-size":"auto","background-attachment":"scroll","background-type":"","background-media":"","overlay-type":"","overlay-color":"","overlay-opacity":"","overlay-gradient":""},"mobile":{"background-color":"","background-image":"","background-repeat":"repeat","background-position":"center center","background-size":"auto","background-attachment":"scroll","background-type":"","background-media":"","overlay-type":"","overlay-color":"","overlay-opacity":"","overlay-gradient":""}},"ast-content-background-meta":{"desktop":{"background-color":"var(--ast-global-color-5)","background-image":"","background-repeat":"repeat","background-position":"center center","background-size":"auto","background-attachment":"scroll","background-type":"","background-media":"","overlay-type":"","overlay-color":"","overlay-opacity":"","overlay-gradient":""},"tablet":{"background-color":"var(--ast-global-color-5)","background-image":"","background-repeat":"repeat","background-position":"center center","background-size":"auto","background-attachment":"scroll","background-type":"","background-media":"","overlay-type":"","overlay-color":"","overlay-opacity":"","overlay-gradient":""},"mobile":{"background-color":"var(--ast-global-color-5)","background-image":"","background-repeat":"repeat","background-position":"center center","background-size":"auto","background-attachment":"scroll","background-type":"","background-media":"","overlay-type":"","overlay-color":"","overlay-opacity":"","overlay-gradient":""}},"footnotes":""},"class_list":["post-7693","page","type-page","status-publish","hentry"],"post_mailing_queue_ids":[],"_links":{"self":[{"href":"https:\/\/agora.xtec.cat\/esc-santacoloma\/wp-json\/wp\/v2\/pages\/7693","targetHints":{"allow":["GET"]}}],"collection":[{"href":"https:\/\/agora.xtec.cat\/esc-santacoloma\/wp-json\/wp\/v2\/pages"}],"about":[{"href":"https:\/\/agora.xtec.cat\/esc-santacoloma\/wp-json\/wp\/v2\/types\/page"}],"author":[{"embeddable":true,"href":"https:\/\/agora.xtec.cat\/esc-santacoloma\/wp-json\/wp\/v2\/users\/1"}],"replies":[{"embeddable":true,"href":"https:\/\/agora.xtec.cat\/esc-santacoloma\/wp-json\/wp\/v2\/comments?post=7693"}],"version-history":[{"count":3,"href":"https:\/\/agora.xtec.cat\/esc-santacoloma\/wp-json\/wp\/v2\/pages\/7693\/revisions"}],"predecessor-version":[{"id":8819,"href":"https:\/\/agora.xtec.cat\/esc-santacoloma\/wp-json\/wp\/v2\/pages\/7693\/revisions\/8819"}],"up":[{"embeddable":true,"href":"https:\/\/agora.xtec.cat\/esc-santacoloma\/wp-json\/wp\/v2\/pages\/7674"}],"wp:attachment":[{"href":"https:\/\/agora.xtec.cat\/esc-santacoloma\/wp-json\/wp\/v2\/media?parent=7693"}],"curies":[{"name":"wp","href":"https:\/\/api.w.org\/{rel}","templated":true}]}}

<p>Entenem l’educació com un fet que abasta el desenvolupament integral de les persones; treballem per la formació de persones capaces de posar-se en el lloc de l’altre amb esperit crític, de col·laboració i alhora de superació personal. El nostre objectiu general és entendre l’educació com quelcom integral on el desenvolupament emocional i humà, l’intel·lectual, artístic i d’actitud i valors són els pilars fonamentals i han de créixer i desenvolupar-se en equilibri en totes les edats.</p>



<p>Per assolir aquest gran objectiu general creiem que no existeix una única metodologia, és per això que treballem per donar a l’alumnat un gran ventall de mètodes d’aprenentatge que l’ajudin a créixer i desenvolupar-se. </p>



<p>Donem molta importància al treball de l&#8217;educació emocional i valors per ajudar al desenvolupament d’unes competències socials què propiciïn el benestar, la felicitat i la convivència.</p>



<p>Treballem en diferents tipus d’agrupaments i amb un gran ventall de materials. Per desenvolupar els aspectes més teòrics i curriculars disposem de suport editorial i alhora el compaginem amb material didàctic que ajuda a exemplificar i experimentar els aprenentatges, i sempre des d’una perspectiva lúdica i motivadora per l’alumnat.</p>



<p>El diàleg i la tolerància són la base per a la resolució de tots els conflictes i els elements que permeten una convivència respectuosa, d’igualtat i integradora. L’escola garanteix la inclusió de tot l’alumnat sense distincions per raons culturals, ètniques, religioses o de gènere.</p>

<p>Entenem l’educació com un fet que abasta el desenvolupament integral de les persones; treballem per la formació de persones capaces de posar-se en el lloc de l’altre amb esperit crític, de col·laboració i alhora de superació personal. El nostre objectiu general és entendre l’educació com quelcom integral on el desenvolupament emocional i humà, l’intel·lectual, artístic [&hellip;]</p>
