{"id":84,"date":"2014-09-18T14:11:31","date_gmt":"2014-09-18T12:11:31","guid":{"rendered":"http:\/\/agora.xtec.cat\/esc-sant-esteve-de-guialbes\/?page_id=84"},"modified":"2025-09-30T10:44:15","modified_gmt":"2025-09-30T08:44:15","slug":"activitats-extraescolars","status":"publish","type":"page","link":"https:\/\/agora.xtec.cat\/esc-sant-esteve-de-guialbes\/afa\/activitats-extraescolars\/","title":{"rendered":"Activitats extraescolars"},"content":{"rendered":"<p>Les activitats extraescolars les organitza l&#8217;AFA juntament amb l&#8217;escola. <span style=\"font-weight: 400;\">Les Activitats extraescolars s\u00f3n activitats de car\u00e0cter l\u00fadic-formatiu que pretenen cobrir un espai d&#8217;oci necessari en el proc\u00e9s d&#8217;aprenentatge dels nostres fills i filles. Es desenvolupen fora de l&#8217;horari lectiu de l&#8217;escola i en cap cas interferiran en el desenvolupament de les activitats escolars lectives o complement\u00e0ries.<\/span><\/p>\n<p>Aquest curs 2025-2026 l&#8217;AFA organitza les extraescolars al migdia i a la tarda. <span style=\"color: #99cc00;\"><strong>Les inscripcions seran fins el dia 19 de Setembre<\/strong><\/span>. Cada tallerista organitza i gestiona econ\u00f2micament la seva extraescolar. Cal contactar directament amb elles\/ells per a gestionar les inscripcions.<\/p>\n<p>Es demana un comprom\u00eds trimestral en cada extraescolar per tal de mantenir un m\u00ednim de consist\u00e8nica en l&#8217;activitat i el grup.<\/p>\n<p>Podeu veure les extraescolars que s&#8217;ofereixen aquest any a l&#8217;enlla\u00e7 seg\u00fcent:<\/p>\n<ul>\n<li><a href=\"https:\/\/drive.google.com\/file\/d\/1px-5acWe_baMoPSQcr53fOkaJB9KDPEH\/view?usp=sharing\">Cartell extraescolars 25-26<\/a><\/li>\n<\/ul>\n<p>Aqu\u00ed podeu trobar el calendari amb les extraescolars proposades:<\/p>\n<ul>\n<li><a href=\"https:\/\/drive.google.com\/file\/d\/18DKPfGctkoepRVkTwnZeH_84nHVw2vml\/view?usp=sharing\">Horaris<\/a><\/li>\n<\/ul>\n<p>Aqu\u00ed podeu veure les diferents descripcions de les extraescolars:<\/p>\n<p>-Activitats de migdia a l&#8217;escola:<\/p>\n<ul>\n<li><a href=\"https:\/\/drive.google.com\/file\/d\/1dNijO2hAli-2xcT9oAUw8z-f6wrS61zW\/view?usp=sharing\">Apr\u00e8n a tocar instruments de vent<\/a><\/li>\n<li><a href=\"https:\/\/drive.google.com\/file\/d\/1NqVnxakllWhwBoF8UTRZQIcMAO6EzLXW\/view?usp=sharing\">M\u00fasica:\u00a0 Let&#8217;s jam!<\/a> <a href=\"https:\/\/drive.google.com\/file\/d\/1mf7NDIFgN-rlOVSvYwW_YZiJnEQz_Cr3\/view?usp=sharing\">Cartell informatiu<\/a>; <a href=\"https:\/\/drive.google.com\/drive\/folders\/1dBFgJzcxI7jFxJnk-SrykuLb-kC8V_LO   https:\/\/youtu.be\/OlpKl9lJjfk\" data-wplink-url-error=\"true\">Imatges<\/a><\/li>\n<li><a href=\"https:\/\/drive.google.com\/file\/d\/1LrsHmRdAUdp5kAWx8zrXr_mydLiSqWbT\/view?usp=sharing\">Fusteria creativa<\/a><a href=\"https:\/\/drive.google.com\/file\/d\/1ZYohVi_-yDIOLFFdw92Sif5Zkzm_UgSZ\/view?usp=sharing\"> i C\u00f2mic.<\/a><\/li>\n<li><a href=\"https:\/\/drive.google.com\/file\/d\/1a2oyXL4R0CRIMBm0WQMeBA9Ext-xv-_y\/view?usp=sharing\">Art de proc\u00e9s<\/a><\/li>\n<li><a href=\"https:\/\/drive.google.com\/file\/d\/1w1FQYKDKaMDxzjWyqvOYgcbrDAyIxFB5\/view?usp=sharing\">Dansa-teatre<\/a><\/li>\n<li><a href=\"https:\/\/drive.google.com\/file\/d\/1wqVCfyQCUJ2GX4svcHwMRYZ7sNpVi5TL\/view?usp=sharing\">English Montessori<\/a> \u00a0<\/li>\n<\/ul>\n<p>&#8211; Activitats de tarda a l&#8217;escola<\/p>\n<ul>\n<li><a href=\"https:\/\/drive.google.com\/file\/d\/1wqVCfyQCUJ2GX4svcHwMRYZ7sNpVi5TL\/view?usp=sharing\">English Montessori<\/a><\/li>\n<li><a href=\"https:\/\/docs.google.com\/document\/d\/1_UwduC8d9XulloEnpCNZZytW4vfsX8fD\/edit?usp=sharing&amp;ouid=109850136622136696870&amp;rtpof=true&amp;sd=true\">Yoga Kids\u00a0<\/a><\/li>\n<\/ul>\n<p>Informeu-vos tamb\u00e9, d&#8217;altres activitats del municipi:<\/p>\n<ul>\n<li>KungFu El Petit drac: <a href=\"https:\/\/www.instagram.com\/p\/C-3M07fNoL-\/\">V\u00eddeo de presentaci\u00f3<\/a> i <a href=\"https:\/\/www.instagram.com\/p\/C84cBYWsKwJ\/?img_index=1\">horaris<\/a>\u00a0<\/li>\n<li><a href=\"https:\/\/drive.google.com\/file\/d\/1IlCQSdOSgkTlHYdmyMXq4Oo8_2DRh6Jg\/view?usp=drive_link\">Escola de bruixetes<\/a><\/li>\n<\/ul>\n<p>Aquest any tamb\u00e9 extraescolars per adultxs i adolescents, animeu-vos!!!!<\/p>\n<ul>\n<li><a href=\"https:\/\/drive.google.com\/file\/d\/1waENc1_xL8yCnjHL1lD80DGetitTo89o\/view?usp=drive_link\">Meditaci\u00f3 i Mindfulness<\/a> (adultes)<\/li>\n<li><a href=\"https:\/\/drive.google.com\/file\/d\/1IlCQSdOSgkTlHYdmyMXq4Oo8_2DRh6Jg\/view?usp=drive_link\">Noietes Bruixes<\/a> (adolescents)<\/li>\n<\/ul>\n<p>En aquest enlla\u00e7 podeu trobar la normativa de les extraescolars:<\/p>\n<ul>\n<li><a href=\"https:\/\/docs.google.com\/document\/d\/1c-_omQrQYQ1ZA9A2LvDtrlfSItFxTOks\/edit?usp=sharing&amp;ouid=116994720107831123600&amp;rtpof=true&amp;sd=true\">Normativa extraescolars 2023-2024 (pendent d&#8217;actualitzar)<\/a><\/li>\n<\/ul>\n<p>*Qualsevol \u00fas de material escolar (estris, menjar&#8230;) queda prohibit i en cas que es necessiti cal que es demani a l&#8217;equip directiu del centre.<\/p>\n<p>Si teniu qualsevol pregunta no dubteu en contactar-nos: <a href=\"mailto:afa.guialbes@gmail.com\" target=\"_blank\" rel=\"noopener noreferrer\">afa<span class=\"\"><span class=\"\"><span class=\"\">@escolaguialbes.cat\u00a0<\/span><\/span><\/span><\/a><\/p>\n<p><a href=\"https:\/\/agora.xtec.cat\/esc-sant-esteve-de-guialbes\/wp-content\/uploads\/usu1805\/2021\/09\/WhatsApp-Image-2021-09-07-at-17.34.22-e1631377537569.jpeg\"><img loading=\"lazy\" decoding=\"async\" class=\"size-full wp-image-2693 aligncenter\" src=\"https:\/\/agora.xtec.cat\/esc-sant-esteve-de-guialbes\/wp-content\/uploads\/usu1805\/2021\/09\/WhatsApp-Image-2021-09-07-at-17.34.22-e1631377537569.jpeg\" alt=\"\" width=\"200\" height=\"200\" \/><\/a><\/p>\n\n","protected":false},"excerpt":{"rendered":"<p>Les activitats extraescolars les organitza l&#8217;AFA juntament amb l&#8217;escola. Les Activitats extraescolars s\u00f3n activitats de car\u00e0cter l\u00fadic-formatiu que pretenen cobrir [&hellip;]<\/p>\n","protected":false},"author":1,"featured_media":0,"parent":1564,"menu_order":6,"comment_status":"closed","ping_status":"closed","template":"page-templates\/side-menu.php","meta":{"_bbp_topic_count":0,"_bbp_reply_count":0,"_bbp_total_topic_count":0,"_bbp_total_reply_count":0,"_bbp_voice_count":0,"_bbp_anonymous_reply_count":0,"_bbp_topic_count_hidden":0,"_bbp_reply_count_hidden":0,"_bbp_forum_subforum_count":0,"site-sidebar-layout":"default","site-content-layout":"","ast-site-content-layout":"default","site-content-style":"default","site-sidebar-style":"default","ast-global-header-display":"","ast-banner-title-visibility":"","ast-main-header-display":"","ast-hfb-above-header-display":"","ast-hfb-below-header-display":"","ast-hfb-mobile-header-display":"","site-post-title":"","ast-breadcrumbs-content":"","ast-featured-img":"","footer-sml-layout":"","theme-transparent-header-meta":"","adv-header-id-meta":"","stick-header-meta":"","header-above-stick-meta":"","header-main-stick-meta":"","header-below-stick-meta":"","astra-migrate-meta-layouts":"set","ast-page-background-enabled":"default","ast-page-background-meta":{"desktop":{"background-color":"var(--ast-global-color-4)","background-image":"","background-repeat":"repeat","background-position":"center center","background-size":"auto","background-attachment":"scroll","background-type":"","background-media":"","overlay-type":"","overlay-color":"","overlay-opacity":"","overlay-gradient":""},"tablet":{"background-color":"","background-image":"","background-repeat":"repeat","background-position":"center center","background-size":"auto","background-attachment":"scroll","background-type":"","background-media":"","overlay-type":"","overlay-color":"","overlay-opacity":"","overlay-gradient":""},"mobile":{"background-color":"","background-image":"","background-repeat":"repeat","background-position":"center center","background-size":"auto","background-attachment":"scroll","background-type":"","background-media":"","overlay-type":"","overlay-color":"","overlay-opacity":"","overlay-gradient":""}},"ast-content-background-meta":{"desktop":{"background-color":"var(--ast-global-color-5)","background-image":"","background-repeat":"repeat","background-position":"center center","background-size":"auto","background-attachment":"scroll","background-type":"","background-media":"","overlay-type":"","overlay-color":"","overlay-opacity":"","overlay-gradient":""},"tablet":{"background-color":"var(--ast-global-color-5)","background-image":"","background-repeat":"repeat","background-position":"center center","background-size":"auto","background-attachment":"scroll","background-type":"","background-media":"","overlay-type":"","overlay-color":"","overlay-opacity":"","overlay-gradient":""},"mobile":{"background-color":"var(--ast-global-color-5)","background-image":"","background-repeat":"repeat","background-position":"center center","background-size":"auto","background-attachment":"scroll","background-type":"","background-media":"","overlay-type":"","overlay-color":"","overlay-opacity":"","overlay-gradient":""}},"footnotes":""},"class_list":["post-84","page","type-page","status-publish","hentry"],"post_mailing_queue_ids":[],"_links":{"self":[{"href":"https:\/\/agora.xtec.cat\/esc-sant-esteve-de-guialbes\/wp-json\/wp\/v2\/pages\/84","targetHints":{"allow":["GET"]}}],"collection":[{"href":"https:\/\/agora.xtec.cat\/esc-sant-esteve-de-guialbes\/wp-json\/wp\/v2\/pages"}],"about":[{"href":"https:\/\/agora.xtec.cat\/esc-sant-esteve-de-guialbes\/wp-json\/wp\/v2\/types\/page"}],"author":[{"embeddable":true,"href":"https:\/\/agora.xtec.cat\/esc-sant-esteve-de-guialbes\/wp-json\/wp\/v2\/users\/1"}],"replies":[{"embeddable":true,"href":"https:\/\/agora.xtec.cat\/esc-sant-esteve-de-guialbes\/wp-json\/wp\/v2\/comments?post=84"}],"version-history":[{"count":6,"href":"https:\/\/agora.xtec.cat\/esc-sant-esteve-de-guialbes\/wp-json\/wp\/v2\/pages\/84\/revisions"}],"predecessor-version":[{"id":4132,"href":"https:\/\/agora.xtec.cat\/esc-sant-esteve-de-guialbes\/wp-json\/wp\/v2\/pages\/84\/revisions\/4132"}],"up":[{"embeddable":true,"href":"https:\/\/agora.xtec.cat\/esc-sant-esteve-de-guialbes\/wp-json\/wp\/v2\/pages\/1564"}],"wp:attachment":[{"href":"https:\/\/agora.xtec.cat\/esc-sant-esteve-de-guialbes\/wp-json\/wp\/v2\/media?parent=84"}],"curies":[{"name":"wp","href":"https:\/\/api.w.org\/{rel}","templated":true}]}}

<p>Les activitats extraescolars les organitza l&#8217;AFA juntament amb l&#8217;escola. <span style="font-weight: 400;">Les Activitats extraescolars són activitats de caràcter lúdic-formatiu que pretenen cobrir un espai d&#8217;oci necessari en el procés d&#8217;aprenentatge dels nostres fills i filles. Es desenvolupen fora de l&#8217;horari lectiu de l&#8217;escola i en cap cas interferiran en el desenvolupament de les activitats escolars lectives o complementàries.</span></p>
<p>Aquest curs 2025-2026 l&#8217;AFA organitza les extraescolars al migdia i a la tarda. <span style="color: #99cc00;"><strong>Les inscripcions seran fins el dia 19 de Setembre</strong></span>. Cada tallerista organitza i gestiona econòmicament la seva extraescolar. Cal contactar directament amb elles/ells per a gestionar les inscripcions.</p>
<p>Es demana un compromís trimestral en cada extraescolar per tal de mantenir un mínim de consistènica en l&#8217;activitat i el grup.</p>
<p>Podeu veure les extraescolars que s&#8217;ofereixen aquest any a l&#8217;enllaç següent:</p>
<ul>
<li><a href="https://drive.google.com/file/d/1px-5acWe_baMoPSQcr53fOkaJB9KDPEH/view?usp=sharing">Cartell extraescolars 25-26</a></li>
</ul>
<p>Aquí podeu trobar el calendari amb les extraescolars proposades:</p>
<ul>
<li><a href="https://drive.google.com/file/d/18DKPfGctkoepRVkTwnZeH_84nHVw2vml/view?usp=sharing">Horaris</a></li>
</ul>
<p>Aquí podeu veure les diferents descripcions de les extraescolars:</p>
<p>-Activitats de migdia a l&#8217;escola:</p>
<ul>
<li><a href="https://drive.google.com/file/d/1dNijO2hAli-2xcT9oAUw8z-f6wrS61zW/view?usp=sharing">Aprèn a tocar instruments de vent</a></li>
<li><a href="https://drive.google.com/file/d/1NqVnxakllWhwBoF8UTRZQIcMAO6EzLXW/view?usp=sharing">Música:  Let&#8217;s jam!</a> <a href="https://drive.google.com/file/d/1mf7NDIFgN-rlOVSvYwW_YZiJnEQz_Cr3/view?usp=sharing">Cartell informatiu</a>; <a href="https://drive.google.com/drive/folders/1dBFgJzcxI7jFxJnk-SrykuLb-kC8V_LO   https://youtu.be/OlpKl9lJjfk" data-wplink-url-error="true">Imatges</a></li>
<li><a href="https://drive.google.com/file/d/1LrsHmRdAUdp5kAWx8zrXr_mydLiSqWbT/view?usp=sharing">Fusteria creativa</a><a href="https://drive.google.com/file/d/1ZYohVi_-yDIOLFFdw92Sif5Zkzm_UgSZ/view?usp=sharing"> i Còmic.</a></li>
<li><a href="https://drive.google.com/file/d/1a2oyXL4R0CRIMBm0WQMeBA9Ext-xv-_y/view?usp=sharing">Art de procés</a></li>
<li><a href="https://drive.google.com/file/d/1w1FQYKDKaMDxzjWyqvOYgcbrDAyIxFB5/view?usp=sharing">Dansa-teatre</a></li>
<li><a href="https://drive.google.com/file/d/1wqVCfyQCUJ2GX4svcHwMRYZ7sNpVi5TL/view?usp=sharing">English Montessori</a>  </li>
</ul>
<p>&#8211; Activitats de tarda a l&#8217;escola</p>
<ul>
<li><a href="https://drive.google.com/file/d/1wqVCfyQCUJ2GX4svcHwMRYZ7sNpVi5TL/view?usp=sharing">English Montessori</a></li>
<li><a href="https://docs.google.com/document/d/1_UwduC8d9XulloEnpCNZZytW4vfsX8fD/edit?usp=sharing&amp;ouid=109850136622136696870&amp;rtpof=true&amp;sd=true">Yoga Kids </a></li>
</ul>
<p>Informeu-vos també, d&#8217;altres activitats del municipi:</p>
<ul>
<li>KungFu El Petit drac: <a href="https://www.instagram.com/p/C-3M07fNoL-/">Vídeo de presentació</a> i <a href="https://www.instagram.com/p/C84cBYWsKwJ/?img_index=1">horaris</a> </li>
<li><a href="https://drive.google.com/file/d/1IlCQSdOSgkTlHYdmyMXq4Oo8_2DRh6Jg/view?usp=drive_link">Escola de bruixetes</a></li>
</ul>
<p>Aquest any també extraescolars per adultxs i adolescents, animeu-vos!!!!</p>
<ul>
<li><a href="https://drive.google.com/file/d/1waENc1_xL8yCnjHL1lD80DGetitTo89o/view?usp=drive_link">Meditació i Mindfulness</a> (adultes)</li>
<li><a href="https://drive.google.com/file/d/1IlCQSdOSgkTlHYdmyMXq4Oo8_2DRh6Jg/view?usp=drive_link">Noietes Bruixes</a> (adolescents)</li>
</ul>
<p>En aquest enllaç podeu trobar la normativa de les extraescolars:</p>
<ul>
<li><a href="https://docs.google.com/document/d/1c-_omQrQYQ1ZA9A2LvDtrlfSItFxTOks/edit?usp=sharing&amp;ouid=116994720107831123600&amp;rtpof=true&amp;sd=true">Normativa extraescolars 2023-2024 (pendent d&#8217;actualitzar)</a></li>
</ul>
<p>*Qualsevol ús de material escolar (estris, menjar&#8230;) queda prohibit i en cas que es necessiti cal que es demani a l&#8217;equip directiu del centre.</p>
<p>Si teniu qualsevol pregunta no dubteu en contactar-nos: <a href="mailto:afa.guialbes@gmail.com" target="_blank" rel="noopener noreferrer">afa<span class=""><span class=""><span class="">@escolaguialbes.cat </span></span></span></a></p>
<p><a href="https://agora.xtec.cat/esc-sant-esteve-de-guialbes/wp-content/uploads/usu1805/2021/09/WhatsApp-Image-2021-09-07-at-17.34.22-e1631377537569.jpeg"><img loading="lazy" decoding="async" class="size-full wp-image-2693 aligncenter" src="https://agora.xtec.cat/esc-sant-esteve-de-guialbes/wp-content/uploads/usu1805/2021/09/WhatsApp-Image-2021-09-07-at-17.34.22-e1631377537569.jpeg" alt="" width="200" height="200" /></a></p>

<p>Les activitats extraescolars les organitza l&#8217;AFA juntament amb l&#8217;escola. Les Activitats extraescolars són activitats de caràcter lúdic-formatiu que pretenen cobrir [&hellip;]</p>
