{"id":3808,"date":"2024-02-24T19:07:59","date_gmt":"2024-02-24T18:07:59","guid":{"rendered":"https:\/\/agora.xtec.cat\/esc-sant-esteve-de-guialbes\/?page_id=3808"},"modified":"2024-05-11T17:45:06","modified_gmt":"2024-05-11T15:45:06","slug":"tallers-petits","status":"publish","type":"page","link":"https:\/\/agora.xtec.cat\/esc-sant-esteve-de-guialbes\/projecte-educatiu\/tallers\/tallers-petits\/","title":{"rendered":"Tallers petits"},"content":{"rendered":"<p><img loading=\"lazy\" decoding=\"async\" class=\"alignleft wp-image-3907\" src=\"https:\/\/agora.xtec.cat\/esc-sant-esteve-de-guialbes\/wp-content\/uploads\/usu1805\/2024\/05\/Taller-dexperimentacio.png\" alt=\"\" width=\"190\" height=\"190\" srcset=\"https:\/\/agora.xtec.cat\/esc-sant-esteve-de-guialbes\/wp-content\/uploads\/usu1805\/2024\/05\/Taller-dexperimentacio.png 500w, https:\/\/agora.xtec.cat\/esc-sant-esteve-de-guialbes\/wp-content\/uploads\/usu1805\/2024\/05\/Taller-dexperimentacio-300x300.png 300w, https:\/\/agora.xtec.cat\/esc-sant-esteve-de-guialbes\/wp-content\/uploads\/usu1805\/2024\/05\/Taller-dexperimentacio-150x150.png 150w\" sizes=\"auto, (max-width: 190px) 100vw, 190px\" \/><\/p>\n<p><strong><span class=\"OYPEnA text-decoration-none text-strikethrough-none\">Taller d\u2019experimentaci\u00f3<\/span><\/strong><\/p>\n<p><span style=\"font-weight: 400;\">Ens ajuda a fer hip\u00f2tesis, experimentar<\/span><span style=\"font-weight: 400;\">\u00a0i treure conclusions cient\u00edfiques.\u00a0<\/span><\/p>\n<p>S&#8217;hi introdueixen elements de manipulaci\u00f3 de conceptes matem\u00e0tics com mesura, capacitat&#8230; per aconseguir iniciar-se en el pensament cient\u00edfic: trobar-se un cas, fer hip\u00f2tesis, comprovar-ho i despr\u00e9s arribar a unes conclusions verificant les hip\u00f2tesis.<\/p>\n<p style=\"text-align: right;\"><strong><span class=\"OYPEnA text-decoration-none text-strikethrough-none\"><a href=\"https:\/\/agora.xtec.cat\/esc-sant-esteve-de-guialbes\/wp-content\/uploads\/usu1805\/2024\/05\/Taller-art-i-creacio.png\"><img loading=\"lazy\" decoding=\"async\" class=\"alignright wp-image-3908\" src=\"https:\/\/agora.xtec.cat\/esc-sant-esteve-de-guialbes\/wp-content\/uploads\/usu1805\/2024\/05\/Taller-art-i-creacio.png\" alt=\"\" width=\"190\" height=\"190\" srcset=\"https:\/\/agora.xtec.cat\/esc-sant-esteve-de-guialbes\/wp-content\/uploads\/usu1805\/2024\/05\/Taller-art-i-creacio.png 500w, https:\/\/agora.xtec.cat\/esc-sant-esteve-de-guialbes\/wp-content\/uploads\/usu1805\/2024\/05\/Taller-art-i-creacio-300x300.png 300w, https:\/\/agora.xtec.cat\/esc-sant-esteve-de-guialbes\/wp-content\/uploads\/usu1805\/2024\/05\/Taller-art-i-creacio-150x150.png 150w\" sizes=\"auto, (max-width: 190px) 100vw, 190px\" \/><\/a>Taller d\u2019art i creaci\u00f3<\/span> <\/strong><\/p>\n<p style=\"text-align: right;\">Basat en els principis de l\u2019Educaci\u00f3 Creadora definits pel pedagog Arno Stern. Pensat per a desenvolupar l\u2019expressi\u00f3 a trav\u00e9s del llenguatge pl\u00e0stic a partir de la iniciativa dels mateixos infants. Es realitza un taller de pintura, un de modelatge de fang i el taller dels invents.<\/p>\n<p style=\"text-align: right;\">En aquest taller tamb\u00e9 s\u2019inclou la lectura i interpretaci\u00f3 d\u2019obres d\u2019art.<\/p>\n<p><strong><a href=\"https:\/\/agora.xtec.cat\/esc-sant-esteve-de-guialbes\/wp-content\/uploads\/usu1805\/2024\/05\/Taller-de-contes.png\"><img loading=\"lazy\" decoding=\"async\" class=\"alignleft wp-image-3910\" src=\"https:\/\/agora.xtec.cat\/esc-sant-esteve-de-guialbes\/wp-content\/uploads\/usu1805\/2024\/05\/Taller-de-contes.png\" alt=\"\" width=\"190\" height=\"190\" srcset=\"https:\/\/agora.xtec.cat\/esc-sant-esteve-de-guialbes\/wp-content\/uploads\/usu1805\/2024\/05\/Taller-de-contes.png 500w, https:\/\/agora.xtec.cat\/esc-sant-esteve-de-guialbes\/wp-content\/uploads\/usu1805\/2024\/05\/Taller-de-contes-300x300.png 300w, https:\/\/agora.xtec.cat\/esc-sant-esteve-de-guialbes\/wp-content\/uploads\/usu1805\/2024\/05\/Taller-de-contes-150x150.png 150w\" sizes=\"auto, (max-width: 190px) 100vw, 190px\" \/><\/a><\/strong><\/p>\n<p>&nbsp;<\/p>\n<p><strong>Taller de contes<\/strong><\/p>\n<p>S\u2019hi presentaran contes tant tradicionals com actuals, i es completar\u00e0 la sessi\u00f3 amb un treball d\u2019iniciaci\u00f3 a l\u2019escriptura o b\u00e9 amb un rac\u00f3 de llengua oral a l\u2019aula amb disfresses i elements del conte explicat en el taller.<\/p>\n","protected":false},"excerpt":{"rendered":"<p>Taller d\u2019experimentaci\u00f3 Ens ajuda a fer hip\u00f2tesis, experimentar\u00a0i treure conclusions cient\u00edfiques.\u00a0 S&#8217;hi introdueixen elements de manipulaci\u00f3 de conceptes matem\u00e0tics com [&hellip;]<\/p>\n","protected":false},"author":1,"featured_media":0,"parent":1947,"menu_order":0,"comment_status":"closed","ping_status":"closed","template":"page-templates\/side-menu.php","meta":{"_bbp_topic_count":0,"_bbp_reply_count":0,"_bbp_total_topic_count":0,"_bbp_total_reply_count":0,"_bbp_voice_count":0,"_bbp_anonymous_reply_count":0,"_bbp_topic_count_hidden":0,"_bbp_reply_count_hidden":0,"_bbp_forum_subforum_count":0,"site-sidebar-layout":"default","site-content-layout":"","ast-site-content-layout":"","site-content-style":"default","site-sidebar-style":"default","ast-global-header-display":"","ast-banner-title-visibility":"","ast-main-header-display":"","ast-hfb-above-header-display":"","ast-hfb-below-header-display":"","ast-hfb-mobile-header-display":"","site-post-title":"","ast-breadcrumbs-content":"","ast-featured-img":"","footer-sml-layout":"","theme-transparent-header-meta":"","adv-header-id-meta":"","stick-header-meta":"","header-above-stick-meta":"","header-main-stick-meta":"","header-below-stick-meta":"","astra-migrate-meta-layouts":"default","ast-page-background-enabled":"default","ast-page-background-meta":{"desktop":{"background-color":"var(--ast-global-color-4)","background-image":"","background-repeat":"repeat","background-position":"center center","background-size":"auto","background-attachment":"scroll","background-type":"","background-media":"","overlay-type":"","overlay-color":"","overlay-opacity":"","overlay-gradient":""},"tablet":{"background-color":"","background-image":"","background-repeat":"repeat","background-position":"center center","background-size":"auto","background-attachment":"scroll","background-type":"","background-media":"","overlay-type":"","overlay-color":"","overlay-opacity":"","overlay-gradient":""},"mobile":{"background-color":"","background-image":"","background-repeat":"repeat","background-position":"center center","background-size":"auto","background-attachment":"scroll","background-type":"","background-media":"","overlay-type":"","overlay-color":"","overlay-opacity":"","overlay-gradient":""}},"ast-content-background-meta":{"desktop":{"background-color":"var(--ast-global-color-5)","background-image":"","background-repeat":"repeat","background-position":"center center","background-size":"auto","background-attachment":"scroll","background-type":"","background-media":"","overlay-type":"","overlay-color":"","overlay-opacity":"","overlay-gradient":""},"tablet":{"background-color":"var(--ast-global-color-5)","background-image":"","background-repeat":"repeat","background-position":"center center","background-size":"auto","background-attachment":"scroll","background-type":"","background-media":"","overlay-type":"","overlay-color":"","overlay-opacity":"","overlay-gradient":""},"mobile":{"background-color":"var(--ast-global-color-5)","background-image":"","background-repeat":"repeat","background-position":"center center","background-size":"auto","background-attachment":"scroll","background-type":"","background-media":"","overlay-type":"","overlay-color":"","overlay-opacity":"","overlay-gradient":""}},"footnotes":""},"class_list":["post-3808","page","type-page","status-publish","hentry"],"post_mailing_queue_ids":[],"_links":{"self":[{"href":"https:\/\/agora.xtec.cat\/esc-sant-esteve-de-guialbes\/wp-json\/wp\/v2\/pages\/3808","targetHints":{"allow":["GET"]}}],"collection":[{"href":"https:\/\/agora.xtec.cat\/esc-sant-esteve-de-guialbes\/wp-json\/wp\/v2\/pages"}],"about":[{"href":"https:\/\/agora.xtec.cat\/esc-sant-esteve-de-guialbes\/wp-json\/wp\/v2\/types\/page"}],"author":[{"embeddable":true,"href":"https:\/\/agora.xtec.cat\/esc-sant-esteve-de-guialbes\/wp-json\/wp\/v2\/users\/1"}],"replies":[{"embeddable":true,"href":"https:\/\/agora.xtec.cat\/esc-sant-esteve-de-guialbes\/wp-json\/wp\/v2\/comments?post=3808"}],"version-history":[{"count":4,"href":"https:\/\/agora.xtec.cat\/esc-sant-esteve-de-guialbes\/wp-json\/wp\/v2\/pages\/3808\/revisions"}],"predecessor-version":[{"id":3912,"href":"https:\/\/agora.xtec.cat\/esc-sant-esteve-de-guialbes\/wp-json\/wp\/v2\/pages\/3808\/revisions\/3912"}],"up":[{"embeddable":true,"href":"https:\/\/agora.xtec.cat\/esc-sant-esteve-de-guialbes\/wp-json\/wp\/v2\/pages\/1947"}],"wp:attachment":[{"href":"https:\/\/agora.xtec.cat\/esc-sant-esteve-de-guialbes\/wp-json\/wp\/v2\/media?parent=3808"}],"curies":[{"name":"wp","href":"https:\/\/api.w.org\/{rel}","templated":true}]}}

<p><img loading="lazy" decoding="async" class="alignleft wp-image-3907" src="https://agora.xtec.cat/esc-sant-esteve-de-guialbes/wp-content/uploads/usu1805/2024/05/Taller-dexperimentacio.png" alt="" width="190" height="190" srcset="https://agora.xtec.cat/esc-sant-esteve-de-guialbes/wp-content/uploads/usu1805/2024/05/Taller-dexperimentacio.png 500w, https://agora.xtec.cat/esc-sant-esteve-de-guialbes/wp-content/uploads/usu1805/2024/05/Taller-dexperimentacio-300x300.png 300w, https://agora.xtec.cat/esc-sant-esteve-de-guialbes/wp-content/uploads/usu1805/2024/05/Taller-dexperimentacio-150x150.png 150w" sizes="auto, (max-width: 190px) 100vw, 190px" /></p>
<p><strong><span class="OYPEnA text-decoration-none text-strikethrough-none">Taller d’experimentació</span></strong></p>
<p><span style="font-weight: 400;">Ens ajuda a fer hipòtesis, experimentar</span><span style="font-weight: 400;"> i treure conclusions científiques. </span></p>
<p>S&#8217;hi introdueixen elements de manipulació de conceptes matemàtics com mesura, capacitat&#8230; per aconseguir iniciar-se en el pensament científic: trobar-se un cas, fer hipòtesis, comprovar-ho i després arribar a unes conclusions verificant les hipòtesis.</p>
<p style="text-align: right;"><strong><span class="OYPEnA text-decoration-none text-strikethrough-none"><a href="https://agora.xtec.cat/esc-sant-esteve-de-guialbes/wp-content/uploads/usu1805/2024/05/Taller-art-i-creacio.png"><img loading="lazy" decoding="async" class="alignright wp-image-3908" src="https://agora.xtec.cat/esc-sant-esteve-de-guialbes/wp-content/uploads/usu1805/2024/05/Taller-art-i-creacio.png" alt="" width="190" height="190" srcset="https://agora.xtec.cat/esc-sant-esteve-de-guialbes/wp-content/uploads/usu1805/2024/05/Taller-art-i-creacio.png 500w, https://agora.xtec.cat/esc-sant-esteve-de-guialbes/wp-content/uploads/usu1805/2024/05/Taller-art-i-creacio-300x300.png 300w, https://agora.xtec.cat/esc-sant-esteve-de-guialbes/wp-content/uploads/usu1805/2024/05/Taller-art-i-creacio-150x150.png 150w" sizes="auto, (max-width: 190px) 100vw, 190px" /></a>Taller d’art i creació</span> </strong></p>
<p style="text-align: right;">Basat en els principis de l’Educació Creadora definits pel pedagog Arno Stern. Pensat per a desenvolupar l’expressió a través del llenguatge plàstic a partir de la iniciativa dels mateixos infants. Es realitza un taller de pintura, un de modelatge de fang i el taller dels invents.</p>
<p style="text-align: right;">En aquest taller també s’inclou la lectura i interpretació d’obres d’art.</p>
<p><strong><a href="https://agora.xtec.cat/esc-sant-esteve-de-guialbes/wp-content/uploads/usu1805/2024/05/Taller-de-contes.png"><img loading="lazy" decoding="async" class="alignleft wp-image-3910" src="https://agora.xtec.cat/esc-sant-esteve-de-guialbes/wp-content/uploads/usu1805/2024/05/Taller-de-contes.png" alt="" width="190" height="190" srcset="https://agora.xtec.cat/esc-sant-esteve-de-guialbes/wp-content/uploads/usu1805/2024/05/Taller-de-contes.png 500w, https://agora.xtec.cat/esc-sant-esteve-de-guialbes/wp-content/uploads/usu1805/2024/05/Taller-de-contes-300x300.png 300w, https://agora.xtec.cat/esc-sant-esteve-de-guialbes/wp-content/uploads/usu1805/2024/05/Taller-de-contes-150x150.png 150w" sizes="auto, (max-width: 190px) 100vw, 190px" /></a></strong></p>
<p>&nbsp;</p>
<p><strong>Taller de contes</strong></p>
<p>S’hi presentaran contes tant tradicionals com actuals, i es completarà la sessió amb un treball d’iniciació a l’escriptura o bé amb un racó de llengua oral a l’aula amb disfresses i elements del conte explicat en el taller.</p>

<p>Taller d’experimentació Ens ajuda a fer hipòtesis, experimentar i treure conclusions científiques.  S&#8217;hi introdueixen elements de manipulació de conceptes matemàtics com [&hellip;]</p>
