{"id":28,"date":"2014-09-18T12:29:35","date_gmt":"2014-09-18T11:29:35","guid":{"rendered":"http:\/\/agora.xtec.cat\/esc-sant-esteve-de-guialbes\/?page_id=28"},"modified":"2025-05-12T15:11:32","modified_gmt":"2025-05-12T13:11:32","slug":"consell-escolar","status":"publish","type":"page","link":"https:\/\/agora.xtec.cat\/esc-sant-esteve-de-guialbes\/lescola\/consell-escolar\/","title":{"rendered":"Consell escolar"},"content":{"rendered":"<p>La funci\u00f3 principal del consell escolar \u00e9s participar en la presa de decisions en relaci\u00f3 amb aquells temes importants per al funcionament i l&#8217;organitzaci\u00f3 del centre: el projecte educatiu, la programaci\u00f3 general, la gesti\u00f3 econ\u00f2mica, la resoluci\u00f3 dels conflictes, les activitats extraescolars, l&#8217;horari lectiu, etc.<\/p>\n<p>Actualment el Consell Escolar de l&#8217;escola Sant Esteve de Guialbes est\u00e0 format per:<\/p>\n<p><strong>Equip directiu<\/strong><\/p>\n<ul>\n<li><span lang=\"CA\">Anna Gay Mercader (directora)<\/span><\/li>\n<li><span lang=\"CA\">Anna P\u00e9rez Carreras (cap d\u2019estudis)<\/span><\/li>\n<li><span lang=\"CA\">\u00c0ngels Toboso Pi\u00f1ar(secret\u00e0ria)<\/span><\/li>\n<\/ul>\n<p><strong>Representants dels mestres<\/strong><\/p>\n<ul>\n<li>Ana\u00efs Andreu Palah\u00ed<\/li>\n<li>Andreu Isidre Parer Fort<\/li>\n<li>Maria Cabria Aymerich<\/li>\n<\/ul>\n<p><strong><span lang=\"CA\">Representants de les fam\u00edlies<\/span><\/strong><\/p>\n<ul>\n<li>Cristina Moles Garcia<\/li>\n<li>Santiago Nuddelman<\/li>\n<\/ul>\n<p><strong>Representant de l&#8217;AFA<\/strong><\/p>\n<ul>\n<li>Laura Izquierdo<\/li>\n<\/ul>\n<p><strong>Representant de l&#8217;ajuntament<\/strong><\/p>\n<ul>\n<li><span lang=\"CA\">\u00a0\u00c0lex Ter\u00e9s Cord\u00f3n (alcalde i regidor d&#8217;ensenyament)<\/span><\/li>\n<\/ul>\n<p>Podeu consultar les actes dels consells escolars al seg\u00fcent enlla\u00e7: <a href=\"https:\/\/agora.xtec.cat\/esc-sant-esteve-de-guialbes\/documentacio\/actes-consell-escolar\/\">ACTES CONSELL ESCOLAR<\/a><\/p>\n","protected":false},"excerpt":{"rendered":"<p>La funci\u00f3 principal del consell escolar \u00e9s participar en la presa de decisions en relaci\u00f3 amb aquells temes importants per [&hellip;]<\/p>\n","protected":false},"author":1,"featured_media":0,"parent":22,"menu_order":30,"comment_status":"closed","ping_status":"closed","template":"page-templates\/side-menu.php","meta":{"_bbp_topic_count":0,"_bbp_reply_count":0,"_bbp_total_topic_count":0,"_bbp_total_reply_count":0,"_bbp_voice_count":0,"_bbp_anonymous_reply_count":0,"_bbp_topic_count_hidden":0,"_bbp_reply_count_hidden":0,"_bbp_forum_subforum_count":0,"site-sidebar-layout":"default","site-content-layout":"","ast-site-content-layout":"default","site-content-style":"default","site-sidebar-style":"default","ast-global-header-display":"","ast-banner-title-visibility":"","ast-main-header-display":"","ast-hfb-above-header-display":"","ast-hfb-below-header-display":"","ast-hfb-mobile-header-display":"","site-post-title":"","ast-breadcrumbs-content":"","ast-featured-img":"","footer-sml-layout":"","theme-transparent-header-meta":"","adv-header-id-meta":"","stick-header-meta":"","header-above-stick-meta":"","header-main-stick-meta":"","header-below-stick-meta":"","astra-migrate-meta-layouts":"set","ast-page-background-enabled":"default","ast-page-background-meta":{"desktop":{"background-color":"var(--ast-global-color-4)","background-image":"","background-repeat":"repeat","background-position":"center center","background-size":"auto","background-attachment":"scroll","background-type":"","background-media":"","overlay-type":"","overlay-color":"","overlay-opacity":"","overlay-gradient":""},"tablet":{"background-color":"","background-image":"","background-repeat":"repeat","background-position":"center center","background-size":"auto","background-attachment":"scroll","background-type":"","background-media":"","overlay-type":"","overlay-color":"","overlay-opacity":"","overlay-gradient":""},"mobile":{"background-color":"","background-image":"","background-repeat":"repeat","background-position":"center center","background-size":"auto","background-attachment":"scroll","background-type":"","background-media":"","overlay-type":"","overlay-color":"","overlay-opacity":"","overlay-gradient":""}},"ast-content-background-meta":{"desktop":{"background-color":"var(--ast-global-color-5)","background-image":"","background-repeat":"repeat","background-position":"center center","background-size":"auto","background-attachment":"scroll","background-type":"","background-media":"","overlay-type":"","overlay-color":"","overlay-opacity":"","overlay-gradient":""},"tablet":{"background-color":"var(--ast-global-color-5)","background-image":"","background-repeat":"repeat","background-position":"center center","background-size":"auto","background-attachment":"scroll","background-type":"","background-media":"","overlay-type":"","overlay-color":"","overlay-opacity":"","overlay-gradient":""},"mobile":{"background-color":"var(--ast-global-color-5)","background-image":"","background-repeat":"repeat","background-position":"center center","background-size":"auto","background-attachment":"scroll","background-type":"","background-media":"","overlay-type":"","overlay-color":"","overlay-opacity":"","overlay-gradient":""}},"footnotes":""},"class_list":["post-28","page","type-page","status-publish","hentry"],"post_mailing_queue_ids":[],"_links":{"self":[{"href":"https:\/\/agora.xtec.cat\/esc-sant-esteve-de-guialbes\/wp-json\/wp\/v2\/pages\/28","targetHints":{"allow":["GET"]}}],"collection":[{"href":"https:\/\/agora.xtec.cat\/esc-sant-esteve-de-guialbes\/wp-json\/wp\/v2\/pages"}],"about":[{"href":"https:\/\/agora.xtec.cat\/esc-sant-esteve-de-guialbes\/wp-json\/wp\/v2\/types\/page"}],"author":[{"embeddable":true,"href":"https:\/\/agora.xtec.cat\/esc-sant-esteve-de-guialbes\/wp-json\/wp\/v2\/users\/1"}],"replies":[{"embeddable":true,"href":"https:\/\/agora.xtec.cat\/esc-sant-esteve-de-guialbes\/wp-json\/wp\/v2\/comments?post=28"}],"version-history":[{"count":5,"href":"https:\/\/agora.xtec.cat\/esc-sant-esteve-de-guialbes\/wp-json\/wp\/v2\/pages\/28\/revisions"}],"predecessor-version":[{"id":4099,"href":"https:\/\/agora.xtec.cat\/esc-sant-esteve-de-guialbes\/wp-json\/wp\/v2\/pages\/28\/revisions\/4099"}],"up":[{"embeddable":true,"href":"https:\/\/agora.xtec.cat\/esc-sant-esteve-de-guialbes\/wp-json\/wp\/v2\/pages\/22"}],"wp:attachment":[{"href":"https:\/\/agora.xtec.cat\/esc-sant-esteve-de-guialbes\/wp-json\/wp\/v2\/media?parent=28"}],"curies":[{"name":"wp","href":"https:\/\/api.w.org\/{rel}","templated":true}]}}

<p>La funció principal del consell escolar és participar en la presa de decisions en relació amb aquells temes importants per al funcionament i l&#8217;organització del centre: el projecte educatiu, la programació general, la gestió econòmica, la resolució dels conflictes, les activitats extraescolars, l&#8217;horari lectiu, etc.</p>
<p>Actualment el Consell Escolar de l&#8217;escola Sant Esteve de Guialbes està format per:</p>
<p><strong>Equip directiu</strong></p>
<ul>
<li><span lang="CA">Anna Gay Mercader (directora)</span></li>
<li><span lang="CA">Anna Pérez Carreras (cap d’estudis)</span></li>
<li><span lang="CA">Àngels Toboso Piñar(secretària)</span></li>
</ul>
<p><strong>Representants dels mestres</strong></p>
<ul>
<li>Anaïs Andreu Palahí</li>
<li>Andreu Isidre Parer Fort</li>
<li>Maria Cabria Aymerich</li>
</ul>
<p><strong><span lang="CA">Representants de les famílies</span></strong></p>
<ul>
<li>Cristina Moles Garcia</li>
<li>Santiago Nuddelman</li>
</ul>
<p><strong>Representant de l&#8217;AFA</strong></p>
<ul>
<li>Laura Izquierdo</li>
</ul>
<p><strong>Representant de l&#8217;ajuntament</strong></p>
<ul>
<li><span lang="CA"> Àlex Terés Cordón (alcalde i regidor d&#8217;ensenyament)</span></li>
</ul>
<p>Podeu consultar les actes dels consells escolars al següent enllaç: <a href="https://agora.xtec.cat/esc-sant-esteve-de-guialbes/documentacio/actes-consell-escolar/">ACTES CONSELL ESCOLAR</a></p>

<p>La funció principal del consell escolar és participar en la presa de decisions en relació amb aquells temes importants per [&hellip;]</p>
