{"id":2250,"date":"2021-01-28T13:35:22","date_gmt":"2021-01-28T12:35:22","guid":{"rendered":"http:\/\/agora.xtec.cat\/esc-sant-esteve-de-guialbes\/?page_id=2250"},"modified":"2024-05-11T19:36:08","modified_gmt":"2024-05-11T17:36:08","slug":"comissions-mixtes","status":"publish","type":"page","link":"https:\/\/agora.xtec.cat\/esc-sant-esteve-de-guialbes\/projecte-educatiu\/comissions-mixtes\/","title":{"rendered":"Comissions mixtes"},"content":{"rendered":"<p><span style=\"font-family: inherit; font-size: 1em;\"><a href=\"https:\/\/agora.xtec.cat\/esc-sant-esteve-de-guialbes\/wp-content\/uploads\/usu1805\/2024\/04\/IMG_2922.heic\"><img decoding=\"async\" class=\"alignnone size-full wp-image-3868\" src=\"https:\/\/agora.xtec.cat\/esc-sant-esteve-de-guialbes\/wp-content\/uploads\/usu1805\/2024\/04\/IMG_2922.heic\" alt=\"\" \/><\/a>\u00c9s un dels espais de participaci\u00f3 de les fam\u00edlies. Estan formades per mestres i fam\u00edlies que fan propostes i prenen decisions de manera horitzontal per dinamitzar i millorar l&#8217;escola.<\/span><\/p>\n<h2 class=\"cvGsUA direction-ltr align-start para-style-body\"><img loading=\"lazy\" decoding=\"async\" class=\"alignleft wp-image-3944\" style=\"font-size: 16px; font-weight: normal;\" src=\"https:\/\/agora.xtec.cat\/esc-sant-esteve-de-guialbes\/wp-content\/uploads\/usu1805\/2024\/05\/FESTES.png\" alt=\"\" width=\"200\" height=\"200\" srcset=\"https:\/\/agora.xtec.cat\/esc-sant-esteve-de-guialbes\/wp-content\/uploads\/usu1805\/2024\/05\/FESTES.png 500w, https:\/\/agora.xtec.cat\/esc-sant-esteve-de-guialbes\/wp-content\/uploads\/usu1805\/2024\/05\/FESTES-300x300.png 300w, https:\/\/agora.xtec.cat\/esc-sant-esteve-de-guialbes\/wp-content\/uploads\/usu1805\/2024\/05\/FESTES-150x150.png 150w\" sizes=\"auto, (max-width: 200px) 100vw, 200px\" \/><\/h2>\n<h2><span class=\"OYPEnA text-decoration-none text-strikethrough-none\">Actes i festes<\/span><\/h2>\n<p class=\"cvGsUA direction-ltr align-start para-style-body\"><span class=\"OYPEnA text-decoration-none text-strikethrough-none\">Aquesta comissi\u00f3 organitza totes les festes escolars; castanyada, carnestoltes, Nadal i fi de curs. Aquestes festes s\u00f3n obertes a tota la comunitat educativa i al municipi.<\/span><\/p>\n<p>&nbsp;<\/p>\n<h2><\/h2>\n<p><img loading=\"lazy\" decoding=\"async\" class=\"wp-image-3945 alignright\" src=\"https:\/\/agora.xtec.cat\/esc-sant-esteve-de-guialbes\/wp-content\/uploads\/usu1805\/2024\/05\/AMBIENTACIO.png\" alt=\"\" width=\"250\" height=\"250\" srcset=\"https:\/\/agora.xtec.cat\/esc-sant-esteve-de-guialbes\/wp-content\/uploads\/usu1805\/2024\/05\/AMBIENTACIO.png 500w, https:\/\/agora.xtec.cat\/esc-sant-esteve-de-guialbes\/wp-content\/uploads\/usu1805\/2024\/05\/AMBIENTACIO-300x300.png 300w, https:\/\/agora.xtec.cat\/esc-sant-esteve-de-guialbes\/wp-content\/uploads\/usu1805\/2024\/05\/AMBIENTACIO-150x150.png 150w\" sizes=\"auto, (max-width: 250px) 100vw, 250px\" \/><\/p>\n<h2><span class=\"OYPEnA text-decoration-none text-strikethrough-none\">Ambientaci\u00f3<\/span><\/h2>\n<p class=\"cvGsUA direction-ltr align-end para-style-body\"><span class=\"OYPEnA text-decoration-none text-strikethrough-none\">S\u2019encarrega de dissenyar i preparar el pati com un espai educatiu amb m\u00e9s opcions l\u00fadiques, escoltant les propostes i opinions dels alumnes. Tamb\u00e9 de millorar l\u2019interior de l\u2019escola.<\/span><\/p>\n<p class=\"cvGsUA direction-ltr align-end para-style-body\"><span class=\"OYPEnA text-decoration-none text-strikethrough-none\">Entre altres accions s\u2019ha constru\u00eft una cabana de v\u00edmet al pat\u00ed, construir l\u2019hort i la bassa de l\u2019escola i<\/span> <span class=\"OYPEnA text-decoration-none text-strikethrough-none\">ambientar l\u2019entrada de l\u2019escola com una aula antiga.<\/span><\/p>\n<p>&nbsp;<\/p>\n<p><img loading=\"lazy\" decoding=\"async\" class=\"wp-image-3946 alignleft\" src=\"https:\/\/agora.xtec.cat\/esc-sant-esteve-de-guialbes\/wp-content\/uploads\/usu1805\/2024\/05\/BIBLIOTECA.png\" alt=\"\" width=\"250\" height=\"250\" srcset=\"https:\/\/agora.xtec.cat\/esc-sant-esteve-de-guialbes\/wp-content\/uploads\/usu1805\/2024\/05\/BIBLIOTECA.png 500w, https:\/\/agora.xtec.cat\/esc-sant-esteve-de-guialbes\/wp-content\/uploads\/usu1805\/2024\/05\/BIBLIOTECA-300x300.png 300w, https:\/\/agora.xtec.cat\/esc-sant-esteve-de-guialbes\/wp-content\/uploads\/usu1805\/2024\/05\/BIBLIOTECA-150x150.png 150w\" sizes=\"auto, (max-width: 250px) 100vw, 250px\" \/><\/p>\n<h2><span class=\"OYPEnA text-decoration-none text-strikethrough-none\">Biblioteca<\/span><\/h2>\n<p class=\"cvGsUA direction-ltr align-start para-style-body\"><span class=\"OYPEnA text-decoration-none text-strikethrough-none\">La comissi\u00f3 dinamitza l\u2019\u00fas de la biblioteca i promociona la lectura. S\u2019encarrega de la catalogaci\u00f3 de llibres, folrar els llibres, organitzar la biblioteca i gestionar el sof\u00e0 de lectura.<\/span><\/p>\n<p class=\"cvGsUA direction-ltr align-start para-style-body\"><span class=\"OYPEnA text-decoration-none text-strikethrough-none\">El dia de la festa de final del primer trimestre i el dia de Sant Jordi, es fan parades de venda de llibres per recollir diners per ajudar econ\u00f2micament a totes les fam\u00edlies amb el pagament de les col\u00f2nies. Els membres de la comissi\u00f3 de biblioteca ajuden en l\u2019organitzaci\u00f3 i venda.<\/span><\/p>\n<p class=\"cvGsUA direction-ltr align-start para-style-body\"><img loading=\"lazy\" decoding=\"async\" class=\"wp-image-3947 alignright\" src=\"https:\/\/agora.xtec.cat\/esc-sant-esteve-de-guialbes\/wp-content\/uploads\/usu1805\/2024\/05\/ENTORN.png\" alt=\"\" width=\"250\" height=\"250\" srcset=\"https:\/\/agora.xtec.cat\/esc-sant-esteve-de-guialbes\/wp-content\/uploads\/usu1805\/2024\/05\/ENTORN.png 500w, https:\/\/agora.xtec.cat\/esc-sant-esteve-de-guialbes\/wp-content\/uploads\/usu1805\/2024\/05\/ENTORN-300x300.png 300w, https:\/\/agora.xtec.cat\/esc-sant-esteve-de-guialbes\/wp-content\/uploads\/usu1805\/2024\/05\/ENTORN-150x150.png 150w\" sizes=\"auto, (max-width: 250px) 100vw, 250px\" \/><\/p>\n<h2>Entorn i voluntariat<\/h2>\n<p>Els membres d\u2019aquesta comissi\u00f3 col\u00b7laboren en activitats que es fan en el medi proper com sortides setmanals. Fan propostes, ajuden els mestres a programar-les, gestionen els acompanyants, assessoren els mestres.<br \/>\nAquesta comissi\u00f3 tamb\u00e9 gestiona les xerrades als alumnes i ajuda a organitzar 2 o 3 bicicletades per l\u2019entorn durant el curs. Aconsellen rutes i fan suport log\u00edstic o acompanyament el dia de l\u2019excursi\u00f3..<\/p>\n","protected":false},"excerpt":{"rendered":"<p>\u00c9s un dels espais de participaci\u00f3 de les fam\u00edlies. Estan formades per mestres i fam\u00edlies que fan propostes i prenen [&hellip;]<\/p>\n","protected":false},"author":1,"featured_media":0,"parent":64,"menu_order":0,"comment_status":"closed","ping_status":"closed","template":"page-templates\/side-menu.php","meta":{"_bbp_topic_count":0,"_bbp_reply_count":0,"_bbp_total_topic_count":0,"_bbp_total_reply_count":0,"_bbp_voice_count":0,"_bbp_anonymous_reply_count":0,"_bbp_topic_count_hidden":0,"_bbp_reply_count_hidden":0,"_bbp_forum_subforum_count":0,"site-sidebar-layout":"default","site-content-layout":"","ast-site-content-layout":"","site-content-style":"default","site-sidebar-style":"default","ast-global-header-display":"","ast-banner-title-visibility":"","ast-main-header-display":"","ast-hfb-above-header-display":"","ast-hfb-below-header-display":"","ast-hfb-mobile-header-display":"","site-post-title":"","ast-breadcrumbs-content":"","ast-featured-img":"","footer-sml-layout":"","theme-transparent-header-meta":"","adv-header-id-meta":"","stick-header-meta":"","header-above-stick-meta":"","header-main-stick-meta":"","header-below-stick-meta":"","astra-migrate-meta-layouts":"default","ast-page-background-enabled":"default","ast-page-background-meta":{"desktop":{"background-color":"var(--ast-global-color-4)","background-image":"","background-repeat":"repeat","background-position":"center center","background-size":"auto","background-attachment":"scroll","background-type":"","background-media":"","overlay-type":"","overlay-color":"","overlay-opacity":"","overlay-gradient":""},"tablet":{"background-color":"","background-image":"","background-repeat":"repeat","background-position":"center center","background-size":"auto","background-attachment":"scroll","background-type":"","background-media":"","overlay-type":"","overlay-color":"","overlay-opacity":"","overlay-gradient":""},"mobile":{"background-color":"","background-image":"","background-repeat":"repeat","background-position":"center center","background-size":"auto","background-attachment":"scroll","background-type":"","background-media":"","overlay-type":"","overlay-color":"","overlay-opacity":"","overlay-gradient":""}},"ast-content-background-meta":{"desktop":{"background-color":"var(--ast-global-color-5)","background-image":"","background-repeat":"repeat","background-position":"center center","background-size":"auto","background-attachment":"scroll","background-type":"","background-media":"","overlay-type":"","overlay-color":"","overlay-opacity":"","overlay-gradient":""},"tablet":{"background-color":"var(--ast-global-color-5)","background-image":"","background-repeat":"repeat","background-position":"center center","background-size":"auto","background-attachment":"scroll","background-type":"","background-media":"","overlay-type":"","overlay-color":"","overlay-opacity":"","overlay-gradient":""},"mobile":{"background-color":"var(--ast-global-color-5)","background-image":"","background-repeat":"repeat","background-position":"center center","background-size":"auto","background-attachment":"scroll","background-type":"","background-media":"","overlay-type":"","overlay-color":"","overlay-opacity":"","overlay-gradient":""}},"footnotes":""},"class_list":["post-2250","page","type-page","status-publish","hentry"],"post_mailing_queue_ids":[],"_links":{"self":[{"href":"https:\/\/agora.xtec.cat\/esc-sant-esteve-de-guialbes\/wp-json\/wp\/v2\/pages\/2250","targetHints":{"allow":["GET"]}}],"collection":[{"href":"https:\/\/agora.xtec.cat\/esc-sant-esteve-de-guialbes\/wp-json\/wp\/v2\/pages"}],"about":[{"href":"https:\/\/agora.xtec.cat\/esc-sant-esteve-de-guialbes\/wp-json\/wp\/v2\/types\/page"}],"author":[{"embeddable":true,"href":"https:\/\/agora.xtec.cat\/esc-sant-esteve-de-guialbes\/wp-json\/wp\/v2\/users\/1"}],"replies":[{"embeddable":true,"href":"https:\/\/agora.xtec.cat\/esc-sant-esteve-de-guialbes\/wp-json\/wp\/v2\/comments?post=2250"}],"version-history":[{"count":7,"href":"https:\/\/agora.xtec.cat\/esc-sant-esteve-de-guialbes\/wp-json\/wp\/v2\/pages\/2250\/revisions"}],"predecessor-version":[{"id":2252,"href":"https:\/\/agora.xtec.cat\/esc-sant-esteve-de-guialbes\/wp-json\/wp\/v2\/pages\/2250\/revisions\/2252"}],"up":[{"embeddable":true,"href":"https:\/\/agora.xtec.cat\/esc-sant-esteve-de-guialbes\/wp-json\/wp\/v2\/pages\/64"}],"wp:attachment":[{"href":"https:\/\/agora.xtec.cat\/esc-sant-esteve-de-guialbes\/wp-json\/wp\/v2\/media?parent=2250"}],"curies":[{"name":"wp","href":"https:\/\/api.w.org\/{rel}","templated":true}]}}

<p><span style="font-family: inherit; font-size: 1em;"><a href="https://agora.xtec.cat/esc-sant-esteve-de-guialbes/wp-content/uploads/usu1805/2024/04/IMG_2922.heic"><img decoding="async" class="alignnone size-full wp-image-3868" src="https://agora.xtec.cat/esc-sant-esteve-de-guialbes/wp-content/uploads/usu1805/2024/04/IMG_2922.heic" alt="" /></a>És un dels espais de participació de les famílies. Estan formades per mestres i famílies que fan propostes i prenen decisions de manera horitzontal per dinamitzar i millorar l&#8217;escola.</span></p>
<h2 class="cvGsUA direction-ltr align-start para-style-body"><img loading="lazy" decoding="async" class="alignleft wp-image-3944" style="font-size: 16px; font-weight: normal;" src="https://agora.xtec.cat/esc-sant-esteve-de-guialbes/wp-content/uploads/usu1805/2024/05/FESTES.png" alt="" width="200" height="200" srcset="https://agora.xtec.cat/esc-sant-esteve-de-guialbes/wp-content/uploads/usu1805/2024/05/FESTES.png 500w, https://agora.xtec.cat/esc-sant-esteve-de-guialbes/wp-content/uploads/usu1805/2024/05/FESTES-300x300.png 300w, https://agora.xtec.cat/esc-sant-esteve-de-guialbes/wp-content/uploads/usu1805/2024/05/FESTES-150x150.png 150w" sizes="auto, (max-width: 200px) 100vw, 200px" /></h2>
<h2><span class="OYPEnA text-decoration-none text-strikethrough-none">Actes i festes</span></h2>
<p class="cvGsUA direction-ltr align-start para-style-body"><span class="OYPEnA text-decoration-none text-strikethrough-none">Aquesta comissió organitza totes les festes escolars; castanyada, carnestoltes, Nadal i fi de curs. Aquestes festes són obertes a tota la comunitat educativa i al municipi.</span></p>
<p>&nbsp;</p>
<h2></h2>
<p><img loading="lazy" decoding="async" class="wp-image-3945 alignright" src="https://agora.xtec.cat/esc-sant-esteve-de-guialbes/wp-content/uploads/usu1805/2024/05/AMBIENTACIO.png" alt="" width="250" height="250" srcset="https://agora.xtec.cat/esc-sant-esteve-de-guialbes/wp-content/uploads/usu1805/2024/05/AMBIENTACIO.png 500w, https://agora.xtec.cat/esc-sant-esteve-de-guialbes/wp-content/uploads/usu1805/2024/05/AMBIENTACIO-300x300.png 300w, https://agora.xtec.cat/esc-sant-esteve-de-guialbes/wp-content/uploads/usu1805/2024/05/AMBIENTACIO-150x150.png 150w" sizes="auto, (max-width: 250px) 100vw, 250px" /></p>
<h2><span class="OYPEnA text-decoration-none text-strikethrough-none">Ambientació</span></h2>
<p class="cvGsUA direction-ltr align-end para-style-body"><span class="OYPEnA text-decoration-none text-strikethrough-none">S’encarrega de dissenyar i preparar el pati com un espai educatiu amb més opcions lúdiques, escoltant les propostes i opinions dels alumnes. També de millorar l’interior de l’escola.</span></p>
<p class="cvGsUA direction-ltr align-end para-style-body"><span class="OYPEnA text-decoration-none text-strikethrough-none">Entre altres accions s’ha construït una cabana de vímet al patí, construir l’hort i la bassa de l’escola i</span> <span class="OYPEnA text-decoration-none text-strikethrough-none">ambientar l’entrada de l’escola com una aula antiga.</span></p>
<p>&nbsp;</p>
<p><img loading="lazy" decoding="async" class="wp-image-3946 alignleft" src="https://agora.xtec.cat/esc-sant-esteve-de-guialbes/wp-content/uploads/usu1805/2024/05/BIBLIOTECA.png" alt="" width="250" height="250" srcset="https://agora.xtec.cat/esc-sant-esteve-de-guialbes/wp-content/uploads/usu1805/2024/05/BIBLIOTECA.png 500w, https://agora.xtec.cat/esc-sant-esteve-de-guialbes/wp-content/uploads/usu1805/2024/05/BIBLIOTECA-300x300.png 300w, https://agora.xtec.cat/esc-sant-esteve-de-guialbes/wp-content/uploads/usu1805/2024/05/BIBLIOTECA-150x150.png 150w" sizes="auto, (max-width: 250px) 100vw, 250px" /></p>
<h2><span class="OYPEnA text-decoration-none text-strikethrough-none">Biblioteca</span></h2>
<p class="cvGsUA direction-ltr align-start para-style-body"><span class="OYPEnA text-decoration-none text-strikethrough-none">La comissió dinamitza l’ús de la biblioteca i promociona la lectura. S’encarrega de la catalogació de llibres, folrar els llibres, organitzar la biblioteca i gestionar el sofà de lectura.</span></p>
<p class="cvGsUA direction-ltr align-start para-style-body"><span class="OYPEnA text-decoration-none text-strikethrough-none">El dia de la festa de final del primer trimestre i el dia de Sant Jordi, es fan parades de venda de llibres per recollir diners per ajudar econòmicament a totes les famílies amb el pagament de les colònies. Els membres de la comissió de biblioteca ajuden en l’organització i venda.</span></p>
<p class="cvGsUA direction-ltr align-start para-style-body"><img loading="lazy" decoding="async" class="wp-image-3947 alignright" src="https://agora.xtec.cat/esc-sant-esteve-de-guialbes/wp-content/uploads/usu1805/2024/05/ENTORN.png" alt="" width="250" height="250" srcset="https://agora.xtec.cat/esc-sant-esteve-de-guialbes/wp-content/uploads/usu1805/2024/05/ENTORN.png 500w, https://agora.xtec.cat/esc-sant-esteve-de-guialbes/wp-content/uploads/usu1805/2024/05/ENTORN-300x300.png 300w, https://agora.xtec.cat/esc-sant-esteve-de-guialbes/wp-content/uploads/usu1805/2024/05/ENTORN-150x150.png 150w" sizes="auto, (max-width: 250px) 100vw, 250px" /></p>
<h2>Entorn i voluntariat</h2>
<p>Els membres d’aquesta comissió col·laboren en activitats que es fan en el medi proper com sortides setmanals. Fan propostes, ajuden els mestres a programar-les, gestionen els acompanyants, assessoren els mestres.<br />
Aquesta comissió també gestiona les xerrades als alumnes i ajuda a organitzar 2 o 3 bicicletades per l’entorn durant el curs. Aconsellen rutes i fan suport logístic o acompanyament el dia de l’excursió..</p>

<p>És un dels espais de participació de les famílies. Estan formades per mestres i famílies que fan propostes i prenen [&hellip;]</p>
