{"id":2246,"date":"2021-01-28T13:31:36","date_gmt":"2021-01-28T12:31:36","guid":{"rendered":"http:\/\/agora.xtec.cat\/esc-sant-esteve-de-guialbes\/?page_id=2246"},"modified":"2021-03-06T09:56:21","modified_gmt":"2021-03-06T08:56:21","slug":"escola-assemblearia","status":"publish","type":"page","link":"https:\/\/agora.xtec.cat\/esc-sant-esteve-de-guialbes\/projecte-educatiu\/escola-assemblearia\/","title":{"rendered":"Escola assemble\u00e0ria"},"content":{"rendered":"<p>Els alumnes s\u00f3n <strong>protagonistes del seu proc\u00e9s d&#8217;aprenentatge<\/strong>. La implicaci\u00f3 i la participaci\u00f3 en la vida de centre \u00e9s un pilar fonamental en el seu dia\u00a0 a dia.<\/p>\n<p>Les assemblees afavoreixen l\u2019<strong>esperit cr\u00edtic<\/strong>. Els alumnes aprenen a expressar-se lliurement i a opinar sobre temes diversos, tant a nivell personal com social, tamb\u00e9 pel que fa a q\u00fcestions escolars o educatives. Els alumnes fan propostes argumentades i prenen certes decisions dins de les seves possibilitats.\u00a0 L\u2019assemblea treballa el <strong>valor de la democr\u00e0cia<\/strong> en el futur de la nostra societat i educa per a fer persones que siguin <strong>capaces d\u2019opinar i prendre decisions de manera assertiva<\/strong>.<\/p>\n<p>Les assemblees s\u00f3n activitats molt <strong>competencials<\/strong>, a on incidim de manera molt especial en la compet\u00e8ncia ling\u00fc\u00edstica, en la compet\u00e8ncia d\u2019aprendre a aprendre i en la compet\u00e8ncia social. Tamb\u00e9 s\u2019hi transmeten valors com ara la democr\u00e0cia, el respecte, la toler\u00e0ncia, la responsabilitat, la sinceritat, el comprom\u00eds, el fet de tots tenir-hi cabuda, aprendre a prendre decisions i a ser-ne conseq\u00fcents, aprendre a equivocar-nos i l\u2019empatia. \u00c9s un espai a on tots els alumnes senten que formen part del grup, que s\u00f3n escoltats i respectats i que les seves intervencions s\u00f3n importants. Poden dir lliurement el que pensen sense ser jutjats.<\/p>\n<ul>\n<li><strong>Assemblees d\u2019aula<\/strong><\/li>\n<\/ul>\n<p>Tots els grups-classe fan <strong>assemblea <\/strong>els dijous a la tarda. \u00c9s la manera organitzativa m\u00e9s f\u00e0cil perqu\u00e8 una vegada al mes ens podem trobar tota l\u2019escola per fer una assemblea d\u2019escola, amb tots els alumnes de P3 a 6\u00e8.<\/p>\n<p>A cada classe (des de P5 a 6\u00e8) hi ha una capsa en forma de b\u00fastia a on els alumnes lliurement poden anar posant <strong>propostes <\/strong>per escrit a on exposin temes que els preocupin, o b\u00e9 que volen compartir amb els seus companys\/es. Els de P3 i P4 diuen els temes oralment a el\/la mestre\/a, ja que es comencen a iniciar en la din\u00e0mica de les assemblees. Cada setmana el\/la tutor\/a obre la capsa i llegeix els temes proposats pels alumnes, en fan una tria: els temes que nom\u00e9s impliquen el seu grup-classe i els temes que impliquen a tots els alumnes de l\u2019escola i a tots els mestres. Les propostes que fan refer\u00e8ncia a aquest \u00faltim punt el tutor\/a els retira i els porta a la classe de cicle superior (perqu\u00e8 puguin preparar l\u2019ordre del dia per l\u2019assemblea d\u2019escola). La resta els apunta a la pissarra i es comen\u00e7a a fer, entre tots, un ordre del dia per comen\u00e7ar a debatre.<\/p>\n<p>En aquestes assemblees se solen parlar de conflictes que amo\u00efnen als infants, de propostes per fer a l\u2019hora dels esbarjos, cura del material comunitari&#8230;<\/p>\n<ul>\n<li><strong>Assemblees d\u2019escola<\/strong><\/li>\n<\/ul>\n<p>Una vegada al mes ens reunim tots els alumnes de l\u2019escola i mestres i fem una assemblea. Aquesta assemblea la guien l&#8217;alumnat de cicle superior. El grup-classe escull dos alumnes, un ser\u00e0 el <strong>moderador<\/strong> i l\u2019altre, el <strong>secretari<\/strong>, que escriur\u00e0 l\u2019acta en l\u2019ordinador de l\u2019aula que est\u00e0 connectat a un projector.<a href=\"https:\/\/agora.xtec.cat\/esc-sant-esteve-de-guialbes\/wp-content\/uploads\/usu1805\/2018\/06\/56F07A18-7A9E-4E48-BA6F-7731DCD4311E.jpeg\"><img loading=\"lazy\" decoding=\"async\" class=\"wp-image-729 alignright\" src=\"https:\/\/agora.xtec.cat\/esc-sant-esteve-de-guialbes\/wp-content\/uploads\/usu1805\/2018\/06\/56F07A18-7A9E-4E48-BA6F-7731DCD4311E-1024x768.jpeg\" alt=\"\" width=\"458\" height=\"344\" srcset=\"https:\/\/agora.xtec.cat\/esc-sant-esteve-de-guialbes\/wp-content\/uploads\/usu1805\/2018\/06\/56F07A18-7A9E-4E48-BA6F-7731DCD4311E-1024x768.jpeg 1024w, https:\/\/agora.xtec.cat\/esc-sant-esteve-de-guialbes\/wp-content\/uploads\/usu1805\/2018\/06\/56F07A18-7A9E-4E48-BA6F-7731DCD4311E-300x225.jpeg 300w, https:\/\/agora.xtec.cat\/esc-sant-esteve-de-guialbes\/wp-content\/uploads\/usu1805\/2018\/06\/56F07A18-7A9E-4E48-BA6F-7731DCD4311E-768x576.jpeg 768w, https:\/\/agora.xtec.cat\/esc-sant-esteve-de-guialbes\/wp-content\/uploads\/usu1805\/2018\/06\/56F07A18-7A9E-4E48-BA6F-7731DCD4311E-200x150.jpeg 200w, https:\/\/agora.xtec.cat\/esc-sant-esteve-de-guialbes\/wp-content\/uploads\/usu1805\/2018\/06\/56F07A18-7A9E-4E48-BA6F-7731DCD4311E.jpeg 1600w\" sizes=\"auto, (max-width: 458px) 100vw, 458px\" \/><\/a><\/p>\n<p>Quan tots els alumnes arriben a l\u2019aula a on es fa l\u2019assemblea, poden veure l\u2019ordre del dia projectat. Aquest <strong>ordre del dia<\/strong> l\u2019han ordenat i redactat els alumnes de CS. Una vegada estem tots asseguts, el moderador ens d\u00f3na la benvinguda i ens llegeix el primer punt de l\u2019ordre del dia, seguidament passem a debatre\u2019l.<\/p>\n<p>Cal dir que tan mestres com alumnes estem en igualtat de condicions i que quan un mestre\/a o alumne\/a vol parlar ha de <strong>demanar el torn de paraula<\/strong> i esperar que el moderador li doni. Alguns dels temes que s\u2019han parlat i decidit en aquestes assemblees a proposta dels alumnes ha estat, per exemple, exposar que els hi agradaria sentir m\u00fasica a les entrades i sortides de l\u2019escola. S\u2019han hagut de posar d\u2019acord de qui escolliria les m\u00fasiques (van decidir que un mes cada grup classe, i aix\u00ed va ser). Tamb\u00e9 van demanar fer una bicicletada els alumnes de CM i CS a final de curs, vam haver de debatre i aprovar perqu\u00e8 nom\u00e9s CM i CS i no la resta d\u2019alumnes. Una altra proposta va ser poder portar patinet un dia a l\u2019escola, aix\u00f2 va implicar pactar una normativa justa per a tots. Tamb\u00e9 s\u2019ha enraonat sobre propostes per millorar el pati, s\u2019ha parlat de la pilota com a font de conflictes, o s\u2019ha proposat tenir un galliner a l\u2019escola. Aquests nom\u00e9s s\u00f3n uns quants temes dels quals s\u2019han parlat, evidentment n\u2019hi ha hagut molts m\u00e9s.<\/p>\n<p>Les idees sorgides en les assemblees d&#8217;escola es valoren i s&#8217;estudien per assegurar la seva<strong> viabilitat<\/strong> i llavors cal veure quins s\u00f3n els passos i els<strong> agents necessaris<\/strong> per fer-lo possibles. A vegades s\u00f3n els<strong> mateixos alumnes <\/strong>els que poden gestionar i organitzar el projecte decidit. Altres vegades necessiten l&#8217;ajut dels <strong>mestres<\/strong> o <strong>d&#8217;institucions<\/strong>, per exemple per demanar permisos o autoritzacions a l&#8217;ajuntament. Altres propostes necessiten la col\u00b7laboraci\u00f3 d&#8217;altres <strong>agents de la comunitat<\/strong>, sovint s\u00f3n les<strong> fam\u00edlies <\/strong>a trav\u00e9s de les comissions.<\/p>\n<ul>\n<li><strong>Assemblees de comunitat educativa<\/strong><\/li>\n<\/ul>\n<p>Es fan dues assemblees on participen el claustre de mestres, les fam\u00edlies de l\u2019escola i l\u2019ajuntament.<\/p>\n<p>La primera es fa a mig curs (febrer on mar\u00e7) i es posa en com\u00fa la feina que es fa a les diferents comissions mixtes. Tamb\u00e9 es parla d\u2019altres temes que tan mestres, fam\u00edlies o ajuntament tinguin ganes d\u2019exposar, preguntar o aclarir. Al mes de juny es fa una assemblea de valoraci\u00f3 del curs amb tota la comunitat educativa.<\/p>\n","protected":false},"excerpt":{"rendered":"<p>Els alumnes s\u00f3n protagonistes del seu proc\u00e9s d&#8217;aprenentatge. La implicaci\u00f3 i la participaci\u00f3 en la vida de centre \u00e9s un [&hellip;]<\/p>\n","protected":false},"author":1,"featured_media":0,"parent":64,"menu_order":0,"comment_status":"closed","ping_status":"closed","template":"page-templates\/side-menu.php","meta":{"_bbp_topic_count":0,"_bbp_reply_count":0,"_bbp_total_topic_count":0,"_bbp_total_reply_count":0,"_bbp_voice_count":0,"_bbp_anonymous_reply_count":0,"_bbp_topic_count_hidden":0,"_bbp_reply_count_hidden":0,"_bbp_forum_subforum_count":0,"site-sidebar-layout":"default","site-content-layout":"","ast-site-content-layout":"","site-content-style":"default","site-sidebar-style":"default","ast-global-header-display":"","ast-banner-title-visibility":"","ast-main-header-display":"","ast-hfb-above-header-display":"","ast-hfb-below-header-display":"","ast-hfb-mobile-header-display":"","site-post-title":"","ast-breadcrumbs-content":"","ast-featured-img":"","footer-sml-layout":"","theme-transparent-header-meta":"","adv-header-id-meta":"","stick-header-meta":"","header-above-stick-meta":"","header-main-stick-meta":"","header-below-stick-meta":"","astra-migrate-meta-layouts":"default","ast-page-background-enabled":"default","ast-page-background-meta":{"desktop":{"background-color":"var(--ast-global-color-4)","background-image":"","background-repeat":"repeat","background-position":"center center","background-size":"auto","background-attachment":"scroll","background-type":"","background-media":"","overlay-type":"","overlay-color":"","overlay-opacity":"","overlay-gradient":""},"tablet":{"background-color":"","background-image":"","background-repeat":"repeat","background-position":"center center","background-size":"auto","background-attachment":"scroll","background-type":"","background-media":"","overlay-type":"","overlay-color":"","overlay-opacity":"","overlay-gradient":""},"mobile":{"background-color":"","background-image":"","background-repeat":"repeat","background-position":"center center","background-size":"auto","background-attachment":"scroll","background-type":"","background-media":"","overlay-type":"","overlay-color":"","overlay-opacity":"","overlay-gradient":""}},"ast-content-background-meta":{"desktop":{"background-color":"var(--ast-global-color-5)","background-image":"","background-repeat":"repeat","background-position":"center center","background-size":"auto","background-attachment":"scroll","background-type":"","background-media":"","overlay-type":"","overlay-color":"","overlay-opacity":"","overlay-gradient":""},"tablet":{"background-color":"var(--ast-global-color-5)","background-image":"","background-repeat":"repeat","background-position":"center center","background-size":"auto","background-attachment":"scroll","background-type":"","background-media":"","overlay-type":"","overlay-color":"","overlay-opacity":"","overlay-gradient":""},"mobile":{"background-color":"var(--ast-global-color-5)","background-image":"","background-repeat":"repeat","background-position":"center center","background-size":"auto","background-attachment":"scroll","background-type":"","background-media":"","overlay-type":"","overlay-color":"","overlay-opacity":"","overlay-gradient":""}},"footnotes":""},"class_list":["post-2246","page","type-page","status-publish","hentry"],"post_mailing_queue_ids":[],"_links":{"self":[{"href":"https:\/\/agora.xtec.cat\/esc-sant-esteve-de-guialbes\/wp-json\/wp\/v2\/pages\/2246","targetHints":{"allow":["GET"]}}],"collection":[{"href":"https:\/\/agora.xtec.cat\/esc-sant-esteve-de-guialbes\/wp-json\/wp\/v2\/pages"}],"about":[{"href":"https:\/\/agora.xtec.cat\/esc-sant-esteve-de-guialbes\/wp-json\/wp\/v2\/types\/page"}],"author":[{"embeddable":true,"href":"https:\/\/agora.xtec.cat\/esc-sant-esteve-de-guialbes\/wp-json\/wp\/v2\/users\/1"}],"replies":[{"embeddable":true,"href":"https:\/\/agora.xtec.cat\/esc-sant-esteve-de-guialbes\/wp-json\/wp\/v2\/comments?post=2246"}],"version-history":[{"count":3,"href":"https:\/\/agora.xtec.cat\/esc-sant-esteve-de-guialbes\/wp-json\/wp\/v2\/pages\/2246\/revisions"}],"predecessor-version":[{"id":2360,"href":"https:\/\/agora.xtec.cat\/esc-sant-esteve-de-guialbes\/wp-json\/wp\/v2\/pages\/2246\/revisions\/2360"}],"up":[{"embeddable":true,"href":"https:\/\/agora.xtec.cat\/esc-sant-esteve-de-guialbes\/wp-json\/wp\/v2\/pages\/64"}],"wp:attachment":[{"href":"https:\/\/agora.xtec.cat\/esc-sant-esteve-de-guialbes\/wp-json\/wp\/v2\/media?parent=2246"}],"curies":[{"name":"wp","href":"https:\/\/api.w.org\/{rel}","templated":true}]}}

Escola assembleària

<p>Els alumnes són <strong>protagonistes del seu procés d&#8217;aprenentatge</strong>. La implicació i la participació en la vida de centre és un pilar fonamental en el seu dia  a dia.</p>
<p>Les assemblees afavoreixen l’<strong>esperit crític</strong>. Els alumnes aprenen a expressar-se lliurement i a opinar sobre temes diversos, tant a nivell personal com social, també pel que fa a qüestions escolars o educatives. Els alumnes fan propostes argumentades i prenen certes decisions dins de les seves possibilitats.  L’assemblea treballa el <strong>valor de la democràcia</strong> en el futur de la nostra societat i educa per a fer persones que siguin <strong>capaces d’opinar i prendre decisions de manera assertiva</strong>.</p>
<p>Les assemblees són activitats molt <strong>competencials</strong>, a on incidim de manera molt especial en la competència lingüística, en la competència d’aprendre a aprendre i en la competència social. També s’hi transmeten valors com ara la democràcia, el respecte, la tolerància, la responsabilitat, la sinceritat, el compromís, el fet de tots tenir-hi cabuda, aprendre a prendre decisions i a ser-ne conseqüents, aprendre a equivocar-nos i l’empatia. És un espai a on tots els alumnes senten que formen part del grup, que són escoltats i respectats i que les seves intervencions són importants. Poden dir lliurement el que pensen sense ser jutjats.</p>
<ul>
<li><strong>Assemblees d’aula</strong></li>
</ul>
<p>Tots els grups-classe fan <strong>assemblea </strong>els dijous a la tarda. És la manera organitzativa més fàcil perquè una vegada al mes ens podem trobar tota l’escola per fer una assemblea d’escola, amb tots els alumnes de P3 a 6è.</p>
<p>A cada classe (des de P5 a 6è) hi ha una capsa en forma de bústia a on els alumnes lliurement poden anar posant <strong>propostes </strong>per escrit a on exposin temes que els preocupin, o bé que volen compartir amb els seus companys/es. Els de P3 i P4 diuen els temes oralment a el/la mestre/a, ja que es comencen a iniciar en la dinàmica de les assemblees. Cada setmana el/la tutor/a obre la capsa i llegeix els temes proposats pels alumnes, en fan una tria: els temes que només impliquen el seu grup-classe i els temes que impliquen a tots els alumnes de l’escola i a tots els mestres. Les propostes que fan referència a aquest últim punt el tutor/a els retira i els porta a la classe de cicle superior (perquè puguin preparar l’ordre del dia per l’assemblea d’escola). La resta els apunta a la pissarra i es comença a fer, entre tots, un ordre del dia per començar a debatre.</p>
<p>En aquestes assemblees se solen parlar de conflictes que amoïnen als infants, de propostes per fer a l’hora dels esbarjos, cura del material comunitari&#8230;</p>
<ul>
<li><strong>Assemblees d’escola</strong></li>
</ul>
<p>Una vegada al mes ens reunim tots els alumnes de l’escola i mestres i fem una assemblea. Aquesta assemblea la guien l&#8217;alumnat de cicle superior. El grup-classe escull dos alumnes, un serà el <strong>moderador</strong> i l’altre, el <strong>secretari</strong>, que escriurà l’acta en l’ordinador de l’aula que està connectat a un projector.<a href="https://agora.xtec.cat/esc-sant-esteve-de-guialbes/wp-content/uploads/usu1805/2018/06/56F07A18-7A9E-4E48-BA6F-7731DCD4311E.jpeg"><img loading="lazy" decoding="async" class="wp-image-729 alignright" src="https://agora.xtec.cat/esc-sant-esteve-de-guialbes/wp-content/uploads/usu1805/2018/06/56F07A18-7A9E-4E48-BA6F-7731DCD4311E-1024x768.jpeg" alt="" width="458" height="344" srcset="https://agora.xtec.cat/esc-sant-esteve-de-guialbes/wp-content/uploads/usu1805/2018/06/56F07A18-7A9E-4E48-BA6F-7731DCD4311E-1024x768.jpeg 1024w, https://agora.xtec.cat/esc-sant-esteve-de-guialbes/wp-content/uploads/usu1805/2018/06/56F07A18-7A9E-4E48-BA6F-7731DCD4311E-300x225.jpeg 300w, https://agora.xtec.cat/esc-sant-esteve-de-guialbes/wp-content/uploads/usu1805/2018/06/56F07A18-7A9E-4E48-BA6F-7731DCD4311E-768x576.jpeg 768w, https://agora.xtec.cat/esc-sant-esteve-de-guialbes/wp-content/uploads/usu1805/2018/06/56F07A18-7A9E-4E48-BA6F-7731DCD4311E-200x150.jpeg 200w, https://agora.xtec.cat/esc-sant-esteve-de-guialbes/wp-content/uploads/usu1805/2018/06/56F07A18-7A9E-4E48-BA6F-7731DCD4311E.jpeg 1600w" sizes="auto, (max-width: 458px) 100vw, 458px" /></a></p>
<p>Quan tots els alumnes arriben a l’aula a on es fa l’assemblea, poden veure l’ordre del dia projectat. Aquest <strong>ordre del dia</strong> l’han ordenat i redactat els alumnes de CS. Una vegada estem tots asseguts, el moderador ens dóna la benvinguda i ens llegeix el primer punt de l’ordre del dia, seguidament passem a debatre’l.</p>
<p>Cal dir que tan mestres com alumnes estem en igualtat de condicions i que quan un mestre/a o alumne/a vol parlar ha de <strong>demanar el torn de paraula</strong> i esperar que el moderador li doni. Alguns dels temes que s’han parlat i decidit en aquestes assemblees a proposta dels alumnes ha estat, per exemple, exposar que els hi agradaria sentir música a les entrades i sortides de l’escola. S’han hagut de posar d’acord de qui escolliria les músiques (van decidir que un mes cada grup classe, i així va ser). També van demanar fer una bicicletada els alumnes de CM i CS a final de curs, vam haver de debatre i aprovar perquè només CM i CS i no la resta d’alumnes. Una altra proposta va ser poder portar patinet un dia a l’escola, això va implicar pactar una normativa justa per a tots. També s’ha enraonat sobre propostes per millorar el pati, s’ha parlat de la pilota com a font de conflictes, o s’ha proposat tenir un galliner a l’escola. Aquests només són uns quants temes dels quals s’han parlat, evidentment n’hi ha hagut molts més.</p>
<p>Les idees sorgides en les assemblees d&#8217;escola es valoren i s&#8217;estudien per assegurar la seva<strong> viabilitat</strong> i llavors cal veure quins són els passos i els<strong> agents necessaris</strong> per fer-lo possibles. A vegades són els<strong> mateixos alumnes </strong>els que poden gestionar i organitzar el projecte decidit. Altres vegades necessiten l&#8217;ajut dels <strong>mestres</strong> o <strong>d&#8217;institucions</strong>, per exemple per demanar permisos o autoritzacions a l&#8217;ajuntament. Altres propostes necessiten la col·laboració d&#8217;altres <strong>agents de la comunitat</strong>, sovint són les<strong> famílies </strong>a través de les comissions.</p>
<ul>
<li><strong>Assemblees de comunitat educativa</strong></li>
</ul>
<p>Es fan dues assemblees on participen el claustre de mestres, les famílies de l’escola i l’ajuntament.</p>
<p>La primera es fa a mig curs (febrer on març) i es posa en comú la feina que es fa a les diferents comissions mixtes. També es parla d’altres temes que tan mestres, famílies o ajuntament tinguin ganes d’exposar, preguntar o aclarir. Al mes de juny es fa una assemblea de valoració del curs amb tota la comunitat educativa.</p>

<p>Els alumnes són protagonistes del seu procés d&#8217;aprenentatge. La implicació i la participació en la vida de centre és un [&hellip;]</p>
