{"id":1562,"date":"2020-02-06T17:22:34","date_gmt":"2020-02-06T16:22:34","guid":{"rendered":"http:\/\/agora.xtec.cat\/esc-sant-esteve-de-guialbes\/?page_id=1562"},"modified":"2024-09-09T13:06:48","modified_gmt":"2024-09-09T11:06:48","slug":"qui-som-i-que-fem","status":"publish","type":"page","link":"https:\/\/agora.xtec.cat\/esc-sant-esteve-de-guialbes\/afa\/qui-som-i-que-fem\/","title":{"rendered":"Qui som i qu\u00e8 fem"},"content":{"rendered":"<p style=\"text-align: center;\"><a href=\"https:\/\/agora.xtec.cat\/esc-sant-esteve-de-guialbes\/wp-content\/uploads\/usu1805\/2021\/09\/WhatsApp-Image-2021-09-07-at-17.34.22-e1631377537569.jpeg\"><img loading=\"lazy\" decoding=\"async\" class=\"alignnone size-full wp-image-2693\" src=\"https:\/\/agora.xtec.cat\/esc-sant-esteve-de-guialbes\/wp-content\/uploads\/usu1805\/2021\/09\/WhatsApp-Image-2021-09-07-at-17.34.22-e1631377537569.jpeg\" alt=\"\" width=\"200\" height=\"200\" \/><\/a><\/p>\n<p><strong>L\u2019AFA \u00e9s l\u2019associaci\u00f3 de fam\u00edlies de l\u2019escola<\/strong><span style=\"font-weight: 400;\">. Totes les fam\u00edlies poden col\u00b7laborar-hi de la forma que vulguin i\/o puguin.<\/span><\/p>\n<p><span style=\"font-weight: 400;\">Tot el que fem ho fem de forma volunt\u00e0ria amb l\u2019objectiu d\u2019ajudar a la comunitat educativa:<\/span><\/p>\n<ul>\n<li style=\"font-weight: 400;\"><span style=\"font-weight: 400;\">Fem d\u2019enlla\u00e7 entre les fam\u00edlies i l\u2019escola<\/span><\/li>\n<li style=\"font-weight: 400;\"><span style=\"font-weight: 400;\">Organitzem les extraescolars<\/span><\/li>\n<li style=\"font-weight: 400;\"><span style=\"font-weight: 400;\">Organitzem les activitats de tarda quan els alumnes fan jornada intensiva<\/span><\/li>\n<li style=\"font-weight: 400;\"><span style=\"font-weight: 400;\">Ajudem a l\u2019equip de mestres en organitzar les activitats festives<\/span><\/li>\n<li style=\"font-weight: 400;\"><span style=\"font-weight: 400;\">Coordinem mares i pares voluntaris per acompanyar als alumnes en les sortides que fan en horari lectiu<\/span><\/li>\n<li style=\"font-weight: 400;\"><span style=\"font-weight: 400;\">Organitzem activitats per recaptar diners: la Quina a l\u2019hivern i l\u2019Espectacle a la primavera<\/span><\/li>\n<li style=\"font-weight: 400;\"><span style=\"font-weight: 400;\">Fem el calendari anual amb les fotos de tots els alumnes i els seus aniversaris<\/span><\/li>\n<li style=\"font-weight: 400;\"><span style=\"font-weight: 400;\">Organitzem el PIN de Nadal<\/span><\/li>\n<li style=\"font-weight: 400;\"><span style=\"font-weight: 400;\">Col\u00b7laborem en l\u2019organitzaci\u00f3 anual de la Parada del Viatge Esportiu<\/span><\/li>\n<li style=\"font-weight: 400;\"><span style=\"font-weight: 400;\">Comprem material educatiu pels alumnes cada any\u00a0<\/span><\/li>\n<li style=\"font-weight: 400;\"><span style=\"font-weight: 400;\">Paguem el patge Reial i els regals que deixen els Reis pels alumnes<\/span><\/li>\n<li style=\"font-weight: 400;\"><span style=\"font-weight: 400;\">Comprem els regals pels alumnes de 6\u00e8 quan acaben el curs i marxen de l\u2019escola<\/span><\/li>\n<li style=\"font-weight: 400;\"><span style=\"font-weight: 400;\">Col\u00b7laborem econ\u00f2micament en projectes que organitza l\u2019equip de mestres<\/span><\/li>\n<\/ul>\n<p><b>Inversions importants que ha fet l\u2019AFA en els darrers anys<\/b><span style=\"font-weight: 400;\">:<\/span><\/p>\n<ul>\n<li><span style=\"font-weight: 400;\">Curs 2016-17: 1200\u20ac Material inform\u00e0tic\u00a0<\/span><\/li>\n<li><span style=\"font-weight: 400;\">Curs 2017-18: 400\u20ac Sortida a Orfes<\/span><\/li>\n<li><span style=\"font-weight: 400;\">Curs 2018-19: 450\u20ac Rentadora<\/span><\/li>\n<li><span style=\"font-weight: 400;\">Curs 2019-20: 775\u20ac Cabana de v\u00edmet del pati<\/span><\/li>\n<li>Curs 2020-21: 1110\u20ac Cuineta pel pati<\/li>\n<li>Curs 2021-22 (ja previst de forma biennal): 1090<span class=\"\">\u20ac Taller &#8220;Els canvis a l&#8217;adolesc\u00e8ncia&#8221; per 5\u00e8 i 6\u00e8 impartit per l&#8217;Anna Salvia<br \/>\n<\/span><\/li>\n<li>Curs 2022-23: 1070\u20ac Caseta de fusta pel pati.<\/li>\n<\/ul>\n<p><b>L\u2019actual Junta<\/b><span style=\"font-weight: 400;\">, des de juny 2024 i per 3 anys, est\u00e0 formada per:<\/span><\/p>\n<ul>\n<li><span style=\"font-weight: 400;\">Presidenta \u2013 Laia Oliver (Mare de l&#8217;Andreu 2n i en Roger I5)<br \/>\n<\/span><\/li>\n<li><span style=\"font-weight: 400;\">Vicepresidenta \u2013 Ester Comas (Mare de l&#8217;Ares 3r i en Bruc I4)<\/span><\/li>\n<li><span style=\"font-weight: 400;\">Secret\u00e0ria \u2013 B\u00e0rbara Julve (mare de l&#8217;Alba I5)<br \/>\n<\/span><\/li>\n<li><span style=\"font-weight: 400;\">Tresorera \u2013 Gemma Martin (mare de l&#8217;Aram 4art i en Ja\u00efr 2n)<br \/>\n<\/span><\/li>\n<li><span style=\"font-weight: 400;\">Vocal \u2013 Clara Llovera ( Mare de la Greta 2n i de la L\u00faa I3)<br \/>\n<\/span><\/li>\n<li><span style=\"font-weight: 400;\">Vocal \u2013 Santi Nudelman (pare d&#8217;en Leo de 5\u00e9)<\/span><\/li>\n<li><span style=\"font-weight: 400;\">Vocal i representant de l\u2019AFA al Consell Escolar \u2013 Laura Izquierdo ( mare de la Lluna 3r)\u00a0<\/span><\/li>\n<\/ul>\n<p><span style=\"font-weight: 400;\">L\u2019AFA pot ajudar econ\u00f2micament l\u2019escola gr\u00e0cies a les quotes de les <\/span><b>fam\u00edlies s\u00f2cies<\/b><span style=\"font-weight: 400;\">. La quota \u00e9s de <\/span><b>35\u20ac per fam\u00edlia<\/b><span style=\"font-weight: 400;\"> i es paga a principi de cada curs.<\/span><\/p>\n<p><span style=\"font-weight: 400;\">Si vols contactar-nos escriu-nos un correu a afa@escolaguialbes.cat<\/span><\/p>\n","protected":false},"excerpt":{"rendered":"<p>L\u2019AFA \u00e9s l\u2019associaci\u00f3 de fam\u00edlies de l\u2019escola. Totes les fam\u00edlies poden col\u00b7laborar-hi de la forma que vulguin i\/o puguin. Tot [&hellip;]<\/p>\n","protected":false},"author":1,"featured_media":0,"parent":1564,"menu_order":0,"comment_status":"closed","ping_status":"closed","template":"page-templates\/side-menu.php","meta":{"_bbp_topic_count":0,"_bbp_reply_count":0,"_bbp_total_topic_count":0,"_bbp_total_reply_count":0,"_bbp_voice_count":0,"_bbp_anonymous_reply_count":0,"_bbp_topic_count_hidden":0,"_bbp_reply_count_hidden":0,"_bbp_forum_subforum_count":0,"site-sidebar-layout":"default","site-content-layout":"","ast-site-content-layout":"","site-content-style":"default","site-sidebar-style":"default","ast-global-header-display":"","ast-banner-title-visibility":"","ast-main-header-display":"","ast-hfb-above-header-display":"","ast-hfb-below-header-display":"","ast-hfb-mobile-header-display":"","site-post-title":"","ast-breadcrumbs-content":"","ast-featured-img":"","footer-sml-layout":"","theme-transparent-header-meta":"","adv-header-id-meta":"","stick-header-meta":"","header-above-stick-meta":"","header-main-stick-meta":"","header-below-stick-meta":"","astra-migrate-meta-layouts":"default","ast-page-background-enabled":"default","ast-page-background-meta":{"desktop":{"background-color":"var(--ast-global-color-4)","background-image":"","background-repeat":"repeat","background-position":"center center","background-size":"auto","background-attachment":"scroll","background-type":"","background-media":"","overlay-type":"","overlay-color":"","overlay-opacity":"","overlay-gradient":""},"tablet":{"background-color":"","background-image":"","background-repeat":"repeat","background-position":"center center","background-size":"auto","background-attachment":"scroll","background-type":"","background-media":"","overlay-type":"","overlay-color":"","overlay-opacity":"","overlay-gradient":""},"mobile":{"background-color":"","background-image":"","background-repeat":"repeat","background-position":"center center","background-size":"auto","background-attachment":"scroll","background-type":"","background-media":"","overlay-type":"","overlay-color":"","overlay-opacity":"","overlay-gradient":""}},"ast-content-background-meta":{"desktop":{"background-color":"var(--ast-global-color-5)","background-image":"","background-repeat":"repeat","background-position":"center center","background-size":"auto","background-attachment":"scroll","background-type":"","background-media":"","overlay-type":"","overlay-color":"","overlay-opacity":"","overlay-gradient":""},"tablet":{"background-color":"var(--ast-global-color-5)","background-image":"","background-repeat":"repeat","background-position":"center center","background-size":"auto","background-attachment":"scroll","background-type":"","background-media":"","overlay-type":"","overlay-color":"","overlay-opacity":"","overlay-gradient":""},"mobile":{"background-color":"var(--ast-global-color-5)","background-image":"","background-repeat":"repeat","background-position":"center center","background-size":"auto","background-attachment":"scroll","background-type":"","background-media":"","overlay-type":"","overlay-color":"","overlay-opacity":"","overlay-gradient":""}},"footnotes":""},"class_list":["post-1562","page","type-page","status-publish","hentry"],"post_mailing_queue_ids":[],"_links":{"self":[{"href":"https:\/\/agora.xtec.cat\/esc-sant-esteve-de-guialbes\/wp-json\/wp\/v2\/pages\/1562","targetHints":{"allow":["GET"]}}],"collection":[{"href":"https:\/\/agora.xtec.cat\/esc-sant-esteve-de-guialbes\/wp-json\/wp\/v2\/pages"}],"about":[{"href":"https:\/\/agora.xtec.cat\/esc-sant-esteve-de-guialbes\/wp-json\/wp\/v2\/types\/page"}],"author":[{"embeddable":true,"href":"https:\/\/agora.xtec.cat\/esc-sant-esteve-de-guialbes\/wp-json\/wp\/v2\/users\/1"}],"replies":[{"embeddable":true,"href":"https:\/\/agora.xtec.cat\/esc-sant-esteve-de-guialbes\/wp-json\/wp\/v2\/comments?post=1562"}],"version-history":[{"count":4,"href":"https:\/\/agora.xtec.cat\/esc-sant-esteve-de-guialbes\/wp-json\/wp\/v2\/pages\/1562\/revisions"}],"predecessor-version":[{"id":4008,"href":"https:\/\/agora.xtec.cat\/esc-sant-esteve-de-guialbes\/wp-json\/wp\/v2\/pages\/1562\/revisions\/4008"}],"up":[{"embeddable":true,"href":"https:\/\/agora.xtec.cat\/esc-sant-esteve-de-guialbes\/wp-json\/wp\/v2\/pages\/1564"}],"wp:attachment":[{"href":"https:\/\/agora.xtec.cat\/esc-sant-esteve-de-guialbes\/wp-json\/wp\/v2\/media?parent=1562"}],"curies":[{"name":"wp","href":"https:\/\/api.w.org\/{rel}","templated":true}]}}

Qui som i què fem

<p style="text-align: center;"><a href="https://agora.xtec.cat/esc-sant-esteve-de-guialbes/wp-content/uploads/usu1805/2021/09/WhatsApp-Image-2021-09-07-at-17.34.22-e1631377537569.jpeg"><img loading="lazy" decoding="async" class="alignnone size-full wp-image-2693" src="https://agora.xtec.cat/esc-sant-esteve-de-guialbes/wp-content/uploads/usu1805/2021/09/WhatsApp-Image-2021-09-07-at-17.34.22-e1631377537569.jpeg" alt="" width="200" height="200" /></a></p>
<p><strong>L’AFA és l’associació de famílies de l’escola</strong><span style="font-weight: 400;">. Totes les famílies poden col·laborar-hi de la forma que vulguin i/o puguin.</span></p>
<p><span style="font-weight: 400;">Tot el que fem ho fem de forma voluntària amb l’objectiu d’ajudar a la comunitat educativa:</span></p>
<ul>
<li style="font-weight: 400;"><span style="font-weight: 400;">Fem d’enllaç entre les famílies i l’escola</span></li>
<li style="font-weight: 400;"><span style="font-weight: 400;">Organitzem les extraescolars</span></li>
<li style="font-weight: 400;"><span style="font-weight: 400;">Organitzem les activitats de tarda quan els alumnes fan jornada intensiva</span></li>
<li style="font-weight: 400;"><span style="font-weight: 400;">Ajudem a l’equip de mestres en organitzar les activitats festives</span></li>
<li style="font-weight: 400;"><span style="font-weight: 400;">Coordinem mares i pares voluntaris per acompanyar als alumnes en les sortides que fan en horari lectiu</span></li>
<li style="font-weight: 400;"><span style="font-weight: 400;">Organitzem activitats per recaptar diners: la Quina a l’hivern i l’Espectacle a la primavera</span></li>
<li style="font-weight: 400;"><span style="font-weight: 400;">Fem el calendari anual amb les fotos de tots els alumnes i els seus aniversaris</span></li>
<li style="font-weight: 400;"><span style="font-weight: 400;">Organitzem el PIN de Nadal</span></li>
<li style="font-weight: 400;"><span style="font-weight: 400;">Col·laborem en l’organització anual de la Parada del Viatge Esportiu</span></li>
<li style="font-weight: 400;"><span style="font-weight: 400;">Comprem material educatiu pels alumnes cada any </span></li>
<li style="font-weight: 400;"><span style="font-weight: 400;">Paguem el patge Reial i els regals que deixen els Reis pels alumnes</span></li>
<li style="font-weight: 400;"><span style="font-weight: 400;">Comprem els regals pels alumnes de 6è quan acaben el curs i marxen de l’escola</span></li>
<li style="font-weight: 400;"><span style="font-weight: 400;">Col·laborem econòmicament en projectes que organitza l’equip de mestres</span></li>
</ul>
<p><b>Inversions importants que ha fet l’AFA en els darrers anys</b><span style="font-weight: 400;">:</span></p>
<ul>
<li><span style="font-weight: 400;">Curs 2016-17: 1200€ Material informàtic </span></li>
<li><span style="font-weight: 400;">Curs 2017-18: 400€ Sortida a Orfes</span></li>
<li><span style="font-weight: 400;">Curs 2018-19: 450€ Rentadora</span></li>
<li><span style="font-weight: 400;">Curs 2019-20: 775€ Cabana de vímet del pati</span></li>
<li>Curs 2020-21: 1110€ Cuineta pel pati</li>
<li>Curs 2021-22 (ja previst de forma biennal): 1090<span class="">€ Taller &#8220;Els canvis a l&#8217;adolescència&#8221; per 5è i 6è impartit per l&#8217;Anna Salvia<br />
</span></li>
<li>Curs 2022-23: 1070€ Caseta de fusta pel pati.</li>
</ul>
<p><b>L’actual Junta</b><span style="font-weight: 400;">, des de juny 2024 i per 3 anys, està formada per:</span></p>
<ul>
<li><span style="font-weight: 400;">Presidenta – Laia Oliver (Mare de l&#8217;Andreu 2n i en Roger I5)<br />
</span></li>
<li><span style="font-weight: 400;">Vicepresidenta – Ester Comas (Mare de l&#8217;Ares 3r i en Bruc I4)</span></li>
<li><span style="font-weight: 400;">Secretària – Bàrbara Julve (mare de l&#8217;Alba I5)<br />
</span></li>
<li><span style="font-weight: 400;">Tresorera – Gemma Martin (mare de l&#8217;Aram 4art i en Jaïr 2n)<br />
</span></li>
<li><span style="font-weight: 400;">Vocal – Clara Llovera ( Mare de la Greta 2n i de la Lúa I3)<br />
</span></li>
<li><span style="font-weight: 400;">Vocal – Santi Nudelman (pare d&#8217;en Leo de 5é)</span></li>
<li><span style="font-weight: 400;">Vocal i representant de l’AFA al Consell Escolar – Laura Izquierdo ( mare de la Lluna 3r) </span></li>
</ul>
<p><span style="font-weight: 400;">L’AFA pot ajudar econòmicament l’escola gràcies a les quotes de les </span><b>famílies sòcies</b><span style="font-weight: 400;">. La quota és de </span><b>35€ per família</b><span style="font-weight: 400;"> i es paga a principi de cada curs.</span></p>
<p><span style="font-weight: 400;">Si vols contactar-nos escriu-nos un correu a afa@escolaguialbes.cat</span></p>

<p>L’AFA és l’associació de famílies de l’escola. Totes les famílies poden col·laborar-hi de la forma que vulguin i/o puguin. Tot [&hellip;]</p>
