{"id":66,"date":"2014-09-18T12:40:47","date_gmt":"2014-09-18T11:40:47","guid":{"rendered":"http:\/\/agora.xtec.cat\/ceip-sant-bernat-calbo-reus\/?page_id=66"},"modified":"2025-01-24T20:21:56","modified_gmt":"2025-01-24T19:21:56","slug":"serveis","status":"publish","type":"page","link":"https:\/\/agora.xtec.cat\/esc-sant-bernat-calbo-reus\/serveis\/","title":{"rendered":"Serveis"},"content":{"rendered":"\n<div class=\"wp-block-getwid-tabs alignfull alignfull\" data-active-tab=\"0\"><ul class=\"wp-block-getwid-tabs__nav-links\"><\/ul>\n<div class=\"wp-block-getwid-tabs__nav-link\"><h4 class=\"wp-block-getwid-tabs__title-wrapper\"><a href=\"#\"><span class=\"wp-block-getwid-tabs__title\">Menjador escolar<\/span><\/a><\/h4><\/div><div class=\"wp-block-getwid-tabs__tab-content-wrapper\"><div class=\"wp-block-getwid-tabs__tab-content\">\n<p class=\"has-medium-font-size\"><p align=\"center\"><span style=\"font-family: Arial; font-size: small;\">El centre disposa de MENJADOR ESCOLAR des de l&#8217;any 1984. Actualment el gestiona el Consell Comarcal del Baix Camp. La majoria d&#8217;alumnes que n&#8217;utilitzen el servei reben ajut de beca, que la fam\u00edlia sol\u00b7licita anualment a l&#8217;Ajuntament, a l&#8217;\u00e0rea de Benestar Social, o al Consell Comarcal del Baix Camp, sota convocat\u00f2ria d&#8217;aquestes entitats locals, i tamb\u00e9 es pot utilitzar abonant el servei durant el per\u00edode de temps que us interessi a la fam\u00edlia,\u00a0contactant amb la coordinadora a primera hora del mat\u00ed ( de 8:30 a 9:30 ), o b\u00e9 telef\u00f2nicament ( 680690018 ).\u00a0<\/span><\/p><br><p align=\"center\"><span style=\"font-family: Arial; font-size: small;\">Actualment presta el servei\u00a0l&#8217;empresa de servei de c\u00e0tering Cuina-Gesti\u00f3. El servei de vigil\u00e0ncia i atenci\u00f3 a l&#8217;alumnat va a c\u00e0rrec de monitors fixes diaris contractats per aquesta empresa, que disposa de nutricionistes i experts en alimentaci\u00f3 per garantir l&#8217;equilibri nutricional de les dietes. El Departament de Sanitat controla la qualitat del servei peri\u00f2dicament.<\/span><\/p><\/p>\n<\/div><\/div>\n\n\n\n<div class=\"wp-block-getwid-tabs__nav-link\"><h4 class=\"wp-block-getwid-tabs__title-wrapper\"><a href=\"#\"><span class=\"wp-block-getwid-tabs__title\">Aula inform\u00e0tica<\/span><\/a><\/h4><\/div><div class=\"wp-block-getwid-tabs__tab-content-wrapper\"><div class=\"wp-block-getwid-tabs__tab-content\">\n<p><p align=\"center\"><span style=\"font-family: Arial; font-size: small;\">La dotaci\u00f3 del Departament l&#8217;any 91\/92 de vuit PCX386 i dues impressores ens va permetre posar en marxa l&#8217;aula d&#8217;inform\u00e0tica. <\/span><span style=\"font-family: Arial;\"><span style=\"font-size: small;\">El centre va adquirir m\u00e9s equipament inform\u00e0tic amb posterioritat, i v\u00e0rem rebre m\u00e9s dotaci\u00f3 actualitzant el parc durant els cursos posteriors.<br><\/span><\/span><span style=\"font-family: Arial; font-size: small;\">Educ\u00e0lia i el Projecte Argo en diferents actuacions ens va\u00a0permetre ampliar-lo fins a vint-i-tres ordinadors a l&#8217;aula d&#8217;inform\u00e0tica, sis impressores en xarxa, un Kit Internet a l&#8217;aula, dos canons de projecci\u00f3 i dos ordinadors port\u00e0tils, a m\u00e9s del parc de secretaria i direcci\u00f3.<\/span><\/p><br><p align=\"center\"><span style=\"font-family: Arial, Helvetica, sans-serif; font-size: small;\">El Projecte Heura del Departament d&#8217;Educaci\u00f3,durant el curs 2007\/2008 va dotar tot el centre d&#8217;una xarxa integrada que arriba a totes les depend\u00e8ncies del centre.<\/span><\/p><br><p align=\"center\"><span style=\"font-family: Arial, Helvetica, sans-serif; font-size: small;\">Despr\u00e9s del trasllat al carrer Velers, al curs 2010 -2011, totes les aules disposen d&#8217;un port\u00e0til connectat a la xarxa interna i externa i la nostra intenci\u00f3 \u00e9s de disposar d&#8217;una PDI (Pissarra digital interactiva) per a cada aula.<\/span><\/p><\/p>\n<\/div><\/div>\n\n\n\n<div class=\"wp-block-getwid-tabs__nav-link\"><h4 class=\"wp-block-getwid-tabs__title-wrapper\"><a href=\"#\"><span class=\"wp-block-getwid-tabs__title\">Gimn\u00e0s i aula psicomotricitat<\/span><\/a><\/h4><\/div><div class=\"wp-block-getwid-tabs__tab-content-wrapper\"><div class=\"wp-block-getwid-tabs__tab-content\">\n<p><p align=\"center\"><span style=\"font-family: Arial; font-size: small;\">El centre disposa d&#8217;un gimn\u00e0s amb l&#8217;equipament est\u00e0ndard\u00a0d&#8217;un centre de Prim\u00e0ria.<br>S&#8217;utilitza per part de tots els nivells del centre, incloent l&#8217;educaci\u00f3 infantil.\u00a0<\/span><span style=\"font-family: Arial; font-size: small; line-height: 1.6;\">Tamb\u00e9 funciona com a sala de Teatre, at\u00e8s que disposa d&#8217;un escenari que hem acondicionat amb telonatge i sistema d&#8217;il\u00b7luminaci\u00f3, i amb una dotaci\u00f3 de seients m\u00f2bils.<\/span><\/p><br><p align=\"center\"><span style=\"font-family: Arial; font-size: small;\">Tamb\u00e9 disposem d&#8217;una sala de psicomotricitat per a Educaci\u00f3 Infantil que s&#8217;utilitza tamb\u00e9 a l&#8217;\u00e0rea de M\u00fasica .<\/span><\/p><\/p>\n<\/div><\/div>\n\n\n\n<div class=\"wp-block-getwid-tabs__nav-link\"><h4 class=\"wp-block-getwid-tabs__title-wrapper\"><a href=\"#\"><span class=\"wp-block-getwid-tabs__title\">Biblioteca<\/span><\/a><\/h4><\/div><div class=\"wp-block-getwid-tabs__tab-content-wrapper\"><div class=\"wp-block-getwid-tabs__tab-content\">\n<p class=\"has-medium-font-size\"><p align=\"center\"><span style=\"font-family: Arial; font-size: small;\">Tamb\u00e9 disposem de biblioteca amb vora uns mil exemplars entre consulta, lectura i altres. No s&#8217;ha obert mai al barri, perqu\u00e8 ja n&#8217;hi ha una de p\u00fablica.<\/span><\/p><br><p align=\"center\"><span style=\"font-family: Arial; font-size: small;\">S&#8217;utilitza per part de tots els nivells, encara que moltes aules disposen de biblioteca de classe, tan a nivell de consulta com de lectura.<\/span><\/p><\/p>\n<\/div><\/div>\n\n\n\n<div class=\"wp-block-getwid-tabs__nav-link\"><h4 class=\"wp-block-getwid-tabs__title-wrapper\"><a href=\"#\"><span class=\"wp-block-getwid-tabs__title\">Aula musica<\/span><\/a><\/h4><\/div><div class=\"wp-block-getwid-tabs__tab-content-wrapper\"><div class=\"wp-block-getwid-tabs__tab-content\">\n<p><br><p align=\"center\"><span style=\"font-family: Arial, Helvetica, sans-serif; font-size: small;\">Al primer pis disposem d&#8217;una aula habilitada per a les activitats de l&#8217;\u00e0rea de M\u00fasica i que tamb\u00e9 es pot utilitzar per a projeccions audiovisuals, dotada amb una PDI.<\/span><\/p><\/p>\n<\/div><\/div>\n\n\n\n<div class=\"wp-block-getwid-tabs__nav-link\"><h4 class=\"wp-block-getwid-tabs__title-wrapper\"><a href=\"#\"><span class=\"wp-block-getwid-tabs__title\">Aula idiomes<\/span><\/a><\/h4><\/div><div class=\"wp-block-getwid-tabs__tab-content-wrapper\"><div class=\"wp-block-getwid-tabs__tab-content\">\n<p><p align=\"center\"><span style=\"font-family: Arial; font-size: small;\">Disposem de dues\u00a0aules per a les classes d&#8217;Angl\u00e8s a Prim\u00e0ria, d&#8217;una aula habilitada per a les sessions de suport de l&#8217;idioma, i les classes d&#8217;introducci\u00f3 a Infantil, que aquest curs 2010 s&#8217;han iniciat sota el Pla Experimental de Lleng\u00fces Estrangeres (PELE) a P4 i P5 es fan a l&#8217;aula de suport d&#8217;Infantil, al primer pis.<\/span><\/p><\/p>\n<\/div><\/div>\n\n\n\n<div class=\"wp-block-getwid-tabs__nav-link\"><h4 class=\"wp-block-getwid-tabs__title-wrapper\"><a href=\"#\"><span class=\"wp-block-getwid-tabs__title\">Patis esbarjo<\/span><\/a><\/h4><\/div><div class=\"wp-block-getwid-tabs__tab-content-wrapper\"><div class=\"wp-block-getwid-tabs__tab-content\">\n<p><br><p align=\"center\"><span style=\"font-family: Arial; font-size: small;\">L&#8217;escola disposa d&#8217;un pati d&#8217;esbarjo p\u00e8r Prim\u00e0ria, amb acc\u00e9s des del carrer dels Velers, amb zona ajardinada i hort escolar estacional, on volem plantar plantes arom\u00e0tiques mediterr\u00e0nies.<\/span><\/p><br><p align=\"center\"><span style=\"font-family: Arial; font-size: small;\">Les aules d&#8217; Educaci\u00f3 Infantil tenen el seu propi pati, independent del de Prim\u00e0ria, amb acc\u00e9s des de l&#8217;avinguda President Tarradelles.<\/span><\/p><\/p>\n<\/div><\/div>\n\n\n\n<div class=\"wp-block-getwid-tabs__nav-link\"><h4 class=\"wp-block-getwid-tabs__title-wrapper\"><a href=\"#\"><span class=\"wp-block-getwid-tabs__title\">Aula educaci\u00f3 especial<\/span><\/a><\/h4><\/div><div class=\"wp-block-getwid-tabs__tab-content-wrapper\"><div class=\"wp-block-getwid-tabs__tab-content\">\n<p><p align=\"center\"><\/p><p align=\"center\"><span style=\"font-family: Arial; font-size: small;\">Una de les aules per a grups redu\u00efts es dedica a l&#8217;atenci\u00f3 a alumnes amb NEE. Est\u00e0 acondicionada per atendre petits grups fora de l&#8217;aula ordin\u00e0ria i disposa de materials educatius adients per als alumnes que at\u00e8n i alguns\u00a0ordinadors.<\/span><\/p><\/p>\n<\/div><\/div>\n\n\n\n<div class=\"wp-block-getwid-tabs__nav-link\"><h4 class=\"wp-block-getwid-tabs__title-wrapper\"><a href=\"#\"><span class=\"wp-block-getwid-tabs__title\">Aula suport i acollida<\/span><\/a><\/h4><\/div><div class=\"wp-block-getwid-tabs__tab-content-wrapper\"><div class=\"wp-block-getwid-tabs__tab-content\">\n<p><p align=\"center\"><span style=\"font-family: Arial; font-size: small;\">El centre disposa d&#8217;alguns espais per grups redu\u00efts on s&#8217;organitza activitats de suport o desdoblament de grups focalitzant l&#8217;atenci\u00f3 a la diversitat. Tamb\u00e9 els alumnes en periode d&#8217;adaptaci\u00f3 al sistema educatiu (nouvinguts) s\u00f3n tamb\u00e9 atesos en una altra aula de suport pel professorat de refor\u00e7 on assisteixen a temps parcial fins que s\u00f3n capa\u00e7os d&#8217;incorporar-se a l&#8217;aula ordinaria utilitzant la llengua catalana com a base de l&#8217;aprenentatge.<\/span><\/p><\/p>\n<\/div><\/div>\n\n\n\n<div class=\"wp-block-getwid-tabs__nav-link\"><h4 class=\"wp-block-getwid-tabs__title-wrapper\"><a href=\"#\"><span class=\"wp-block-getwid-tabs__title\">Aula matinera<\/span><\/a><\/h4><\/div><div class=\"wp-block-getwid-tabs__tab-content-wrapper\"><div class=\"wp-block-getwid-tabs__tab-content\">\n<p><p align=\"center\"><span style=\"font-family: Arial; font-size: small;\">Els infants d&#8217;Educaci\u00f3 Infantil inicien normalment una hora m\u00e9s tard que els de Prim\u00e0ria la seva jornada escolar. Els que tenen germans a Prim\u00e0ria poden iniciar la jornada escolar a la mateixa hora que els seus germans, essent atesos a l&#8217;aula d&#8217;acollida matinal per monitores. Han de venir esmorzats i reben atenci\u00f3 de vigil\u00e0ncia mentres juguen o fan activitats lliures.<\/span><\/p><\/p>\n<\/div><\/div>\n\n\n\n<div class=\"wp-block-getwid-tabs__nav-link\"><h4 class=\"wp-block-getwid-tabs__title-wrapper\"><a href=\"#\"><span class=\"wp-block-getwid-tabs__title\">Aula AMPA<\/span><\/a><\/h4><\/div><div class=\"wp-block-getwid-tabs__tab-content-wrapper\"><div class=\"wp-block-getwid-tabs__tab-content\">\n<p><p align=\"center\"><span style=\"font-family: Arial; font-size: medium;\"><strong>A.M.i.P.A.<\/strong><\/span><\/p><br><p align=\"center\"><span style=\"font-family: Arial; font-size: small;\">Existeix una Associaci\u00f3 de Mares i Pares d&#8217;Alumnes que gestiona \u00a0la celebraci\u00f3 de algunes de les festes tradicionals\u00a0per als associats, a m\u00e9s d&#8217;encarregar-se de l&#8217;organitzaci\u00f3 de les activitats extraescolars que es porten a terme, tant les dedicades a alumnes com alguna dedicada a pares\/mares d&#8217;alumnes.<\/span><\/p><br><p align=\"center\"><span style=\"font-family: Arial; font-size: small;\">L&#8217;ubicaci\u00f3 f\u00edsica de l&#8217;AMPA \u00e9s un\u00a0espai\u00a0de la planta baixa, accessible des del carrer dels Velers, al costat de la porta d&#8217;acc\u00e9s principal a l&#8217;escola.<\/span><\/p><br><p align=\"center\"><span style=\"font-family: Arial; font-size: small;\">.L&#8217;horari d&#8217;atenci\u00f3 al p\u00fablic \u00e9s diari a\u00a0les tardes que hi ha activitats extraescolars, durant la realitzaci\u00f3 de les mateixes.<\/span><\/p><\/p>\n<\/div><\/div>\n\n\n\n<div class=\"wp-block-getwid-tabs__nav-link\"><h4 class=\"wp-block-getwid-tabs__title-wrapper\"><a href=\"#\"><span class=\"wp-block-getwid-tabs__title\">Transport<\/span><\/a><\/h4><\/div><div class=\"wp-block-getwid-tabs__tab-content-wrapper\"><div class=\"wp-block-getwid-tabs__tab-content\">\n<p><p align=\"center\"><span style=\"font-family: Arial, Helvetica, sans-serif; font-size: small;\">Encara que no hi ha un servei escolar de transport, at\u00e8s que la majoria d&#8217;alumnat viu al barri, el servei d&#8217;autobusos de la l\u00ednia regular municipal t\u00e9 parada al carrer Astorga, a uns cinc minuts a peu des de l&#8217;escola.<\/span><\/p><\/p>\n<\/div><\/div>\n<\/div>\n","protected":false},"excerpt":{"rendered":"","protected":false},"author":1,"featured_media":0,"parent":0,"menu_order":0,"comment_status":"closed","ping_status":"closed","template":"","meta":{"_bbp_topic_count":0,"_bbp_reply_count":0,"_bbp_total_topic_count":0,"_bbp_total_reply_count":0,"_bbp_voice_count":0,"_bbp_anonymous_reply_count":0,"_bbp_topic_count_hidden":0,"_bbp_reply_count_hidden":0,"_bbp_forum_subforum_count":0,"site-sidebar-layout":"default","site-content-layout":"","ast-site-content-layout":"default","site-content-style":"default","site-sidebar-style":"default","ast-global-header-display":"","ast-banner-title-visibility":"","ast-main-header-display":"","ast-hfb-above-header-display":"","ast-hfb-below-header-display":"","ast-hfb-mobile-header-display":"","site-post-title":"","ast-breadcrumbs-content":"","ast-featured-img":"","footer-sml-layout":"","theme-transparent-header-meta":"","adv-header-id-meta":"","stick-header-meta":"","header-above-stick-meta":"","header-main-stick-meta":"","header-below-stick-meta":"","astra-migrate-meta-layouts":"set","ast-page-background-enabled":"default","ast-page-background-meta":{"desktop":{"background-color":"var(--ast-global-color-4)","background-image":"","background-repeat":"repeat","background-position":"center center","background-size":"auto","background-attachment":"scroll","background-type":"","background-media":"","overlay-type":"","overlay-color":"","overlay-opacity":"","overlay-gradient":""},"tablet":{"background-color":"","background-image":"","background-repeat":"repeat","background-position":"center center","background-size":"auto","background-attachment":"scroll","background-type":"","background-media":"","overlay-type":"","overlay-color":"","overlay-opacity":"","overlay-gradient":""},"mobile":{"background-color":"","background-image":"","background-repeat":"repeat","background-position":"center center","background-size":"auto","background-attachment":"scroll","background-type":"","background-media":"","overlay-type":"","overlay-color":"","overlay-opacity":"","overlay-gradient":""}},"ast-content-background-meta":{"desktop":{"background-color":"var(--ast-global-color-5)","background-image":"","background-repeat":"repeat","background-position":"center center","background-size":"auto","background-attachment":"scroll","background-type":"","background-media":"","overlay-type":"","overlay-color":"","overlay-opacity":"","overlay-gradient":""},"tablet":{"background-color":"var(--ast-global-color-5)","background-image":"","background-repeat":"repeat","background-position":"center center","background-size":"auto","background-attachment":"scroll","background-type":"","background-media":"","overlay-type":"","overlay-color":"","overlay-opacity":"","overlay-gradient":""},"mobile":{"background-color":"var(--ast-global-color-5)","background-image":"","background-repeat":"repeat","background-position":"center center","background-size":"auto","background-attachment":"scroll","background-type":"","background-media":"","overlay-type":"","overlay-color":"","overlay-opacity":"","overlay-gradient":""}},"footnotes":""},"class_list":["post-66","page","type-page","status-publish","hentry"],"post_mailing_queue_ids":[],"_links":{"self":[{"href":"https:\/\/agora.xtec.cat\/esc-sant-bernat-calbo-reus\/wp-json\/wp\/v2\/pages\/66","targetHints":{"allow":["GET"]}}],"collection":[{"href":"https:\/\/agora.xtec.cat\/esc-sant-bernat-calbo-reus\/wp-json\/wp\/v2\/pages"}],"about":[{"href":"https:\/\/agora.xtec.cat\/esc-sant-bernat-calbo-reus\/wp-json\/wp\/v2\/types\/page"}],"author":[{"embeddable":true,"href":"https:\/\/agora.xtec.cat\/esc-sant-bernat-calbo-reus\/wp-json\/wp\/v2\/users\/1"}],"replies":[{"embeddable":true,"href":"https:\/\/agora.xtec.cat\/esc-sant-bernat-calbo-reus\/wp-json\/wp\/v2\/comments?post=66"}],"version-history":[{"count":6,"href":"https:\/\/agora.xtec.cat\/esc-sant-bernat-calbo-reus\/wp-json\/wp\/v2\/pages\/66\/revisions"}],"predecessor-version":[{"id":8046,"href":"https:\/\/agora.xtec.cat\/esc-sant-bernat-calbo-reus\/wp-json\/wp\/v2\/pages\/66\/revisions\/8046"}],"wp:attachment":[{"href":"https:\/\/agora.xtec.cat\/esc-sant-bernat-calbo-reus\/wp-json\/wp\/v2\/media?parent=66"}],"curies":[{"name":"wp","href":"https:\/\/api.w.org\/{rel}","templated":true}]}}