{"id":5189,"date":"2022-02-08T12:37:43","date_gmt":"2022-02-08T11:37:43","guid":{"rendered":"https:\/\/agora.xtec.cat\/ceip-sant-bernat-calbo-reus\/?page_id=5189"},"modified":"2025-01-11T20:16:40","modified_gmt":"2025-01-11T19:16:40","slug":"conviure","status":"publish","type":"page","link":"https:\/\/agora.xtec.cat\/esc-sant-bernat-calbo-reus\/identitat-sbc\/conviure\/","title":{"rendered":"Conviure"},"content":{"rendered":"\n<ul class=\"wp-block-list\">\n<li class=\"has-medium-font-size\"><span style=\"font-weight: 400;\">Assegurar i garantir la participaci\u00f3, la implicaci\u00f3 i el comprom\u00eds de tota la comunitat escolar.<\/span><\/li>\n\n\n\n<li class=\"has-medium-font-size\"><span style=\"font-family: inherit; font-size: 1em;\">Ajudar cada alumne a relacionar-se amb si mateix, amb els altres i amb el m\u00f3n.<\/span><\/li>\n\n\n\n<li class=\"has-medium-font-size\"><span style=\"font-family: inherit; font-size: 1em;\">Potenciar l&#8217;equitat i el respecte a la diversitat de l&#8217;alumnat en un marc de valors compartits.<\/span><\/li>\n\n\n\n<li class=\"has-medium-font-size\"><span style=\"font-family: inherit; font-size: 1em;\">Fomentar la mediaci\u00f3 escolar i la cultura del di\u00e0leg com a eina b\u00e0sica en la gesti\u00f3 del conflicte.<\/span><\/li>\n\n\n\n<li class=\"has-medium-font-size\"><span style=\"font-family: inherit; font-size: 1em;\">Fomentar una cultura de la pau i la no-viol\u00e8ncia, juntament amb els valors que fan possible preservar i enriquir la vida de totes les persones.<\/span><\/li>\n<\/ul>\n\n\n\n<figure class=\"wp-block-table is-style-stripes\"><table><tbody><tr><td colspan=\"5\"><strong>PROTOCOLS PER A LA MILLORA DE LA CONVIV\u00c8NCIA<\/strong><\/td><\/tr><tr><td><a href=\"https:\/\/agora.xtec.cat\/ceip-sant-bernat-calbo-reus\/wp-content\/uploads\/usu124\/2022\/03\/Absentisme-escolar.pdf\">Absentisme escolar<\/a><\/td><td><a href=\"https:\/\/agora.xtec.cat\/ceip-sant-bernat-calbo-reus\/wp-content\/uploads\/usu124\/2022\/03\/Conflicte-greu.pdf\">Conflicte greu<\/a><\/td><td><a href=\"https:\/\/agora.xtec.cat\/ceip-sant-bernat-calbo-reus\/wp-content\/uploads\/usu124\/2022\/03\/Conductes-greument-perjudicials-per-a-la-convive\u0300ncia.pdf\">Conductes greument perjudicials per a la convive\u0300ncia<\/a><\/td><td><a href=\"https:\/\/agora.xtec.cat\/ceip-sant-bernat-calbo-reus\/wp-content\/uploads\/usu124\/2022\/03\/Conductes-odi-i-discriminacio.pdf\">Conductes odi i discriminaci\u00f3<\/a><\/td><td><a href=\"https:\/\/agora.xtec.cat\/ceip-sant-bernat-calbo-reus\/wp-content\/uploads\/usu124\/2022\/03\/Maltractament-infantil.png\">Maltractament infantil<\/a><\/td><\/tr><tr><td><a href=\"https:\/\/agora.xtec.cat\/ceip-sant-bernat-calbo-reus\/wp-content\/uploads\/usu124\/2022\/03\/Alumnat-transge\u0300nere.pdf\">Alumnat transge\u0300nere<\/a><\/td><td><a href=\"https:\/\/agora.xtec.cat\/ceip-sant-bernat-calbo-reus\/wp-content\/uploads\/usu124\/2022\/03\/Viole\u0300ncia-masclista-entre-alumnes.pdf\">Viole\u0300ncia masclista entre alumnes<\/a><\/td><td><a href=\"https:\/\/agora.xtec.cat\/ceip-sant-bernat-calbo-reus\/wp-content\/uploads\/usu124\/2022\/03\/Assetjament-persones-LGBT.pdf\">Assetjament persones LGBT<\/a><\/td><td><a href=\"https:\/\/agora.xtec.cat\/ceip-sant-bernat-calbo-reus\/wp-content\/uploads\/usu124\/2022\/03\/Assetjament-i-ciberassatjament.pdf\">Assetjament i ciberassatjament<\/a><\/td><td><a href=\"https:\/\/agora.xtec.cat\/ceip-sant-bernat-calbo-reus\/wp-content\/uploads\/usu124\/2022\/03\/Conflicte-o-infraccio\u0301-penal-_14-anys.png\">Conflicte o infracci\u00f3 pernal &lt;14anys<\/a><\/td><\/tr><\/tbody><\/table><\/figure>\n","protected":false},"excerpt":{"rendered":"<p>PROTOCOLS PER A LA MILLORA DE LA CONVIV\u00c8NCIA Absentisme escolar Conflicte greu Conductes greument perjudicials per a la convive\u0300ncia Conductes [&hellip;]<\/p>\n","protected":false},"author":1,"featured_media":0,"parent":5197,"menu_order":10,"comment_status":"closed","ping_status":"closed","template":"","meta":{"_bbp_topic_count":0,"_bbp_reply_count":0,"_bbp_total_topic_count":0,"_bbp_total_reply_count":0,"_bbp_voice_count":0,"_bbp_anonymous_reply_count":0,"_bbp_topic_count_hidden":0,"_bbp_reply_count_hidden":0,"_bbp_forum_subforum_count":0,"site-sidebar-layout":"default","site-content-layout":"","ast-site-content-layout":"default","site-content-style":"default","site-sidebar-style":"default","ast-global-header-display":"","ast-banner-title-visibility":"","ast-main-header-display":"","ast-hfb-above-header-display":"","ast-hfb-below-header-display":"","ast-hfb-mobile-header-display":"","site-post-title":"","ast-breadcrumbs-content":"","ast-featured-img":"","footer-sml-layout":"","theme-transparent-header-meta":"","adv-header-id-meta":"","stick-header-meta":"","header-above-stick-meta":"","header-main-stick-meta":"","header-below-stick-meta":"","astra-migrate-meta-layouts":"set","ast-page-background-enabled":"default","ast-page-background-meta":{"desktop":{"background-color":"var(--ast-global-color-4)","background-image":"","background-repeat":"repeat","background-position":"center center","background-size":"auto","background-attachment":"scroll","background-type":"","background-media":"","overlay-type":"","overlay-color":"","overlay-opacity":"","overlay-gradient":""},"tablet":{"background-color":"","background-image":"","background-repeat":"repeat","background-position":"center center","background-size":"auto","background-attachment":"scroll","background-type":"","background-media":"","overlay-type":"","overlay-color":"","overlay-opacity":"","overlay-gradient":""},"mobile":{"background-color":"","background-image":"","background-repeat":"repeat","background-position":"center center","background-size":"auto","background-attachment":"scroll","background-type":"","background-media":"","overlay-type":"","overlay-color":"","overlay-opacity":"","overlay-gradient":""}},"ast-content-background-meta":{"desktop":{"background-color":"var(--ast-global-color-5)","background-image":"","background-repeat":"repeat","background-position":"center center","background-size":"auto","background-attachment":"scroll","background-type":"","background-media":"","overlay-type":"","overlay-color":"","overlay-opacity":"","overlay-gradient":""},"tablet":{"background-color":"var(--ast-global-color-5)","background-image":"","background-repeat":"repeat","background-position":"center center","background-size":"auto","background-attachment":"scroll","background-type":"","background-media":"","overlay-type":"","overlay-color":"","overlay-opacity":"","overlay-gradient":""},"mobile":{"background-color":"var(--ast-global-color-5)","background-image":"","background-repeat":"repeat","background-position":"center center","background-size":"auto","background-attachment":"scroll","background-type":"","background-media":"","overlay-type":"","overlay-color":"","overlay-opacity":"","overlay-gradient":""}},"footnotes":""},"class_list":["post-5189","page","type-page","status-publish","hentry"],"post_mailing_queue_ids":[],"_links":{"self":[{"href":"https:\/\/agora.xtec.cat\/esc-sant-bernat-calbo-reus\/wp-json\/wp\/v2\/pages\/5189","targetHints":{"allow":["GET"]}}],"collection":[{"href":"https:\/\/agora.xtec.cat\/esc-sant-bernat-calbo-reus\/wp-json\/wp\/v2\/pages"}],"about":[{"href":"https:\/\/agora.xtec.cat\/esc-sant-bernat-calbo-reus\/wp-json\/wp\/v2\/types\/page"}],"author":[{"embeddable":true,"href":"https:\/\/agora.xtec.cat\/esc-sant-bernat-calbo-reus\/wp-json\/wp\/v2\/users\/1"}],"replies":[{"embeddable":true,"href":"https:\/\/agora.xtec.cat\/esc-sant-bernat-calbo-reus\/wp-json\/wp\/v2\/comments?post=5189"}],"version-history":[{"count":5,"href":"https:\/\/agora.xtec.cat\/esc-sant-bernat-calbo-reus\/wp-json\/wp\/v2\/pages\/5189\/revisions"}],"predecessor-version":[{"id":7620,"href":"https:\/\/agora.xtec.cat\/esc-sant-bernat-calbo-reus\/wp-json\/wp\/v2\/pages\/5189\/revisions\/7620"}],"up":[{"embeddable":true,"href":"https:\/\/agora.xtec.cat\/esc-sant-bernat-calbo-reus\/wp-json\/wp\/v2\/pages\/5197"}],"wp:attachment":[{"href":"https:\/\/agora.xtec.cat\/esc-sant-bernat-calbo-reus\/wp-json\/wp\/v2\/media?parent=5189"}],"curies":[{"name":"wp","href":"https:\/\/api.w.org\/{rel}","templated":true}]}}