{"id":36,"date":"2014-09-18T12:33:11","date_gmt":"2014-09-18T11:33:11","guid":{"rendered":"http:\/\/agora.xtec.cat\/ceip-sant-bernat-calbo-reus\/?page_id=36"},"modified":"2025-02-03T13:13:54","modified_gmt":"2025-02-03T12:13:54","slug":"material-escolar","status":"publish","type":"page","link":"https:\/\/agora.xtec.cat\/esc-sant-bernat-calbo-reus\/material-escolar\/","title":{"rendered":"Material escolar 24-25"},"content":{"rendered":"\n<p class=\"has-text-align-center\">&nbsp;<\/p>\n\n\n\n<p>us volem compartir on van a parar els diners de la quota, un cop iniciat el curs, que enguany \u00e9s de&nbsp;<strong>126\u20ac<\/strong>&nbsp;en el cas d&#8217;<strong>educaci\u00f3 infantil<\/strong>&nbsp;i de&nbsp;<strong>160\u20ac<\/strong>&nbsp;per a l&#8217;alumnat de&nbsp;<strong>prim\u00e0ria<\/strong>.<\/p>\n\n\n\n<p>1)&nbsp;<strong>Fam\u00edlies amb fills a educaci\u00f3 infantil<\/strong><strong>, quota de 126\u20ac.<\/strong><\/p>\n\n\n\n<p>Els&nbsp;<strong>126\u20ac<\/strong>&nbsp;inclouen:<\/p>\n\n\n\n<p>\u00b7 1 sortida cultural (teatre o audici\u00f3 musical): 7,5\u20ac<\/p>\n\n\n\n<p>\u00b7 gesti\u00f3 plataforma comunicaci\u00f3 (TPV): 2,5\u20ac<\/p>\n\n\n\n<p>\u00b7 material did\u00e0ctic i fungible, adquisici\u00f3 i renovaci\u00f3 de materials i recursos manipulatius: 116\u20ac<\/p>\n\n\n\n<p>2)<strong>&nbsp;Fam\u00edlies amb fills a prim\u00e0ria i que heu lliurat el val escolar<\/strong>&nbsp;(2 vals de 30\u20ac = 60\u20ac)&nbsp;<strong>a l&#8217;escola, la quota de 160\u20ac passa a ser de 100\u20ac.<\/strong><\/p>\n\n\n\n<p>Els&nbsp;<strong>60\u20ac<\/strong>&nbsp;que heu lliurat a l&#8217;escola cobreixen tot el&nbsp;<strong>material escolar i fungible<\/strong>&nbsp;de cada alumne\/a (carpetes, llibretes, llapis, gomes, cartolines, retoladors, colors\/retoladors, pegament, regles, materials per a pl\u00e0stica, material de festes del calendari festiu&#8230;).<\/p>\n\n\n\n<p>Els&nbsp;<strong>100\u20ac<\/strong>&nbsp;inclouen:<\/p>\n\n\n\n<p>\u00b7 3 llibres de text (<em>Lectogrup\/Rumiagrup\/Ortogrup<\/em>): 45\u20ac<\/p>\n\n\n\n<p>\u00b7 dossiers de situacions d&#8217;aprenentatge (editorial pr\u00f2pia): 15\u20ac<\/p>\n\n\n\n<p>\u00b7 agenda escolar personalitzada: 4\u20ac<\/p>\n\n\n\n<p>\u00b7 2 llibres de lectura (socialitzaci\u00f3 tert\u00falies liter\u00e0ries dial\u00f2giques i 30&#8242; lectura di\u00e0ria): 16\u20ac<\/p>\n\n\n\n<p>\u00b7 1 sortida cultural (teatre o audici\u00f3 musical): 7,5\u20ac<\/p>\n\n\n\n<p>\u00b7 gesti\u00f3 plataforma comunicaci\u00f3 (TPV): 2,5\u20ac<\/p>\n\n\n\n<p>\u00b7 adquisici\u00f3 i renovaci\u00f3 de materials i recursos manipulatius: 10\u20ac<\/p>\n\n\n\n<p>Per a qualsevol dubte o aclariment, no dubteu a posar-vos en contacte amb la direcci\u00f3.<\/p>\n\n\n\n<p><\/p>\n","protected":false},"excerpt":{"rendered":"<p>&nbsp; us volem compartir on van a parar els diners de la quota, un cop iniciat el curs, que enguany [&hellip;]<\/p>\n","protected":false},"author":1,"featured_media":0,"parent":0,"menu_order":20,"comment_status":"closed","ping_status":"closed","template":"page-templates\/side-menu.php","meta":{"_bbp_topic_count":0,"_bbp_reply_count":0,"_bbp_total_topic_count":0,"_bbp_total_reply_count":0,"_bbp_voice_count":0,"_bbp_anonymous_reply_count":0,"_bbp_topic_count_hidden":0,"_bbp_reply_count_hidden":0,"_bbp_forum_subforum_count":0,"site-sidebar-layout":"default","site-content-layout":"","ast-site-content-layout":"default","site-content-style":"default","site-sidebar-style":"default","ast-global-header-display":"","ast-banner-title-visibility":"","ast-main-header-display":"","ast-hfb-above-header-display":"","ast-hfb-below-header-display":"","ast-hfb-mobile-header-display":"","site-post-title":"","ast-breadcrumbs-content":"","ast-featured-img":"","footer-sml-layout":"","theme-transparent-header-meta":"","adv-header-id-meta":"","stick-header-meta":"","header-above-stick-meta":"","header-main-stick-meta":"","header-below-stick-meta":"","astra-migrate-meta-layouts":"set","ast-page-background-enabled":"default","ast-page-background-meta":{"desktop":{"background-color":"var(--ast-global-color-4)","background-image":"","background-repeat":"repeat","background-position":"center center","background-size":"auto","background-attachment":"scroll","background-type":"","background-media":"","overlay-type":"","overlay-color":"","overlay-opacity":"","overlay-gradient":""},"tablet":{"background-color":"","background-image":"","background-repeat":"repeat","background-position":"center center","background-size":"auto","background-attachment":"scroll","background-type":"","background-media":"","overlay-type":"","overlay-color":"","overlay-opacity":"","overlay-gradient":""},"mobile":{"background-color":"","background-image":"","background-repeat":"repeat","background-position":"center center","background-size":"auto","background-attachment":"scroll","background-type":"","background-media":"","overlay-type":"","overlay-color":"","overlay-opacity":"","overlay-gradient":""}},"ast-content-background-meta":{"desktop":{"background-color":"var(--ast-global-color-5)","background-image":"","background-repeat":"repeat","background-position":"center center","background-size":"auto","background-attachment":"scroll","background-type":"","background-media":"","overlay-type":"","overlay-color":"","overlay-opacity":"","overlay-gradient":""},"tablet":{"background-color":"var(--ast-global-color-5)","background-image":"","background-repeat":"repeat","background-position":"center center","background-size":"auto","background-attachment":"scroll","background-type":"","background-media":"","overlay-type":"","overlay-color":"","overlay-opacity":"","overlay-gradient":""},"mobile":{"background-color":"var(--ast-global-color-5)","background-image":"","background-repeat":"repeat","background-position":"center center","background-size":"auto","background-attachment":"scroll","background-type":"","background-media":"","overlay-type":"","overlay-color":"","overlay-opacity":"","overlay-gradient":""}},"footnotes":""},"class_list":["post-36","page","type-page","status-publish","hentry"],"post_mailing_queue_ids":[],"_links":{"self":[{"href":"https:\/\/agora.xtec.cat\/esc-sant-bernat-calbo-reus\/wp-json\/wp\/v2\/pages\/36","targetHints":{"allow":["GET"]}}],"collection":[{"href":"https:\/\/agora.xtec.cat\/esc-sant-bernat-calbo-reus\/wp-json\/wp\/v2\/pages"}],"about":[{"href":"https:\/\/agora.xtec.cat\/esc-sant-bernat-calbo-reus\/wp-json\/wp\/v2\/types\/page"}],"author":[{"embeddable":true,"href":"https:\/\/agora.xtec.cat\/esc-sant-bernat-calbo-reus\/wp-json\/wp\/v2\/users\/1"}],"replies":[{"embeddable":true,"href":"https:\/\/agora.xtec.cat\/esc-sant-bernat-calbo-reus\/wp-json\/wp\/v2\/comments?post=36"}],"version-history":[{"count":6,"href":"https:\/\/agora.xtec.cat\/esc-sant-bernat-calbo-reus\/wp-json\/wp\/v2\/pages\/36\/revisions"}],"predecessor-version":[{"id":8196,"href":"https:\/\/agora.xtec.cat\/esc-sant-bernat-calbo-reus\/wp-json\/wp\/v2\/pages\/36\/revisions\/8196"}],"wp:attachment":[{"href":"https:\/\/agora.xtec.cat\/esc-sant-bernat-calbo-reus\/wp-json\/wp\/v2\/media?parent=36"}],"curies":[{"name":"wp","href":"https:\/\/api.w.org\/{rel}","templated":true}]}}