{"id":26,"date":"2014-09-18T12:24:32","date_gmt":"2014-09-18T11:24:32","guid":{"rendered":"http:\/\/agora.xtec.cat\/ceip-sant-bernat-calbo-reus\/?page_id=26"},"modified":"2023-11-05T14:03:22","modified_gmt":"2023-11-05T13:03:22","slug":"historia","status":"publish","type":"page","link":"https:\/\/agora.xtec.cat\/esc-sant-bernat-calbo-reus\/lescola\/historia\/","title":{"rendered":"Hist\u00f2ria"},"content":{"rendered":"<p><a href=\"https:\/\/agora.xtec.cat\/esc-sant-bernat-calbo-reus\/wp-content\/uploads\/usu124\/2023\/11\/Evolucio-Logo-ESBC.png\"><img loading=\"lazy\" decoding=\"async\" class=\"alignnone size-large wp-image-6596\" src=\"https:\/\/agora.xtec.cat\/esc-sant-bernat-calbo-reus\/wp-content\/uploads\/usu124\/2023\/11\/Evolucio-Logo-ESBC-1024x256.png\" alt=\"\" width=\"1024\" height=\"256\" srcset=\"https:\/\/agora.xtec.cat\/esc-sant-bernat-calbo-reus\/wp-content\/uploads\/usu124\/2023\/11\/Evolucio-Logo-ESBC-1024x256.png 1024w, https:\/\/agora.xtec.cat\/esc-sant-bernat-calbo-reus\/wp-content\/uploads\/usu124\/2023\/11\/Evolucio-Logo-ESBC-300x75.png 300w, https:\/\/agora.xtec.cat\/esc-sant-bernat-calbo-reus\/wp-content\/uploads\/usu124\/2023\/11\/Evolucio-Logo-ESBC-768x192.png 768w, https:\/\/agora.xtec.cat\/esc-sant-bernat-calbo-reus\/wp-content\/uploads\/usu124\/2023\/11\/Evolucio-Logo-ESBC-1536x384.png 1536w, https:\/\/agora.xtec.cat\/esc-sant-bernat-calbo-reus\/wp-content\/uploads\/usu124\/2023\/11\/Evolucio-Logo-ESBC.png 1920w\" sizes=\"auto, (max-width: 1024px) 100vw, 1024px\" \/><\/a><\/p>\n<p style=\"text-align: justify;\"><span style=\"font-weight: 400;\">El centre p\u00fablic d\u2019ensenyament infantil i primari (CEIP) <\/span><b>Sant Bernat Calb\u00f3<\/b><span style=\"font-weight: 400;\"> de Reus va \u00e9sser inaugurat el curs escolar 1979-80. Fins un any abans, l\u2019\u00fanica escola existent al barri (Barri Montserrat) era el <\/span><i><span style=\"font-weight: 400;\">Colegio Nacional Montserrat<\/span><\/i><span style=\"font-weight: 400;\"> i estava formada per unes aules prefabricades ubicades en una zona amb\u00a0 context socioecon\u00f2mic i sociocultural format, majorit\u00e0riament, per poblaci\u00f3 treballadora i amb un elevat percentatge d\u2019immigraci\u00f3.\u00a0<\/span><\/p>\n<p style=\"text-align: justify;\"><span style=\"font-weight: 400;\">L\u2019increment de la natalitat de finals dels \u201870 i principis del \u201880 va fer que la poblaci\u00f3 escolar a la que hauria d\u2019acollir l\u2019escola no fos nom\u00e9s la procedent de fam\u00edlies de l\u2019entorn immediat, sin\u00f3 que degut a la manca de places escolars a la ciutat, s\u2019hagu\u00e9s d\u2019obrir les portes tamb\u00e9 a alumnat dels barris perif\u00e8rics propers i del mateix centre del municipi.\u00a0<\/span><\/p>\n<p style=\"text-align: justify;\"><span style=\"font-weight: 400;\">Durant uns anys, l\u2019Ajuntament de Reus va garantir el transport a tot aquell alumnat que havia de despla\u00e7ar-se fins a l\u2019escola, per\u00f2 aquest servei va desapar\u00e8ixer a principis dels \u201890, quan la reducci\u00f3 demogr\u00e0fica del moment va fer que l\u2019alumnat que es despla\u00e7ava fins al barri es pogu\u00e9s matricular als centres propers al seu domicili, i, en conseq\u00fc\u00e8ncia, result\u00e9s innecessari.<\/span><\/p>\n<p style=\"text-align: justify;\"><span style=\"font-weight: 400;\">L\u2019escola, que impartia ensenyaments corresponents a la prim\u00e0ria (antiga EGB), obre les seves portes per primer cop a l\u2019educaci\u00f3 infantil (2n cicle) el curs escolar 1990-91. Tamb\u00e9 canviaria la llengua estrangera que s\u2019impartia, passant del franc\u00e8s a l\u2019angl\u00e8s amb la reforma educativa que impulsava la LOGSE. El curs 1996-97 es va acomiadar a la darrera promoci\u00f3 d\u2019alumnes d\u2019EGB, al mateix temps que es donava la benvinguda a la primera de l\u2019educaci\u00f3 prim\u00e0ria.<\/span><\/p>\n<p style=\"text-align: justify;\"><span style=\"font-weight: 400;\">La nostra escola, al llarg dels seus darrers 30 anys, sempre ha estat considerada <\/span><i><span style=\"font-weight: 400;\">de dificultat especial<\/span><\/i><span style=\"font-weight: 400;\">, per part de l\u2019Adm\u00f3. educativa per la seva ubicaci\u00f3 en un entorn social i econo\u0300mic desfavorit. Aix\u00ed, per exemple, l\u2019Ordre de 10 de novembre de 1982, va situar l\u2019escola entre els centres amb la denominaci\u00f3 de <\/span><i><span style=\"font-weight: 400;\">centre d\u2019acci\u00f3 especial<\/span><\/i><span style=\"font-weight: 400;\"> (CAE). Uns anys m\u00e9s tard, l\u2019Ordre de 3 de setembre de 1996, va fer que el centre adopt\u00e9s la denominaci\u00f3 de <\/span><i><span style=\"font-weight: 400;\">centre d\u2019atenci\u00f3 educativa preferent <\/span><\/i><span style=\"font-weight: 400;\">(CAEP). Finalment, i m\u00e9s recentment, a la Resolucio\u0301 de 12 de maig de 2017, la nostra escola apareixia en la llista de centres educatius qualificats <\/span><i><span style=\"font-weight: 400;\">de ma\u0300xima complexitat<\/span><\/i><span style=\"font-weight: 400;\"> (CMC).<\/span><\/p>\n<p style=\"text-align: justify;\"><span style=\"font-weight: 400;\">L\u2019oferta educativa ha anat variant. Des de la seva inauguraci\u00f3 (amb 28 aules i amb 4 l\u00ednies a P4, P5 i 1r d\u2019EGB), passant per \u00e8poques de m\u00e0xima ocupaci\u00f3 (anys 1985 a 1988, amb 31 grups escolars), fins a arribar al curs 1989-90, en qu\u00e8 la nostra r\u00e0tio va comen\u00e7ar a reduir-se per situar-se en els 17 grups-classe (4 corresponents a l\u2019educaci\u00f3 infantil i 13 de prim\u00e0ria) de l\u2019actualitat.<\/span><\/p>\n<p style=\"text-align: justify;\"><span style=\"font-weight: 400;\">Aquests canvis en la poblaci\u00f3 escolar tamb\u00e9 han comportat haver de transformar les nostres instal\u00b7lacions; des de les ampliacions realitzades a l\u2019any 2000 per necessitats d\u2019espai, passant per la cessi\u00f3 d\u2019instal\u00b7lacions excedents a l\u2019Institut Josep Tapir\u00f3 -proper al nostre centre, en aquella \u00e8poca- o a la darrera construcci\u00f3 del nou edifici, al 2010, al c\/ Velers 83 -on ens trobem actualment, una mica m\u00e9s al nord d\u2019on estava situada l\u2019escola inicialment-.<\/span><\/p>\n<p style=\"text-align: justify;\" align=\"CENTER\"><span style=\"font-weight: 400;\">Finalment, l\u2019any 2018 i despr\u00e9s d\u2019una reivindicaci\u00f3 hist\u00f2rica, l\u2019escola recupera la \u201cv\u201d del seu nom: <\/span><b>Escola Sant Bernat Cal<\/b><b>v<\/b><b>\u00f3<\/b><span style=\"font-weight: 400;\">, fent honor (i just\u00edcia) a quelcom que mai no havia d\u2019haver perdut.<\/span><\/p>\n<p><span style=\"font-family: Arial;\"><span style=\"font-family: Arial, Helvetica, sans-serif; font-size: small;\">\u00a0<\/span><\/span><\/p>\n","protected":false},"excerpt":{"rendered":"<p>El centre p\u00fablic d\u2019ensenyament infantil i primari (CEIP) Sant Bernat Calb\u00f3 de Reus va \u00e9sser inaugurat el curs escolar 1979-80. [&hellip;]<\/p>\n","protected":false},"author":1,"featured_media":0,"parent":22,"menu_order":20,"comment_status":"closed","ping_status":"closed","template":"page-templates\/side-menu.php","meta":{"_bbp_topic_count":0,"_bbp_reply_count":0,"_bbp_total_topic_count":0,"_bbp_total_reply_count":0,"_bbp_voice_count":0,"_bbp_anonymous_reply_count":0,"_bbp_topic_count_hidden":0,"_bbp_reply_count_hidden":0,"_bbp_forum_subforum_count":0,"site-sidebar-layout":"default","site-content-layout":"","ast-site-content-layout":"","site-content-style":"default","site-sidebar-style":"default","ast-global-header-display":"","ast-banner-title-visibility":"","ast-main-header-display":"","ast-hfb-above-header-display":"","ast-hfb-below-header-display":"","ast-hfb-mobile-header-display":"","site-post-title":"","ast-breadcrumbs-content":"","ast-featured-img":"","footer-sml-layout":"","theme-transparent-header-meta":"","adv-header-id-meta":"","stick-header-meta":"","header-above-stick-meta":"","header-main-stick-meta":"","header-below-stick-meta":"","astra-migrate-meta-layouts":"default","ast-page-background-enabled":"default","ast-page-background-meta":{"desktop":{"background-color":"var(--ast-global-color-4)","background-image":"","background-repeat":"repeat","background-position":"center center","background-size":"auto","background-attachment":"scroll","background-type":"","background-media":"","overlay-type":"","overlay-color":"","overlay-opacity":"","overlay-gradient":""},"tablet":{"background-color":"","background-image":"","background-repeat":"repeat","background-position":"center center","background-size":"auto","background-attachment":"scroll","background-type":"","background-media":"","overlay-type":"","overlay-color":"","overlay-opacity":"","overlay-gradient":""},"mobile":{"background-color":"","background-image":"","background-repeat":"repeat","background-position":"center center","background-size":"auto","background-attachment":"scroll","background-type":"","background-media":"","overlay-type":"","overlay-color":"","overlay-opacity":"","overlay-gradient":""}},"ast-content-background-meta":{"desktop":{"background-color":"var(--ast-global-color-5)","background-image":"","background-repeat":"repeat","background-position":"center center","background-size":"auto","background-attachment":"scroll","background-type":"","background-media":"","overlay-type":"","overlay-color":"","overlay-opacity":"","overlay-gradient":""},"tablet":{"background-color":"var(--ast-global-color-5)","background-image":"","background-repeat":"repeat","background-position":"center center","background-size":"auto","background-attachment":"scroll","background-type":"","background-media":"","overlay-type":"","overlay-color":"","overlay-opacity":"","overlay-gradient":""},"mobile":{"background-color":"var(--ast-global-color-5)","background-image":"","background-repeat":"repeat","background-position":"center center","background-size":"auto","background-attachment":"scroll","background-type":"","background-media":"","overlay-type":"","overlay-color":"","overlay-opacity":"","overlay-gradient":""}},"footnotes":""},"class_list":["post-26","page","type-page","status-publish","hentry"],"post_mailing_queue_ids":[],"_links":{"self":[{"href":"https:\/\/agora.xtec.cat\/esc-sant-bernat-calbo-reus\/wp-json\/wp\/v2\/pages\/26","targetHints":{"allow":["GET"]}}],"collection":[{"href":"https:\/\/agora.xtec.cat\/esc-sant-bernat-calbo-reus\/wp-json\/wp\/v2\/pages"}],"about":[{"href":"https:\/\/agora.xtec.cat\/esc-sant-bernat-calbo-reus\/wp-json\/wp\/v2\/types\/page"}],"author":[{"embeddable":true,"href":"https:\/\/agora.xtec.cat\/esc-sant-bernat-calbo-reus\/wp-json\/wp\/v2\/users\/1"}],"replies":[{"embeddable":true,"href":"https:\/\/agora.xtec.cat\/esc-sant-bernat-calbo-reus\/wp-json\/wp\/v2\/comments?post=26"}],"version-history":[{"count":8,"href":"https:\/\/agora.xtec.cat\/esc-sant-bernat-calbo-reus\/wp-json\/wp\/v2\/pages\/26\/revisions"}],"predecessor-version":[{"id":6517,"href":"https:\/\/agora.xtec.cat\/esc-sant-bernat-calbo-reus\/wp-json\/wp\/v2\/pages\/26\/revisions\/6517"}],"up":[{"embeddable":true,"href":"https:\/\/agora.xtec.cat\/esc-sant-bernat-calbo-reus\/wp-json\/wp\/v2\/pages\/22"}],"wp:attachment":[{"href":"https:\/\/agora.xtec.cat\/esc-sant-bernat-calbo-reus\/wp-json\/wp\/v2\/media?parent=26"}],"curies":[{"name":"wp","href":"https:\/\/api.w.org\/{rel}","templated":true}]}}