{"id":28,"date":"2014-09-18T12:29:35","date_gmt":"2014-09-18T11:29:35","guid":{"rendered":"http:\/\/agora.xtec.cat\/esc-salvador-llobet\/?page_id=28"},"modified":"2024-07-10T20:57:44","modified_gmt":"2024-07-10T18:57:44","slug":"consell-escolar","status":"publish","type":"page","link":"https:\/\/agora.xtec.cat\/esc-salvador-llobet\/lescola\/consell-escolar\/","title":{"rendered":"Consell escolar"},"content":{"rendered":"<p>El consell escolar \u00e9s un \u00f2rgan de participaci\u00f3 del centre. Hi ha representats tots els col\u00b7lectius de la comunitat educativa: direcci\u00f3, mestres, fam\u00edlies i personal d&#8217;administraci\u00f3 i serveis. Els seus membres s\u00f3n elegits per un per\u00edode de quatre anys i es renoven per meitats cada dos anys. Interv\u00e9 en la presa de decisions dels temes importants per al funcionament i l&#8217;organitzaci\u00f3 de l&#8217;escola: el projecte educatiu, la programaci\u00f3 general, la gesti\u00f3 econ\u00f2mica, etc.<\/p>\n<p>Els membres del consell escolar s\u00f3n escollits per un per\u00edode de quatre anys. Durant el mes de novembre dels anys parells (cada dos anys) es renoven la meitat dels membres del consell mitjan\u00e7ant unes eleccions a l&#8217;escola. El Departament d&#8217;Educaci\u00f3, a causa de la situaci\u00f3 de la pand\u00e8mia a Catalunya, el curs passat va ajornar un any la convocat\u00f2ria d&#8217;eleccions per a la renovaci\u00f3 parcial dels consells escolars que s&#8217;hagu\u00e9s hagut de fer.<\/p>\n<p>Actualment, amb els resultats de les \u00faltimes eleccions celebrades al novembre del 2023, el nostre consell escolar est\u00e0 format per:<\/p>\n<ul>\n<li><strong>Equip directiu<\/strong>: Adela Salcedo, Maria Jos\u00e9 Cano i Miriam \u00c1lvarez<\/li>\n<li><strong>Mestres<\/strong>: Daniel Garc\u00eda, Judith Dom\u00ednguez, Raimon Raga<span style=\"font-family: inherit; font-size: 1em;\">, Meritxell Linares, Bel\u00e9n L\u00f3pez, Sergi Rueda.\u00a0<\/span><\/li>\n<li><strong>Personal d&#8217;administraci\u00f3 i serveis<\/strong>: Esteve Mart\u00ednez<\/li>\n<li><strong>Personal d&#8217;atenci\u00f3 educativa complement\u00e0ria<\/strong>: N\u00faria Gibert<\/li>\n<li><strong>Mares i pares de l&#8217;alumnat<\/strong>: Alicia L\u00f3pez, Jamila Aazibou, Mireia Cantero, Berta Dalmau, N\u00faria Corbinos, Sara Pareja<\/li>\n<li><strong>AFA<\/strong>: N\u00faria Feliu<\/li>\n<li><strong>Ajuntament<\/strong>: a concretar<\/li>\n<\/ul>\n<p><strong>Propera reuni\u00f3:<\/strong> Podeu fer arribar les vostres inquietuds als representants de les fam\u00edlies al consell escolar, que les comunicaran a la resta de membres el dia de la reuni\u00f3.<\/p>\n<p style=\"text-align: center;\"><a href=\"https:\/\/agora.xtec.cat\/esc-salvador-llobet\/wp-content\/uploads\/usu1646\/2020\/03\/ConselEscolar2.jpg\" target=\"_blank\" rel=\"noopener noreferrer\"><img loading=\"lazy\" decoding=\"async\" class=\"alignnone size-full wp-image-564\" src=\"https:\/\/agora.xtec.cat\/esc-salvador-llobet\/wp-content\/uploads\/usu1646\/2020\/03\/ConselEscolar2.jpg\" alt=\"\" width=\"236\" height=\"176\" srcset=\"https:\/\/agora.xtec.cat\/esc-salvador-llobet\/wp-content\/uploads\/usu1646\/2020\/03\/ConselEscolar2.jpg 236w, https:\/\/agora.xtec.cat\/esc-salvador-llobet\/wp-content\/uploads\/usu1646\/2020\/03\/ConselEscolar2-200x150.jpg 200w\" sizes=\"auto, (max-width: 236px) 100vw, 236px\" \/><\/a><\/p>\n","protected":false},"excerpt":{"rendered":"<p>El consell escolar \u00e9s un \u00f2rgan de participaci\u00f3 del centre. Hi ha representats tots els col\u00b7lectius de la comunitat educativa: direcci\u00f3, mestres, fam\u00edlies i personal d&#8217;administraci\u00f3 i serveis. Els seus membres s\u00f3n elegits per un per\u00edode de quatre anys i es renoven per meitats cada dos anys. Interv\u00e9 en la presa de decisions dels temes [&hellip;]<\/p>\n","protected":false},"author":1,"featured_media":0,"parent":22,"menu_order":30,"comment_status":"closed","ping_status":"closed","template":"page-templates\/side-menu.php","meta":{"_bbp_topic_count":0,"_bbp_reply_count":0,"_bbp_total_topic_count":0,"_bbp_total_reply_count":0,"_bbp_voice_count":0,"_bbp_anonymous_reply_count":0,"_bbp_topic_count_hidden":0,"_bbp_reply_count_hidden":0,"_bbp_forum_subforum_count":0,"site-sidebar-layout":"default","site-content-layout":"","ast-site-content-layout":"","site-content-style":"default","site-sidebar-style":"default","ast-global-header-display":"","ast-banner-title-visibility":"","ast-main-header-display":"","ast-hfb-above-header-display":"","ast-hfb-below-header-display":"","ast-hfb-mobile-header-display":"","site-post-title":"","ast-breadcrumbs-content":"","ast-featured-img":"","footer-sml-layout":"","theme-transparent-header-meta":"","adv-header-id-meta":"","stick-header-meta":"","header-above-stick-meta":"","header-main-stick-meta":"","header-below-stick-meta":"","astra-migrate-meta-layouts":"default","ast-page-background-enabled":"default","ast-page-background-meta":{"desktop":{"background-color":"var(--ast-global-color-4)","background-image":"","background-repeat":"repeat","background-position":"center center","background-size":"auto","background-attachment":"scroll","background-type":"","background-media":"","overlay-type":"","overlay-color":"","overlay-opacity":"","overlay-gradient":""},"tablet":{"background-color":"","background-image":"","background-repeat":"repeat","background-position":"center center","background-size":"auto","background-attachment":"scroll","background-type":"","background-media":"","overlay-type":"","overlay-color":"","overlay-opacity":"","overlay-gradient":""},"mobile":{"background-color":"","background-image":"","background-repeat":"repeat","background-position":"center center","background-size":"auto","background-attachment":"scroll","background-type":"","background-media":"","overlay-type":"","overlay-color":"","overlay-opacity":"","overlay-gradient":""}},"ast-content-background-meta":{"desktop":{"background-color":"var(--ast-global-color-5)","background-image":"","background-repeat":"repeat","background-position":"center center","background-size":"auto","background-attachment":"scroll","background-type":"","background-media":"","overlay-type":"","overlay-color":"","overlay-opacity":"","overlay-gradient":""},"tablet":{"background-color":"var(--ast-global-color-5)","background-image":"","background-repeat":"repeat","background-position":"center center","background-size":"auto","background-attachment":"scroll","background-type":"","background-media":"","overlay-type":"","overlay-color":"","overlay-opacity":"","overlay-gradient":""},"mobile":{"background-color":"var(--ast-global-color-5)","background-image":"","background-repeat":"repeat","background-position":"center center","background-size":"auto","background-attachment":"scroll","background-type":"","background-media":"","overlay-type":"","overlay-color":"","overlay-opacity":"","overlay-gradient":""}},"footnotes":""},"class_list":["post-28","page","type-page","status-publish","hentry"],"post_mailing_queue_ids":[],"_links":{"self":[{"href":"https:\/\/agora.xtec.cat\/esc-salvador-llobet\/wp-json\/wp\/v2\/pages\/28","targetHints":{"allow":["GET"]}}],"collection":[{"href":"https:\/\/agora.xtec.cat\/esc-salvador-llobet\/wp-json\/wp\/v2\/pages"}],"about":[{"href":"https:\/\/agora.xtec.cat\/esc-salvador-llobet\/wp-json\/wp\/v2\/types\/page"}],"author":[{"embeddable":true,"href":"https:\/\/agora.xtec.cat\/esc-salvador-llobet\/wp-json\/wp\/v2\/users\/1"}],"replies":[{"embeddable":true,"href":"https:\/\/agora.xtec.cat\/esc-salvador-llobet\/wp-json\/wp\/v2\/comments?post=28"}],"version-history":[{"count":6,"href":"https:\/\/agora.xtec.cat\/esc-salvador-llobet\/wp-json\/wp\/v2\/pages\/28\/revisions"}],"predecessor-version":[{"id":2796,"href":"https:\/\/agora.xtec.cat\/esc-salvador-llobet\/wp-json\/wp\/v2\/pages\/28\/revisions\/2796"}],"up":[{"embeddable":true,"href":"https:\/\/agora.xtec.cat\/esc-salvador-llobet\/wp-json\/wp\/v2\/pages\/22"}],"wp:attachment":[{"href":"https:\/\/agora.xtec.cat\/esc-salvador-llobet\/wp-json\/wp\/v2\/media?parent=28"}],"curies":[{"name":"wp","href":"https:\/\/api.w.org\/{rel}","templated":true}]}}