{"id":71,"date":"2014-09-18T12:44:56","date_gmt":"2014-09-18T11:44:56","guid":{"rendered":"http:\/\/agora.xtec.cat\/esc-rmuntanerlh\/?page_id=71"},"modified":"2025-01-20T12:58:03","modified_gmt":"2025-01-20T11:58:03","slug":"serveis-digitals","status":"publish","type":"page","link":"https:\/\/agora.xtec.cat\/esc-rmuntanerlh\/serveis\/serveis-digitals\/","title":{"rendered":"Serveis digitals"},"content":{"rendered":"<p data-pm-slice=\"1 1 []\">L&#8217;oferta de serveis digitals constitueix un element molt important de l&#8217;educaci\u00f3 d&#8217;un centre educatiu, ja que facilita la comunicaci\u00f3, la gesti\u00f3 educativa i l&#8217;aprenentatge dels alumnes d&#8217;una manera m\u00e9s efica\u00e7 i din\u00e0mica. Amb l&#8217;augment de l&#8217;\u00fas de la tecnologia a l&#8217;aula, aquests serveis permeten una millor organitzaci\u00f3 i seguiment de les activitats educatives, a m\u00e9s de proporcionar eines per a fomentar una comunicaci\u00f3 m\u00e9s fluida entre tots els membres de la comunitat educativa. A la nostra escola, apostem per la implementaci\u00f3 de diverses eines digitals que ajuden a millorar l&#8217;experi\u00e8ncia educativa. Els serveis digitals amb els quals treballem s\u00f3n els seg\u00fcents:<\/p>\n<p>1.\u00a0\u00a0\u00a0\u00a0\u00a0 <strong><em>App Dinant<a href=\"https:\/\/agora.xtec.cat\/esc-rmuntanerlh\/wp-content\/uploads\/usu2174\/2025\/01\/descarga.png\"><img loading=\"lazy\" decoding=\"async\" class=\"wp-image-6744 alignright\" src=\"https:\/\/agora.xtec.cat\/esc-rmuntanerlh\/wp-content\/uploads\/usu2174\/2025\/01\/descarga.png\" alt=\"\" width=\"284\" height=\"62\" srcset=\"https:\/\/agora.xtec.cat\/esc-rmuntanerlh\/wp-content\/uploads\/usu2174\/2025\/01\/descarga.png 481w, https:\/\/agora.xtec.cat\/esc-rmuntanerlh\/wp-content\/uploads\/usu2174\/2025\/01\/descarga-300x65.png 300w\" sizes=\"auto, (max-width: 284px) 100vw, 284px\" \/><\/a>ia:<\/em><\/strong> Aquesta aplicaci\u00f3 est\u00e0 dissenyada per a agilitzar la comunicaci\u00f3 entre les fam\u00edlies i el professor de manera r\u00e0pida, senzilla i directa. Amb aquesta aplicaci\u00f3, les fam\u00edlies poden rebre notificacions immediates sobre els avan\u00e7os acad\u00e8mics dels seus fills, les activitats i esdeveniments que es realitzen en el centre. Aquesta eina tamb\u00e9 ajuda a reduir la depend\u00e8ncia del paper, promovent un entorn m\u00e9s sostenible i tecnol\u00f2gic.<a href=\"https:\/\/agora.xtec.cat\/esc-rmuntanerlh\/wp-content\/uploads\/usu2174\/2025\/01\/descarga-2.png\"><img loading=\"lazy\" decoding=\"async\" class=\" wp-image-6745 alignright\" src=\"https:\/\/agora.xtec.cat\/esc-rmuntanerlh\/wp-content\/uploads\/usu2174\/2025\/01\/descarga-2.png\" alt=\"\" width=\"162\" height=\"92\" \/><\/a><\/p>\n<p>2.\u00a0\u00a0\u00a0\u00a0\u00a0 <strong>Blogs del curs<\/strong>: A trav\u00e9s dels blogs ubicats en el nostre lloc web, compartim les tasques significatives que duem a terme al centre. Els blogs s\u00f3n una finestra oberta a les activitats di\u00e0ries, projectes i esdeveniments especials, fomentant la participaci\u00f3 i la transpar\u00e8ncia.<\/p>\n<p>3.\u00a0\u00a0\u00a0\u00a0\u00a0 <strong>Entorn Virtual d&#8217;Aprenentatge (EVA)<\/strong>: Basat en la plataforma Moodle, la nostra Eva \u00e9s una eina essencial per a l&#8217;aprenentatge en l\u00ednia. Els estudiants poden accedir a materials did\u00e0ctics, realitzar activitats, participar en f\u00f2rums de discussi\u00f3 i entregar tasques de manera digital. Podeu trobar m\u00e9s informaci\u00f3 i\u00a0accedir a la nostra EVA a trav\u00e9s del seg\u00fcent <a style=\"font-family: inherit; font-size: 1em;\" href=\"https:\/\/educaciodigital.cat\/esc-rmuntanerlh\/moodle\/\">enlla\u00e7<\/a><span style=\"font-family: inherit; font-size: 1em;\">.<\/span><\/p>\n<p><img loading=\"lazy\" decoding=\"async\" class=\"wp-image-6746 aligncenter\" style=\"border: none; color: #2795b6;\" src=\"https:\/\/agora.xtec.cat\/esc-rmuntanerlh\/wp-content\/uploads\/usu2174\/2025\/01\/descarga-1.png\" alt=\"\" width=\"212\" height=\"109\" srcset=\"https:\/\/agora.xtec.cat\/esc-rmuntanerlh\/wp-content\/uploads\/usu2174\/2025\/01\/descarga-1.png 314w, https:\/\/agora.xtec.cat\/esc-rmuntanerlh\/wp-content\/uploads\/usu2174\/2025\/01\/descarga-1-300x154.png 300w\" sizes=\"auto, (max-width: 212px) 100vw, 212px\" \/><\/p>\n","protected":false},"excerpt":{"rendered":"<p>L&#8217;oferta de serveis digitals constitueix un element molt important de l&#8217;educaci\u00f3 d&#8217;un centre educatiu, ja que facilita la comunicaci\u00f3, la gesti\u00f3 educativa i l&#8217;aprenentatge dels alumnes d&#8217;una manera m\u00e9s efica\u00e7 i din\u00e0mica. Amb l&#8217;augment de l&#8217;\u00fas de la tecnologia a l&#8217;aula, aquests serveis permeten una millor organitzaci\u00f3 i seguiment de les activitats educatives, a m\u00e9s [&hellip;]<\/p>\n","protected":false},"author":1,"featured_media":0,"parent":66,"menu_order":10,"comment_status":"closed","ping_status":"closed","template":"page-templates\/side-menu.php","meta":{"_bbp_topic_count":0,"_bbp_reply_count":0,"_bbp_total_topic_count":0,"_bbp_total_reply_count":0,"_bbp_voice_count":0,"_bbp_anonymous_reply_count":0,"_bbp_topic_count_hidden":0,"_bbp_reply_count_hidden":0,"_bbp_forum_subforum_count":0,"site-sidebar-layout":"default","site-content-layout":"","ast-site-content-layout":"","site-content-style":"default","site-sidebar-style":"default","ast-global-header-display":"","ast-banner-title-visibility":"","ast-main-header-display":"","ast-hfb-above-header-display":"","ast-hfb-below-header-display":"","ast-hfb-mobile-header-display":"","site-post-title":"","ast-breadcrumbs-content":"","ast-featured-img":"","footer-sml-layout":"","theme-transparent-header-meta":"","adv-header-id-meta":"","stick-header-meta":"","header-above-stick-meta":"","header-main-stick-meta":"","header-below-stick-meta":"","astra-migrate-meta-layouts":"default","ast-page-background-enabled":"default","ast-page-background-meta":{"desktop":{"background-color":"var(--ast-global-color-4)","background-image":"","background-repeat":"repeat","background-position":"center center","background-size":"auto","background-attachment":"scroll","background-type":"","background-media":"","overlay-type":"","overlay-color":"","overlay-opacity":"","overlay-gradient":""},"tablet":{"background-color":"","background-image":"","background-repeat":"repeat","background-position":"center center","background-size":"auto","background-attachment":"scroll","background-type":"","background-media":"","overlay-type":"","overlay-color":"","overlay-opacity":"","overlay-gradient":""},"mobile":{"background-color":"","background-image":"","background-repeat":"repeat","background-position":"center center","background-size":"auto","background-attachment":"scroll","background-type":"","background-media":"","overlay-type":"","overlay-color":"","overlay-opacity":"","overlay-gradient":""}},"ast-content-background-meta":{"desktop":{"background-color":"var(--ast-global-color-5)","background-image":"","background-repeat":"repeat","background-position":"center center","background-size":"auto","background-attachment":"scroll","background-type":"","background-media":"","overlay-type":"","overlay-color":"","overlay-opacity":"","overlay-gradient":""},"tablet":{"background-color":"var(--ast-global-color-5)","background-image":"","background-repeat":"repeat","background-position":"center center","background-size":"auto","background-attachment":"scroll","background-type":"","background-media":"","overlay-type":"","overlay-color":"","overlay-opacity":"","overlay-gradient":""},"mobile":{"background-color":"var(--ast-global-color-5)","background-image":"","background-repeat":"repeat","background-position":"center center","background-size":"auto","background-attachment":"scroll","background-type":"","background-media":"","overlay-type":"","overlay-color":"","overlay-opacity":"","overlay-gradient":""}},"footnotes":""},"class_list":["post-71","page","type-page","status-publish","hentry"],"post_mailing_queue_ids":[],"_links":{"self":[{"href":"https:\/\/agora.xtec.cat\/esc-rmuntanerlh\/wp-json\/wp\/v2\/pages\/71","targetHints":{"allow":["GET"]}}],"collection":[{"href":"https:\/\/agora.xtec.cat\/esc-rmuntanerlh\/wp-json\/wp\/v2\/pages"}],"about":[{"href":"https:\/\/agora.xtec.cat\/esc-rmuntanerlh\/wp-json\/wp\/v2\/types\/page"}],"author":[{"embeddable":true,"href":"https:\/\/agora.xtec.cat\/esc-rmuntanerlh\/wp-json\/wp\/v2\/users\/1"}],"replies":[{"embeddable":true,"href":"https:\/\/agora.xtec.cat\/esc-rmuntanerlh\/wp-json\/wp\/v2\/comments?post=71"}],"version-history":[{"count":4,"href":"https:\/\/agora.xtec.cat\/esc-rmuntanerlh\/wp-json\/wp\/v2\/pages\/71\/revisions"}],"predecessor-version":[{"id":6747,"href":"https:\/\/agora.xtec.cat\/esc-rmuntanerlh\/wp-json\/wp\/v2\/pages\/71\/revisions\/6747"}],"up":[{"embeddable":true,"href":"https:\/\/agora.xtec.cat\/esc-rmuntanerlh\/wp-json\/wp\/v2\/pages\/66"}],"wp:attachment":[{"href":"https:\/\/agora.xtec.cat\/esc-rmuntanerlh\/wp-json\/wp\/v2\/media?parent=71"}],"curies":[{"name":"wp","href":"https:\/\/api.w.org\/{rel}","templated":true}]}}