{"id":542,"date":"2020-05-14T13:36:48","date_gmt":"2020-05-14T11:36:48","guid":{"rendered":"https:\/\/agora.xtec.cat\/esc-rmuntanerlh\/?page_id=542"},"modified":"2025-02-10T09:27:51","modified_gmt":"2025-02-10T08:27:51","slug":"atencio-a-la-diversitat","status":"publish","type":"page","link":"https:\/\/agora.xtec.cat\/esc-rmuntanerlh\/projecte-educatiu\/atencio-a-la-diversitat\/","title":{"rendered":"Atenci\u00f3 a la diversitat"},"content":{"rendered":"<p><a href=\"https:\/\/agora.xtec.cat\/esc-rmuntanerlh\/wp-content\/uploads\/usu2174\/2025\/01\/Sin-titulo.png\"><img loading=\"lazy\" decoding=\"async\" class=\" wp-image-6804 alignleft\" src=\"https:\/\/agora.xtec.cat\/esc-rmuntanerlh\/wp-content\/uploads\/usu2174\/2025\/01\/Sin-titulo.png\" alt=\"\" width=\"398\" height=\"298\" srcset=\"https:\/\/agora.xtec.cat\/esc-rmuntanerlh\/wp-content\/uploads\/usu2174\/2025\/01\/Sin-titulo.png 920w, https:\/\/agora.xtec.cat\/esc-rmuntanerlh\/wp-content\/uploads\/usu2174\/2025\/01\/Sin-titulo-300x224.png 300w, https:\/\/agora.xtec.cat\/esc-rmuntanerlh\/wp-content\/uploads\/usu2174\/2025\/01\/Sin-titulo-768x574.png 768w, https:\/\/agora.xtec.cat\/esc-rmuntanerlh\/wp-content\/uploads\/usu2174\/2025\/01\/Sin-titulo-200x150.png 200w\" sizes=\"auto, (max-width: 398px) 100vw, 398px\" \/><\/a><\/p>\n<p>&nbsp;<\/p>\n<p>A la nostra escola creiem fermament en una <u>educaci\u00f3 inclusiva, equitativa i de qualitat per a tot l\u2019alumnat. <\/u>L\u2019atenci\u00f3 a la diversitat \u00e9s un dels nostres pilars fonamentals, i treballem dia a dia perqu\u00e8 cada nen i nena tingui les mateixes oportunitats d\u2019aprenentatge, respectant i valorant la seva singularitat.<\/p>\n<p>&nbsp;<\/p>\n<p><strong><u>Un Curr\u00edculum Inclusiu i Equitatiu<\/u><\/strong><\/p>\n<p>El 17 d\u2019octubre de 2017 s\u2019aprova el <a href=\"https:\/\/dogc.gencat.cat\/ca\/pdogc_canals_interns\/pdogc_resultats_fitxa\/?action=fitxa&amp;documentId=799722&amp;language=ca_ES\" target=\"_blank\" rel=\"noopener noreferrer nofollow\"><u>Decret 150\/2017<\/u><\/a> de l\u2019atenci\u00f3 educativa a l\u2019alumnat en el marc d\u2019un sistema educatiu inclusiu, que t\u00e9 per objecte garantir que tots els centres educatius sostinguts amb fons p\u00fablics dins l\u2019\u00e0mbit de l\u2019ensenyament no universitari siguin inclusius. Seguint les directrius del curr\u00edculum educatiu de Catalunya, implementem estrat\u00e8gies per garantir que tots els infants rebin una educaci\u00f3 adaptada a les seves necessitats. Apliquem suports addicionals i intensius per afavorir el progr\u00e9s de l\u2019alumnat amb necessitats educatives especials (NEE), dificultats d\u2019aprenentatge o que es trobin en situacions de risc d\u2019exclusi\u00f3.<\/p>\n<p><strong><u>Metodologies que afavoreixen la Inclusi\u00f3<\/u><\/strong><\/p>\n<p>Per garantir un aprenentatge significatiu per a tothom, apostem per metodologies actives i flexibles com el treball cooperatiu i\u00a0els projectes interdisciplinaris.<\/p>\n<p>La mestra d\u2019atenci\u00f3 a la diversitat\u00a0t\u00e9 un paper clau en l\u2019atenci\u00f3 a la diversitat dins l\u2019escola. La seva funci\u00f3 principal \u00e9s donar suport a l\u2019alumnat que necessiti una atenci\u00f3 m\u00e9s individualitzada i refor\u00e7ar les seves habilitats d\u2019aprenentatge. Algunes de les seves accions m\u00e9s destacades s\u00f3n:<\/p>\n<ul>\n<li><strong>Detecci\u00f3 i Avaluaci\u00f3<\/strong>: Col\u00b7labora amb l\u2019equip docent i l\u2019orientaci\u00f3 educativa per identificar les necessitats espec\u00edfiques de l\u2019alumnat.<\/li>\n<li><strong>Suport a l\u2019Aula i Intervenci\u00f3 Individualitzada<\/strong>: Treballa directament amb els infants, tant dins l\u2019aula ordin\u00e0ria com en espais espec\u00edfics, per refor\u00e7ar els aprenentatges.<\/li>\n<li><strong>Coordinaci\u00f3 amb Fam\u00edlies i Professionals Externs<\/strong>: Mant\u00e9 una comunicaci\u00f3 constant amb les fam\u00edlies i amb serveis externs (EAP, logopedes, psic\u00f2legs, etc.) per assegurar una atenci\u00f3 global.<\/li>\n<li><strong>Foment de l\u2019Autonomia i la Inclusi\u00f3<\/strong>: Treballa per garantir que tots els infants participin plenament en la vida escolar i social del centre.<\/li>\n<\/ul>\n<p><strong><u>Equip de Suport i Recursos per a l\u2019Atenci\u00f3 a la Diversitat<\/u><\/strong><\/p>\n<p>El nostre equip de suport psicopedag\u00f2gic est\u00e0 format per una especialista en atenci\u00f3 a la diversitat i un psicopedagog\/a de l\u2019EAP que\u00a0acompanya alumnes, docents i fam\u00edlies en tot el proc\u00e9s d\u2019aprenentatge i desenvolupament personal. A m\u00e9s, rebem l\u2019atenci\u00f3 del CREDA per casos espec\u00edfics. Col\u00b7laborem amb serveis externs per garantir el benestar i la inclusi\u00f3 de tot l\u2019alumnat.<\/p>\n<p style=\"text-align: center;\"><strong>Creiem en una escola on tothom hi t\u00e9 cabuda, on cada infant pot cr\u00e9ixer i aprendre segons les seves necessitats i potencialitats. Perqu\u00e8 la diversitat ens enriqueix i ens fa millors!<\/strong><\/p>\n","protected":false},"excerpt":{"rendered":"<p><a href=\"https:\/\/agora.xtec.cat\/esc-rmuntanerlh\/wp-content\/uploads\/usu2174\/2025\/01\/Sin-titulo.png\"><\/a><br \/>\n&nbsp;<br \/>\nA la nostra escola creiem fermament en una educaci\u00f3 inclusiva, equitativa i de qualitat per a tot l\u2019alumnat. L\u2019atenci\u00f3 a la diversitat \u00e9s un dels nostres pilars fonamentals, i treballem dia a dia perqu\u00e8 cada nen i nena tingui les mateixes oportunitats d\u2019aprenentatge, respectant&hellip;  <a href=\"https:\/\/agora.xtec.cat\/esc-rmuntanerlh\/projecte-educatiu\/atencio-a-la-diversitat\/\" title=\"Read Atenci\u00f3 a la diversitat\">Llegeix m\u00e9s\u00bb<\/a><\/p>\n","protected":false},"author":4,"featured_media":0,"parent":64,"menu_order":15,"comment_status":"closed","ping_status":"closed","template":"page-templates\/side-menu.php","meta":{"_bbp_topic_count":0,"_bbp_reply_count":0,"_bbp_total_topic_count":0,"_bbp_total_reply_count":0,"_bbp_voice_count":0,"_bbp_anonymous_reply_count":0,"_bbp_topic_count_hidden":0,"_bbp_reply_count_hidden":0,"_bbp_forum_subforum_count":0,"footnotes":""},"class_list":["post-542","page","type-page","status-publish","hentry"],"post_mailing_queue_ids":[],"_links":{"self":[{"href":"https:\/\/agora.xtec.cat\/esc-rmuntanerlh\/wp-json\/wp\/v2\/pages\/542","targetHints":{"allow":["GET"]}}],"collection":[{"href":"https:\/\/agora.xtec.cat\/esc-rmuntanerlh\/wp-json\/wp\/v2\/pages"}],"about":[{"href":"https:\/\/agora.xtec.cat\/esc-rmuntanerlh\/wp-json\/wp\/v2\/types\/page"}],"author":[{"embeddable":true,"href":"https:\/\/agora.xtec.cat\/esc-rmuntanerlh\/wp-json\/wp\/v2\/users\/4"}],"replies":[{"embeddable":true,"href":"https:\/\/agora.xtec.cat\/esc-rmuntanerlh\/wp-json\/wp\/v2\/comments?post=542"}],"version-history":[{"count":7,"href":"https:\/\/agora.xtec.cat\/esc-rmuntanerlh\/wp-json\/wp\/v2\/pages\/542\/revisions"}],"predecessor-version":[{"id":6915,"href":"https:\/\/agora.xtec.cat\/esc-rmuntanerlh\/wp-json\/wp\/v2\/pages\/542\/revisions\/6915"}],"up":[{"embeddable":true,"href":"https:\/\/agora.xtec.cat\/esc-rmuntanerlh\/wp-json\/wp\/v2\/pages\/64"}],"wp:attachment":[{"href":"https:\/\/agora.xtec.cat\/esc-rmuntanerlh\/wp-json\/wp\/v2\/media?parent=542"}],"curies":[{"name":"wp","href":"https:\/\/api.w.org\/{rel}","templated":true}]}}