{"id":519,"date":"2020-05-14T13:17:47","date_gmt":"2020-05-14T11:17:47","guid":{"rendered":"https:\/\/agora.xtec.cat\/esc-rmuntanerlh\/?page_id=519"},"modified":"2025-01-21T21:04:33","modified_gmt":"2025-01-21T20:04:33","slug":"pec","status":"publish","type":"page","link":"https:\/\/agora.xtec.cat\/esc-rmuntanerlh\/projecte-educatiu\/pec\/","title":{"rendered":"PEC"},"content":{"rendered":"<p>El <strong>Projecte Educatiu de Centre<\/strong> recull la identitat del centre tenint en compte les caracteri\u0301stiques socials i culturals del context escolar, n\u2019explicita els objectius, n\u2019orienta l\u2019activitat i hi do\u0301na sentit amb la finalitat que els alumnes assoleixin les compete\u0300ncies ba\u0300siques i el ma\u0300xim aprofitament educatiu, assegurant la participacio\u0301 de tots els alumnes en els entorns escolars, independentment de llurs condicions i capacitats.<\/p>\n<p>Aqu\u00ed teniu el <a href=\"https:\/\/agora.xtec.cat\/esc-rmuntanerlh\/docs\/\">PEC<\/a> de la nostra escola.<\/p>\n<p><strong>PGA: Programaci\u00f3 General Anual<\/strong><\/p>\n<p>La Programaci\u00f3 General Anual (PGA) \u00e9s el document que concreta, a partir del PEC, les actuacions concretes per a cada curs, basant-se en les tres l\u00ednies de millora del centre:<\/p>\n<ul>\n<li>Millora dels resultats educatius<\/li>\n<li>Millora de la cohesi\u00f3 i consolidaci\u00f3 del Projecte Educatiu de Centre<\/li>\n<li>Millora de la gesti\u00f3<\/li>\n<\/ul>\n<p>La PGA \u00e9s valorada al final de cada curs\u00a0 pels diferents agents de l\u2019escola, creant la Mem\u00f2ria del curs, on es recullen les actuacions fetes i pendents, a partir dels indicadors d\u2019avaluaci\u00f3 previstos a principi de curs.<\/p>\n","protected":false},"excerpt":{"rendered":"<p>El Projecte Educatiu de Centre recull la identitat del centre tenint en compte les caracteri\u0301stiques socials i culturals del context escolar, n\u2019explicita els objectius, n\u2019orienta l\u2019activitat i hi do\u0301na sentit amb la finalitat que els alumnes assoleixin les compete\u0300ncies ba\u0300siques i el ma\u0300xim aprofitament educatiu,&hellip;  <a href=\"https:\/\/agora.xtec.cat\/esc-rmuntanerlh\/projecte-educatiu\/pec\/\" title=\"Read PEC\">Llegeix m\u00e9s\u00bb<\/a><\/p>\n","protected":false},"author":4,"featured_media":0,"parent":64,"menu_order":100,"comment_status":"closed","ping_status":"closed","template":"page-templates\/side-menu.php","meta":{"_bbp_topic_count":0,"_bbp_reply_count":0,"_bbp_total_topic_count":0,"_bbp_total_reply_count":0,"_bbp_voice_count":0,"_bbp_anonymous_reply_count":0,"_bbp_topic_count_hidden":0,"_bbp_reply_count_hidden":0,"_bbp_forum_subforum_count":0,"footnotes":""},"class_list":["post-519","page","type-page","status-publish","hentry"],"post_mailing_queue_ids":[],"_links":{"self":[{"href":"https:\/\/agora.xtec.cat\/esc-rmuntanerlh\/wp-json\/wp\/v2\/pages\/519","targetHints":{"allow":["GET"]}}],"collection":[{"href":"https:\/\/agora.xtec.cat\/esc-rmuntanerlh\/wp-json\/wp\/v2\/pages"}],"about":[{"href":"https:\/\/agora.xtec.cat\/esc-rmuntanerlh\/wp-json\/wp\/v2\/types\/page"}],"author":[{"embeddable":true,"href":"https:\/\/agora.xtec.cat\/esc-rmuntanerlh\/wp-json\/wp\/v2\/users\/4"}],"replies":[{"embeddable":true,"href":"https:\/\/agora.xtec.cat\/esc-rmuntanerlh\/wp-json\/wp\/v2\/comments?post=519"}],"version-history":[{"count":4,"href":"https:\/\/agora.xtec.cat\/esc-rmuntanerlh\/wp-json\/wp\/v2\/pages\/519\/revisions"}],"predecessor-version":[{"id":6822,"href":"https:\/\/agora.xtec.cat\/esc-rmuntanerlh\/wp-json\/wp\/v2\/pages\/519\/revisions\/6822"}],"up":[{"embeddable":true,"href":"https:\/\/agora.xtec.cat\/esc-rmuntanerlh\/wp-json\/wp\/v2\/pages\/64"}],"wp:attachment":[{"href":"https:\/\/agora.xtec.cat\/esc-rmuntanerlh\/wp-json\/wp\/v2\/media?parent=519"}],"curies":[{"name":"wp","href":"https:\/\/api.w.org\/{rel}","templated":true}]}}