{"id":38,"date":"2014-09-18T12:34:08","date_gmt":"2014-09-18T10:34:08","guid":{"rendered":"http:\/\/agora.xtec.cat\/esc-rmuntanerlh\/?page_id=38"},"modified":"2025-01-20T20:43:14","modified_gmt":"2025-01-20T19:43:14","slug":"salut","status":"publish","type":"page","link":"https:\/\/agora.xtec.cat\/esc-rmuntanerlh\/projecte-educatiu\/salut\/","title":{"rendered":"Salut"},"content":{"rendered":"<p><a href=\"https:\/\/agora.xtec.cat\/esc-rmuntanerlh\/wp-content\/uploads\/usu2174\/2025\/01\/af-llet_cartell_A3-1.png\"><img loading=\"lazy\" decoding=\"async\" class=\"wp-image-6811 alignleft\" src=\"https:\/\/agora.xtec.cat\/esc-rmuntanerlh\/wp-content\/uploads\/usu2174\/2025\/01\/af-llet_cartell_A3-1.png\" alt=\"\" width=\"246\" height=\"343\" srcset=\"https:\/\/agora.xtec.cat\/esc-rmuntanerlh\/wp-content\/uploads\/usu2174\/2025\/01\/af-llet_cartell_A3-1.png 2456w, https:\/\/agora.xtec.cat\/esc-rmuntanerlh\/wp-content\/uploads\/usu2174\/2025\/01\/af-llet_cartell_A3-1-215x300.png 215w, https:\/\/agora.xtec.cat\/esc-rmuntanerlh\/wp-content\/uploads\/usu2174\/2025\/01\/af-llet_cartell_A3-1-735x1024.png 735w, https:\/\/agora.xtec.cat\/esc-rmuntanerlh\/wp-content\/uploads\/usu2174\/2025\/01\/af-llet_cartell_A3-1-768x1071.png 768w, https:\/\/agora.xtec.cat\/esc-rmuntanerlh\/wp-content\/uploads\/usu2174\/2025\/01\/af-llet_cartell_A3-1-1102x1536.png 1102w, https:\/\/agora.xtec.cat\/esc-rmuntanerlh\/wp-content\/uploads\/usu2174\/2025\/01\/af-llet_cartell_A3-1-1469x2048.png 1469w\" sizes=\"auto, (max-width: 246px) 100vw, 246px\" \/><\/a> Des de l&#8217;escola, promovem l&#8217;activaci\u00f3 d&#8217;h\u00e0bits de vida saludable com a part del nostre comprom\u00eds per al benefici dels alumnes. Una de les iniciatives m\u00e9s destacades \u00e9s la nostra participaci\u00f3 en el <strong>Pla de Consum de Fruita i Llet<\/strong>, un programa impulsat per la Generalitat de Catalunya. Aquest programa t\u00e9 com a objectiu de millorar els h\u00e0bits alimentaris dels nens i nenes i fomentar un estil de vida saludable en les primeres etapes de l&#8217;educaci\u00f3.<\/p>\n<p>Gr\u00e0cies a la Generalitat, un cop al mes, l&#8217;escola rep una varietat de fruites que es distribueix entre els alumnes de manera gratu\u00efta. Aix\u00f2 no nom\u00e9s afavoreix el consum de fruites fresques, sin\u00f3 que tamb\u00e9 els ensenya a incorporar aliments saludables a la seva dieta quotidiana. Aquesta iniciativa va acompanyada d&#8217;activitats educatives a les aules, sobre la import\u00e0ncia de l&#8217;alimentaci\u00f3 saludable i es fa \u00e8mfasi en els beneficis que aporta una dieta equilibrada per al creixement.<a href=\"https:\/\/agora.xtec.cat\/esc-rmuntanerlh\/wp-content\/uploads\/usu2174\/2025\/01\/af-fruites_cartell_A3-1.png\"><img loading=\"lazy\" decoding=\"async\" class=\"wp-image-6812 alignright\" src=\"https:\/\/agora.xtec.cat\/esc-rmuntanerlh\/wp-content\/uploads\/usu2174\/2025\/01\/af-fruites_cartell_A3-1.png\" alt=\"\" width=\"244\" height=\"340\" srcset=\"https:\/\/agora.xtec.cat\/esc-rmuntanerlh\/wp-content\/uploads\/usu2174\/2025\/01\/af-fruites_cartell_A3-1.png 2456w, https:\/\/agora.xtec.cat\/esc-rmuntanerlh\/wp-content\/uploads\/usu2174\/2025\/01\/af-fruites_cartell_A3-1-215x300.png 215w, https:\/\/agora.xtec.cat\/esc-rmuntanerlh\/wp-content\/uploads\/usu2174\/2025\/01\/af-fruites_cartell_A3-1-735x1024.png 735w, https:\/\/agora.xtec.cat\/esc-rmuntanerlh\/wp-content\/uploads\/usu2174\/2025\/01\/af-fruites_cartell_A3-1-768x1071.png 768w, https:\/\/agora.xtec.cat\/esc-rmuntanerlh\/wp-content\/uploads\/usu2174\/2025\/01\/af-fruites_cartell_A3-1-1102x1536.png 1102w, https:\/\/agora.xtec.cat\/esc-rmuntanerlh\/wp-content\/uploads\/usu2174\/2025\/01\/af-fruites_cartell_A3-1-1469x2048.png 1469w\" sizes=\"auto, (max-width: 244px) 100vw, 244px\" \/><\/a><\/p>\n<p>Aquesta acci\u00f3 s&#8217;emmarca dins d&#8217;una estrat\u00e8gia m\u00e9s \u00e0mplia orientada a reduir el consum de productes poc saludables com anomenes, begudes refrescants i brioixeria. A m\u00e9s de les accions de sensibilitzaci\u00f3 a l&#8217;aula, a l&#8217;escola hem establert una tradici\u00f3 que es repeteix cada curs establint el &#8220;Dia de la Fruita&#8221;. En aquest dia, els alumnes s\u00f3n animats a portar fruites per a esmorzar, fomentant un h\u00e0bit de consum saludable que es mant\u00e9 en el temps. A m\u00e9s amb la incorporaci\u00f3 de la llet tamb\u00e9 establim m\u00e9s nutrients necessaris per al seu desenvolupament.<\/p>\n<p>A trav\u00e9s d&#8217;aquestes activitats i iniciatives, no sols cal buscar millorar l&#8217;alimentaci\u00f3 dels infants, sin\u00f3 tamb\u00e9 promoure l&#8217;activitat f\u00edsica i el joc actiu com a part d&#8217;un estil de vida saludable en general. Conscients que els h\u00e0bits despr\u00e9s de l&#8217;escola poden tenir un impacte durador, tractem d&#8217;establir una base s\u00f2lida per a una vida sana que els alumnes puguin portar-se amb ells.<\/p>\n","protected":false},"excerpt":{"rendered":"<p><a href=\"https:\/\/agora.xtec.cat\/esc-rmuntanerlh\/wp-content\/uploads\/usu2174\/2025\/01\/af-llet_cartell_A3-1.png\"><\/a> Des de l&#8217;escola, promovem l&#8217;activaci\u00f3 d&#8217;h\u00e0bits de vida saludable com a part del nostre comprom\u00eds per al benefici dels alumnes. Una de les iniciatives m\u00e9s destacades \u00e9s la nostra participaci\u00f3 en el Pla de Consum de Fruita i Llet, un programa impulsat per&hellip;  <a href=\"https:\/\/agora.xtec.cat\/esc-rmuntanerlh\/projecte-educatiu\/salut\/\" title=\"Read Salut\">Llegeix m\u00e9s\u00bb<\/a><\/p>\n","protected":false},"author":1,"featured_media":0,"parent":64,"menu_order":90,"comment_status":"closed","ping_status":"closed","template":"page-templates\/side-menu.php","meta":{"_bbp_topic_count":0,"_bbp_reply_count":0,"_bbp_total_topic_count":0,"_bbp_total_reply_count":0,"_bbp_voice_count":0,"_bbp_anonymous_reply_count":0,"_bbp_topic_count_hidden":0,"_bbp_reply_count_hidden":0,"_bbp_forum_subforum_count":0,"footnotes":""},"class_list":["post-38","page","type-page","status-publish","hentry"],"post_mailing_queue_ids":[],"_links":{"self":[{"href":"https:\/\/agora.xtec.cat\/esc-rmuntanerlh\/wp-json\/wp\/v2\/pages\/38","targetHints":{"allow":["GET"]}}],"collection":[{"href":"https:\/\/agora.xtec.cat\/esc-rmuntanerlh\/wp-json\/wp\/v2\/pages"}],"about":[{"href":"https:\/\/agora.xtec.cat\/esc-rmuntanerlh\/wp-json\/wp\/v2\/types\/page"}],"author":[{"embeddable":true,"href":"https:\/\/agora.xtec.cat\/esc-rmuntanerlh\/wp-json\/wp\/v2\/users\/1"}],"replies":[{"embeddable":true,"href":"https:\/\/agora.xtec.cat\/esc-rmuntanerlh\/wp-json\/wp\/v2\/comments?post=38"}],"version-history":[{"count":5,"href":"https:\/\/agora.xtec.cat\/esc-rmuntanerlh\/wp-json\/wp\/v2\/pages\/38\/revisions"}],"predecessor-version":[{"id":6813,"href":"https:\/\/agora.xtec.cat\/esc-rmuntanerlh\/wp-json\/wp\/v2\/pages\/38\/revisions\/6813"}],"up":[{"embeddable":true,"href":"https:\/\/agora.xtec.cat\/esc-rmuntanerlh\/wp-json\/wp\/v2\/pages\/64"}],"wp:attachment":[{"href":"https:\/\/agora.xtec.cat\/esc-rmuntanerlh\/wp-json\/wp\/v2\/media?parent=38"}],"curies":[{"name":"wp","href":"https:\/\/api.w.org\/{rel}","templated":true}]}}