{"id":28,"date":"2014-09-18T12:29:35","date_gmt":"2014-09-18T11:29:35","guid":{"rendered":"http:\/\/agora.xtec.cat\/esc-rmuntanerlh\/?page_id=28"},"modified":"2025-01-14T22:34:37","modified_gmt":"2025-01-14T21:34:37","slug":"consell-escolar","status":"publish","type":"page","link":"https:\/\/agora.xtec.cat\/esc-rmuntanerlh\/lescola\/consell-escolar\/","title":{"rendered":"Consell escolar"},"content":{"rendered":"<p style=\"text-align: justify;\">El consell escolar del centre \u00e9s l&#8217;<strong>\u00f2rgan col\u00b7legiat de participaci\u00f3<\/strong> de la comunitat escolar en el govern del centre. En el consell escolar hi ha representats dels col\u00b7lectius que intervenen en la comunitat educativa: director\/a, professorat, personal d&#8217;administraci\u00f3 i serveis,\u00a0 mares i pares i personal de l&#8217;Ajuntament.<\/p>\n<p style=\"text-align: justify;\">La funci\u00f3 principal del consell escolar \u00e9s participar en la presa de decisions en relaci\u00f3 amb aquells temes importants per al funcionament i l&#8217;organitzaci\u00f3 del centre.<\/p>\n<p style=\"text-align: justify;\">Els membres del consell escolar s\u00f3n elegits per un per\u00edode de quatre anys i es renoven per meitats cada dos anys.<\/p>\n<p style=\"text-align: justify;\">A la nostra escola els membres del Consell Escolar s\u00f3n es seg\u00fcents:<\/p>\n<p><strong><u>EQUIP DIRECTIU:<\/u><\/strong><\/p>\n<p>Eva Segura, Directora<\/p>\n<p>Marta Segal\u00e9s, Cap d&#8217;Estudis<\/p>\n<p>Elisabet Garc\u00eda, Secret\u00e0ria<\/p>\n<p><strong><u>REPRESENTANT SECTOR PROFESSORAT;<\/u><\/strong><\/p>\n<p>Ana L\u00f3pez<\/p>\n<p>Rafael Bueso<\/p>\n<p>Pepa Sanf\u00e9lix<\/p>\n<p>Pilar Ruiz<\/p>\n<p>Jennifer Fern\u00e1ndez<\/p>\n<p>Vanesa Maestre<\/p>\n<p><strong><u>REPRESENTANT PAS<\/u><\/strong><\/p>\n<p>Amparo Mu\u00f1iz<\/p>\n<p><strong><u>REPRESENTANT SECTOR PARES I MARES:<\/u><\/strong><\/p>\n<p>Isabel Vicente<\/p>\n<p>Pepe Falg\u00e0s<\/p>\n<p>Bel\u00e9n Cuenca<\/p>\n<p>Mireia Moreno<\/p>\n<p>David Anjaum\u00e0<\/p>\n<p>Montse Perea<\/p>\n<p><strong><u>REPRESENTANT DE L&#8217;AFA<\/u><\/strong><\/p>\n<p>M\u00aa Pilar Cuartero<\/p>\n<p><strong><u>REPRESENTANT DE L&#8217;AJUNTAMENT<\/u><\/strong><u>:<\/u><\/p>\n<p>Carlos Gonz\u00e0lez<\/p>\n<p><span style=\"font-family: inherit; font-size: 1em;\">Podeu veure la <\/span><a style=\"font-family: inherit; font-size: 1em;\" href=\"https:\/\/agora.xtec.cat\/esc-rmuntanerlh\/docs\/\">normativa sobre les eleccions al consell escolar<\/a><span style=\"font-family: inherit; font-size: 1em;\">.<\/span><\/p>\n","protected":false},"excerpt":{"rendered":"<p>El consell escolar del centre \u00e9s l&#8217;\u00f2rgan col\u00b7legiat de participaci\u00f3 de la comunitat escolar en el govern del centre. En el consell escolar hi ha representats dels col\u00b7lectius que intervenen en la comunitat educativa: director\/a, professorat, personal d&#8217;administraci\u00f3 i serveis,\u00a0 mares i pares i personal&hellip;  <a href=\"https:\/\/agora.xtec.cat\/esc-rmuntanerlh\/lescola\/consell-escolar\/\" title=\"Read Consell escolar\">Llegeix m\u00e9s\u00bb<\/a><\/p>\n","protected":false},"author":1,"featured_media":0,"parent":22,"menu_order":30,"comment_status":"closed","ping_status":"closed","template":"page-templates\/side-menu.php","meta":{"_bbp_topic_count":0,"_bbp_reply_count":0,"_bbp_total_topic_count":0,"_bbp_total_reply_count":0,"_bbp_voice_count":0,"_bbp_anonymous_reply_count":0,"_bbp_topic_count_hidden":0,"_bbp_reply_count_hidden":0,"_bbp_forum_subforum_count":0,"footnotes":""},"class_list":["post-28","page","type-page","status-publish","hentry"],"post_mailing_queue_ids":[],"_links":{"self":[{"href":"https:\/\/agora.xtec.cat\/esc-rmuntanerlh\/wp-json\/wp\/v2\/pages\/28","targetHints":{"allow":["GET"]}}],"collection":[{"href":"https:\/\/agora.xtec.cat\/esc-rmuntanerlh\/wp-json\/wp\/v2\/pages"}],"about":[{"href":"https:\/\/agora.xtec.cat\/esc-rmuntanerlh\/wp-json\/wp\/v2\/types\/page"}],"author":[{"embeddable":true,"href":"https:\/\/agora.xtec.cat\/esc-rmuntanerlh\/wp-json\/wp\/v2\/users\/1"}],"replies":[{"embeddable":true,"href":"https:\/\/agora.xtec.cat\/esc-rmuntanerlh\/wp-json\/wp\/v2\/comments?post=28"}],"version-history":[{"count":7,"href":"https:\/\/agora.xtec.cat\/esc-rmuntanerlh\/wp-json\/wp\/v2\/pages\/28\/revisions"}],"predecessor-version":[{"id":6666,"href":"https:\/\/agora.xtec.cat\/esc-rmuntanerlh\/wp-json\/wp\/v2\/pages\/28\/revisions\/6666"}],"up":[{"embeddable":true,"href":"https:\/\/agora.xtec.cat\/esc-rmuntanerlh\/wp-json\/wp\/v2\/pages\/22"}],"wp:attachment":[{"href":"https:\/\/agora.xtec.cat\/esc-rmuntanerlh\/wp-json\/wp\/v2\/media?parent=28"}],"curies":[{"name":"wp","href":"https:\/\/api.w.org\/{rel}","templated":true}]}}