{"id":10100,"date":"2026-09-02T18:17:05","date_gmt":"2026-09-02T16:17:05","guid":{"rendered":"https:\/\/agora.xtec.cat\/esc-rmuntanerlh\/?page_id=10100"},"modified":"2026-09-02T18:17:26","modified_gmt":"2026-09-02T16:17:26","slug":"projecte-interdisciplinari","status":"publish","type":"page","link":"https:\/\/agora.xtec.cat\/esc-rmuntanerlh\/projecte-educatiu\/projectes-escolars\/projecte-interdisciplinari\/","title":{"rendered":"Projecte interdisciplinari"},"content":{"rendered":"\n<p>El projecte interdisciplinari anual \u00e9s una proposta educativa compartida per tot l\u2019alumnat de l\u2019escola, on cada curs treballa un mateix tema des de diferents \u00e0mbits i perspectives. A trav\u00e9s d\u2019activitats diverses, investigacions, experi\u00e8ncies i treball cooperatiu, els infants desenvolupen aprenentatges significatius relacionant continguts de diferents \u00e0rees.<\/p>\n\n\n\n<p>Aquest projecte fomenta la curiositat, la creativitat, la recerca i el treball en equip, tot afavorint una manera d\u2019aprendre m\u00e9s global i vivencial. A m\u00e9s a m\u00e9s, permet crear vincles entre els diferents nivells de l\u2019escola i compartir experi\u00e8ncies entre alumnes de diverses edats.<\/p>\n\n\n\n<p>El proc\u00e9s culmina amb una jornada de portes obertes on les fam\u00edlies poden con\u00e8ixer de la m\u00e0 dels seus fills i filles els treballs, descobertes i aprenentatges realitzats durant el projecte, convertint-se aix\u00ed en una experi\u00e8ncia educativa compartida per tota la comunitat educativa.<\/p>\n\n\n\n        <div class=\"wp-block-getwid-post-carousel custom-post-type-post has-slides-gap-small is-carousel has-arrows-inside has-dots-outside\">\n            <div data-slider-option=\"{&quot;sliderSlidesToShowDesktop&quot;:&quot;2&quot;,&quot;getwid_slidesToShowLaptop&quot;:&quot;1&quot;,&quot;getwid_slidesToShowTablet&quot;:&quot;1&quot;,&quot;getwid_slidesToShowMobile&quot;:&quot;1&quot;,&quot;getwid_autoplay_speed&quot;:6000,&quot;getwid_animation_speed&quot;:800,&quot;getwid_slidesToScroll&quot;:&quot;1&quot;,&quot;getwid_autoplay&quot;:false,&quot;getwid_pause_on_hover&quot;:false,&quot;getwid_infinite&quot;:true,&quot;getwid_center_mode&quot;:false,&quot;getwid_arrows&quot;:&quot;inside&quot;,&quot;getwid_dots&quot;:&quot;outside&quot;}\" class=\"wp-block-getwid-post-carousel__wrapper\">\n                \t\t\t\t\t\t\t<div class=\"wp-block-getwid-post-carousel__slide\">\n\t\t\t\t\t\t\t\t\n<div class=\"wp-block-getwid-post-carousel__post\">\n        <div class=\"wp-block-getwid-post-carousel__post-content-wrapper\">\n        <div class=\"wp-block-getwid-post-carousel__post-header\">\n            <h3 class=\"wp-block-getwid-post-carousel__post-title\"><a href=\"https:\/\/agora.xtec.cat\/esc-rmuntanerlh\/proj-interdisciplinar\/projectes-interdisciplinars\/\">Projectes interdisciplinaris<\/a><\/h3>        <\/div>\n        <div class=\"wp-block-getwid-post-carousel__post-excerpt\"><p>Des de fa anys a l&#8217;escola realitzem un projecte interdisciplinari que \u00e9s una experi\u00e8ncia d&#8217;aprenentatge en la qual es connecten diverses \u00e0rees del coneixement o disciplines acad\u00e8miques per a investigar, resoldre un problema o desenvolupar una tem\u00e0tica comuna. La idea \u00e9s que els estudiants no abordin el tema des d&#8217;una sola perspectiva, sin\u00f3 que l&#8217;explorin [&hellip;]<\/p>\n<\/div>\n    <\/div>\n<\/div>\n\n\t\t\t\t\t\t\t<\/div>\n\t\t\t\t\t\t\t\t\t\t\t\t\t<div class=\"wp-block-getwid-post-carousel__slide\">\n\t\t\t\t\t\t\t\t\n<div class=\"wp-block-getwid-post-carousel__post\">\n        <div class=\"wp-block-getwid-post-carousel__post-content-wrapper\">\n        <div class=\"wp-block-getwid-post-carousel__post-header\">\n            <h3 class=\"wp-block-getwid-post-carousel__post-title\"><a href=\"https:\/\/agora.xtec.cat\/esc-rmuntanerlh\/infantil\/sortida-al-parc-guell-i4\/\">SORTIDA AL PARC G\u00dcELL  I4<\/a><\/h3>        <\/div>\n        <div class=\"wp-block-getwid-post-carousel__post-excerpt\"><p>ELS NENS I NENES D&#8217;I4 VAN PASSAR UN BONIC DIA RECORDANT TOT EL QUE HAV\u00cdEM APR\u00c8S I VIST A L&#8217;ESCOLA DEL PARC G\u00dcEL.<\/p>\n<\/div>\n    <\/div>\n<\/div>\n\n\t\t\t\t\t\t\t<\/div>\n\t\t\t\t\t\t\t\t\t\t\t\t\t<div class=\"wp-block-getwid-post-carousel__slide\">\n\t\t\t\t\t\t\t\t\n<div class=\"wp-block-getwid-post-carousel__post\">\n        <div class=\"wp-block-getwid-post-carousel__post-content-wrapper\">\n        <div class=\"wp-block-getwid-post-carousel__post-header\">\n            <h3 class=\"wp-block-getwid-post-carousel__post-title\"><a href=\"https:\/\/agora.xtec.cat\/esc-rmuntanerlh\/general\/sortida-al-parc-guell-i3\/\">SORTIDA AL PARC G\u00dcELL I3<\/a><\/h3>        <\/div>\n        <div class=\"wp-block-getwid-post-carousel__post-excerpt\"><p>HO EM ACONSEGUIT!!! ELS NENS I NENES D&#8217;I3 VAN PASSAR UN BONIC DIA RECORDANT TOT EL QUE HAV\u00cdEM APR\u00c8S I VIST A L&#8217;ESCOLA DEL PARC G\u00dcELL. CLIQUEU A LA FOTO PER VEURE M\u00c9S.<\/p>\n<\/div>\n    <\/div>\n<\/div>\n\n\t\t\t\t\t\t\t<\/div>\n\t\t\t\t\t\t\t\t\t\t\t\t\t<div class=\"wp-block-getwid-post-carousel__slide\">\n\t\t\t\t\t\t\t\t\n<div class=\"wp-block-getwid-post-carousel__post\">\n            <div class=\"wp-block-getwid-post-carousel__post-thumbnail\">\n            <a href=\"https:\/\/agora.xtec.cat\/esc-rmuntanerlh\/general\/projecte-de-gaudi\/\"><img loading=\"lazy\" decoding=\"async\" width=\"474\" height=\"500\" src=\"https:\/\/agora.xtec.cat\/esc-rmuntanerlh\/wp-content\/uploads\/usu2174\/2026\/03\/camara.jpg\" class=\"attachment-post-thumbnail size-post-thumbnail wp-post-image\" alt=\"\" srcset=\"https:\/\/agora.xtec.cat\/esc-rmuntanerlh\/wp-content\/uploads\/usu2174\/2026\/03\/camara.jpg 474w, https:\/\/agora.xtec.cat\/esc-rmuntanerlh\/wp-content\/uploads\/usu2174\/2026\/03\/camara-284x300.jpg 284w\" sizes=\"auto, (max-width: 474px) 100vw, 474px\" \/><\/a>\n        <\/div>\n        <div class=\"wp-block-getwid-post-carousel__post-content-wrapper\">\n        <div class=\"wp-block-getwid-post-carousel__post-header\">\n            <h3 class=\"wp-block-getwid-post-carousel__post-title\"><a href=\"https:\/\/agora.xtec.cat\/esc-rmuntanerlh\/general\/projecte-de-gaudi\/\">PROJECTE  DE GAUD\u00cd<\/a><\/h3>        <\/div>\n        <div class=\"wp-block-getwid-post-carousel__post-excerpt\"><p>&nbsp; Aquest curs l&#8217;escola ha treballat com a projecte interdisciplinari la vida i obra d&#8217;Antoniaud\u00ed. Cicle infantil ha treballat una part de la seva obra com \u00e9s el park G\u00fcell i hem descobert el trencad\u00eds, el seu amor per la natura, la creativitat i el color. Clickeu a les imatges per veure totes les feines. [&hellip;]<\/p>\n<\/div>\n    <\/div>\n<\/div>\n\n\t\t\t\t\t\t\t<\/div>\n\t\t\t\t\t\t\t\t\t\t\t\t\t<div class=\"wp-block-getwid-post-carousel__slide\">\n\t\t\t\t\t\t\t\t\n<div class=\"wp-block-getwid-post-carousel__post\">\n            <div class=\"wp-block-getwid-post-carousel__post-thumbnail\">\n            <a href=\"https:\/\/agora.xtec.cat\/esc-rmuntanerlh\/primaria\/1r\/visitem-el-parc-guell\/\"><img loading=\"lazy\" decoding=\"async\" width=\"732\" height=\"976\" src=\"https:\/\/agora.xtec.cat\/esc-rmuntanerlh\/wp-content\/uploads\/usu2174\/2026\/03\/Captura-de-pantalla-2026-03-04-a-las-10.21.52.png\" class=\"attachment-post-thumbnail size-post-thumbnail wp-post-image\" alt=\"\" srcset=\"https:\/\/agora.xtec.cat\/esc-rmuntanerlh\/wp-content\/uploads\/usu2174\/2026\/03\/Captura-de-pantalla-2026-03-04-a-las-10.21.52.png 732w, https:\/\/agora.xtec.cat\/esc-rmuntanerlh\/wp-content\/uploads\/usu2174\/2026\/03\/Captura-de-pantalla-2026-03-04-a-las-10.21.52-225x300.png 225w\" sizes=\"auto, (max-width: 732px) 100vw, 732px\" \/><\/a>\n        <\/div>\n        <div class=\"wp-block-getwid-post-carousel__post-content-wrapper\">\n        <div class=\"wp-block-getwid-post-carousel__post-header\">\n            <h3 class=\"wp-block-getwid-post-carousel__post-title\"><a href=\"https:\/\/agora.xtec.cat\/esc-rmuntanerlh\/primaria\/1r\/visitem-el-parc-guell\/\">Visitem el Parc G\u00fcell<\/a><\/h3>        <\/div>\n        <div class=\"wp-block-getwid-post-carousel__post-excerpt\"><p>Ahir, 3 de mar\u00e7, l\u2019alumnat de 1r i 2n de prim\u00e0ria va viure una jornada molt especial amb la visita al Park G\u00fcell, una sortida que ha estat la cirereta del past\u00eds del nostre projecte interdisciplinari sobre l&#8217;Antoni Gaud\u00ed i les seves obres. Durant la sortida, els infants van poder passejar pels espais m\u00e9s emblem\u00e0tics [&hellip;]<\/p>\n<\/div>\n    <\/div>\n<\/div>\n\n\t\t\t\t\t\t\t<\/div>\n\t\t\t\t\t\t            <\/div>\n        <\/div>\n        ","protected":false},"excerpt":{"rendered":"<p>El projecte interdisciplinari anual \u00e9s una proposta educativa compartida per tot l\u2019alumnat de l\u2019escola, on cada curs treballa un mateix tema des de diferents \u00e0mbits i perspectives. A trav\u00e9s d\u2019activitats diverses, investigacions, experi\u00e8ncies i treball cooperatiu, els infants desenvolupen aprenentatges significatius relacionant continguts de diferents \u00e0rees. Aquest projecte fomenta la curiositat, la creativitat, la recerca [&hellip;]<\/p>\n","protected":false},"author":1,"featured_media":0,"parent":9344,"menu_order":0,"comment_status":"closed","ping_status":"closed","template":"","meta":{"_bbp_topic_count":0,"_bbp_reply_count":0,"_bbp_total_topic_count":0,"_bbp_total_reply_count":0,"_bbp_voice_count":0,"_bbp_anonymous_reply_count":0,"_bbp_topic_count_hidden":0,"_bbp_reply_count_hidden":0,"_bbp_forum_subforum_count":0,"site-sidebar-layout":"default","site-content-layout":"","ast-site-content-layout":"default","site-content-style":"default","site-sidebar-style":"default","ast-global-header-display":"","ast-banner-title-visibility":"","ast-main-header-display":"","ast-hfb-above-header-display":"","ast-hfb-below-header-display":"","ast-hfb-mobile-header-display":"","site-post-title":"","ast-breadcrumbs-content":"","ast-featured-img":"","footer-sml-layout":"","theme-transparent-header-meta":"","adv-header-id-meta":"","stick-header-meta":"","header-above-stick-meta":"","header-main-stick-meta":"","header-below-stick-meta":"","astra-migrate-meta-layouts":"set","ast-page-background-enabled":"default","ast-page-background-meta":{"desktop":{"background-color":"var(--ast-global-color-4)","background-image":"","background-repeat":"repeat","background-position":"center center","background-size":"auto","background-attachment":"scroll","background-type":"","background-media":"","overlay-type":"","overlay-color":"","overlay-opacity":"","overlay-gradient":""},"tablet":{"background-color":"","background-image":"","background-repeat":"repeat","background-position":"center center","background-size":"auto","background-attachment":"scroll","background-type":"","background-media":"","overlay-type":"","overlay-color":"","overlay-opacity":"","overlay-gradient":""},"mobile":{"background-color":"","background-image":"","background-repeat":"repeat","background-position":"center center","background-size":"auto","background-attachment":"scroll","background-type":"","background-media":"","overlay-type":"","overlay-color":"","overlay-opacity":"","overlay-gradient":""}},"ast-content-background-meta":{"desktop":{"background-color":"var(--ast-global-color-5)","background-image":"","background-repeat":"repeat","background-position":"center center","background-size":"auto","background-attachment":"scroll","background-type":"","background-media":"","overlay-type":"","overlay-color":"","overlay-opacity":"","overlay-gradient":""},"tablet":{"background-color":"var(--ast-global-color-5)","background-image":"","background-repeat":"repeat","background-position":"center center","background-size":"auto","background-attachment":"scroll","background-type":"","background-media":"","overlay-type":"","overlay-color":"","overlay-opacity":"","overlay-gradient":""},"mobile":{"background-color":"var(--ast-global-color-5)","background-image":"","background-repeat":"repeat","background-position":"center center","background-size":"auto","background-attachment":"scroll","background-type":"","background-media":"","overlay-type":"","overlay-color":"","overlay-opacity":"","overlay-gradient":""}},"footnotes":""},"class_list":["post-10100","page","type-page","status-publish","hentry"],"post_mailing_queue_ids":[],"_links":{"self":[{"href":"https:\/\/agora.xtec.cat\/esc-rmuntanerlh\/wp-json\/wp\/v2\/pages\/10100","targetHints":{"allow":["GET"]}}],"collection":[{"href":"https:\/\/agora.xtec.cat\/esc-rmuntanerlh\/wp-json\/wp\/v2\/pages"}],"about":[{"href":"https:\/\/agora.xtec.cat\/esc-rmuntanerlh\/wp-json\/wp\/v2\/types\/page"}],"author":[{"embeddable":true,"href":"https:\/\/agora.xtec.cat\/esc-rmuntanerlh\/wp-json\/wp\/v2\/users\/1"}],"replies":[{"embeddable":true,"href":"https:\/\/agora.xtec.cat\/esc-rmuntanerlh\/wp-json\/wp\/v2\/comments?post=10100"}],"version-history":[{"count":1,"href":"https:\/\/agora.xtec.cat\/esc-rmuntanerlh\/wp-json\/wp\/v2\/pages\/10100\/revisions"}],"predecessor-version":[{"id":10101,"href":"https:\/\/agora.xtec.cat\/esc-rmuntanerlh\/wp-json\/wp\/v2\/pages\/10100\/revisions\/10101"}],"up":[{"embeddable":true,"href":"https:\/\/agora.xtec.cat\/esc-rmuntanerlh\/wp-json\/wp\/v2\/pages\/9344"}],"wp:attachment":[{"href":"https:\/\/agora.xtec.cat\/esc-rmuntanerlh\/wp-json\/wp\/v2\/media?parent=10100"}],"curies":[{"name":"wp","href":"https:\/\/api.w.org\/{rel}","templated":true}]}}

<p>El projecte interdisciplinari anual és una proposta educativa compartida per tot l’alumnat de l’escola, on cada curs treballa un mateix tema des de diferents àmbits i perspectives. A través d’activitats diverses, investigacions, experiències i treball cooperatiu, els infants desenvolupen aprenentatges significatius relacionant continguts de diferents àrees.</p>



<p>Aquest projecte fomenta la curiositat, la creativitat, la recerca i el treball en equip, tot afavorint una manera d’aprendre més global i vivencial. A més a més, permet crear vincles entre els diferents nivells de l’escola i compartir experiències entre alumnes de diverses edats.</p>



<p>El procés culmina amb una jornada de portes obertes on les famílies poden conèixer de la mà dels seus fills i filles els treballs, descobertes i aprenentatges realitzats durant el projecte, convertint-se així en una experiència educativa compartida per tota la comunitat educativa.</p>



        <div class="wp-block-getwid-post-carousel custom-post-type-post has-slides-gap-small is-carousel has-arrows-inside has-dots-outside">
            <div data-slider-option="{&quot;sliderSlidesToShowDesktop&quot;:&quot;2&quot;,&quot;getwid_slidesToShowLaptop&quot;:&quot;1&quot;,&quot;getwid_slidesToShowTablet&quot;:&quot;1&quot;,&quot;getwid_slidesToShowMobile&quot;:&quot;1&quot;,&quot;getwid_autoplay_speed&quot;:6000,&quot;getwid_animation_speed&quot;:800,&quot;getwid_slidesToScroll&quot;:&quot;1&quot;,&quot;getwid_autoplay&quot;:false,&quot;getwid_pause_on_hover&quot;:false,&quot;getwid_infinite&quot;:true,&quot;getwid_center_mode&quot;:false,&quot;getwid_arrows&quot;:&quot;inside&quot;,&quot;getwid_dots&quot;:&quot;outside&quot;}" class="wp-block-getwid-post-carousel__wrapper">
                							<div class="wp-block-getwid-post-carousel__slide">
								
<div class="wp-block-getwid-post-carousel__post">
        <div class="wp-block-getwid-post-carousel__post-content-wrapper">
        <div class="wp-block-getwid-post-carousel__post-header">
            <h3 class="wp-block-getwid-post-carousel__post-title"><a href="https://agora.xtec.cat/esc-rmuntanerlh/proj-interdisciplinar/projectes-interdisciplinars/">Projectes interdisciplinaris</a></h3>        </div>
        <div class="wp-block-getwid-post-carousel__post-excerpt"><p>Des de fa anys a l&#8217;escola realitzem un projecte interdisciplinari que és una experiència d&#8217;aprenentatge en la qual es connecten diverses àrees del coneixement o disciplines acadèmiques per a investigar, resoldre un problema o desenvolupar una temàtica comuna. La idea és que els estudiants no abordin el tema des d&#8217;una sola perspectiva, sinó que l&#8217;explorin [&hellip;]</p>
</div>
    </div>
</div>

							</div>
													<div class="wp-block-getwid-post-carousel__slide">
								
<div class="wp-block-getwid-post-carousel__post">
        <div class="wp-block-getwid-post-carousel__post-content-wrapper">
        <div class="wp-block-getwid-post-carousel__post-header">
            <h3 class="wp-block-getwid-post-carousel__post-title"><a href="https://agora.xtec.cat/esc-rmuntanerlh/infantil/sortida-al-parc-guell-i4/">SORTIDA AL PARC GÜELL  I4</a></h3>        </div>
        <div class="wp-block-getwid-post-carousel__post-excerpt"><p>ELS NENS I NENES D&#8217;I4 VAN PASSAR UN BONIC DIA RECORDANT TOT EL QUE HAVÍEM APRÈS I VIST A L&#8217;ESCOLA DEL PARC GÜEL.</p>
</div>
    </div>
</div>

							</div>
													<div class="wp-block-getwid-post-carousel__slide">
								
<div class="wp-block-getwid-post-carousel__post">
        <div class="wp-block-getwid-post-carousel__post-content-wrapper">
        <div class="wp-block-getwid-post-carousel__post-header">
            <h3 class="wp-block-getwid-post-carousel__post-title"><a href="https://agora.xtec.cat/esc-rmuntanerlh/general/sortida-al-parc-guell-i3/">SORTIDA AL PARC GÜELL I3</a></h3>        </div>
        <div class="wp-block-getwid-post-carousel__post-excerpt"><p>HO EM ACONSEGUIT!!! ELS NENS I NENES D&#8217;I3 VAN PASSAR UN BONIC DIA RECORDANT TOT EL QUE HAVÍEM APRÈS I VIST A L&#8217;ESCOLA DEL PARC GÜELL. CLIQUEU A LA FOTO PER VEURE MÉS.</p>
</div>
    </div>
</div>

							</div>
													<div class="wp-block-getwid-post-carousel__slide">
								
<div class="wp-block-getwid-post-carousel__post">
            <div class="wp-block-getwid-post-carousel__post-thumbnail">
            <a href="https://agora.xtec.cat/esc-rmuntanerlh/general/projecte-de-gaudi/"><img loading="lazy" decoding="async" width="474" height="500" src="https://agora.xtec.cat/esc-rmuntanerlh/wp-content/uploads/usu2174/2026/03/camara.jpg" class="attachment-post-thumbnail size-post-thumbnail wp-post-image" alt="" srcset="https://agora.xtec.cat/esc-rmuntanerlh/wp-content/uploads/usu2174/2026/03/camara.jpg 474w, https://agora.xtec.cat/esc-rmuntanerlh/wp-content/uploads/usu2174/2026/03/camara-284x300.jpg 284w" sizes="auto, (max-width: 474px) 100vw, 474px" /></a>
        </div>
        <div class="wp-block-getwid-post-carousel__post-content-wrapper">
        <div class="wp-block-getwid-post-carousel__post-header">
            <h3 class="wp-block-getwid-post-carousel__post-title"><a href="https://agora.xtec.cat/esc-rmuntanerlh/general/projecte-de-gaudi/">PROJECTE  DE GAUDÍ</a></h3>        </div>
        <div class="wp-block-getwid-post-carousel__post-excerpt"><p>&nbsp; Aquest curs l&#8217;escola ha treballat com a projecte interdisciplinari la vida i obra d&#8217;Antoniaudí. Cicle infantil ha treballat una part de la seva obra com és el park Güell i hem descobert el trencadís, el seu amor per la natura, la creativitat i el color. Clickeu a les imatges per veure totes les feines. [&hellip;]</p>
</div>
    </div>
</div>

							</div>
													<div class="wp-block-getwid-post-carousel__slide">
								
<div class="wp-block-getwid-post-carousel__post">
            <div class="wp-block-getwid-post-carousel__post-thumbnail">
            <a href="https://agora.xtec.cat/esc-rmuntanerlh/primaria/1r/visitem-el-parc-guell/"><img loading="lazy" decoding="async" width="732" height="976" src="https://agora.xtec.cat/esc-rmuntanerlh/wp-content/uploads/usu2174/2026/03/Captura-de-pantalla-2026-03-04-a-las-10.21.52.png" class="attachment-post-thumbnail size-post-thumbnail wp-post-image" alt="" srcset="https://agora.xtec.cat/esc-rmuntanerlh/wp-content/uploads/usu2174/2026/03/Captura-de-pantalla-2026-03-04-a-las-10.21.52.png 732w, https://agora.xtec.cat/esc-rmuntanerlh/wp-content/uploads/usu2174/2026/03/Captura-de-pantalla-2026-03-04-a-las-10.21.52-225x300.png 225w" sizes="auto, (max-width: 732px) 100vw, 732px" /></a>
        </div>
        <div class="wp-block-getwid-post-carousel__post-content-wrapper">
        <div class="wp-block-getwid-post-carousel__post-header">
            <h3 class="wp-block-getwid-post-carousel__post-title"><a href="https://agora.xtec.cat/esc-rmuntanerlh/primaria/1r/visitem-el-parc-guell/">Visitem el Parc Güell</a></h3>        </div>
        <div class="wp-block-getwid-post-carousel__post-excerpt"><p>Ahir, 3 de març, l’alumnat de 1r i 2n de primària va viure una jornada molt especial amb la visita al Park Güell, una sortida que ha estat la cirereta del pastís del nostre projecte interdisciplinari sobre l&#8217;Antoni Gaudí i les seves obres. Durant la sortida, els infants van poder passejar pels espais més emblemàtics [&hellip;]</p>
</div>
    </div>
</div>

							</div>
						            </div>
        </div>

<p>El projecte interdisciplinari anual és una proposta educativa compartida per tot l’alumnat de l’escola, on cada curs treballa un mateix tema des de diferents àmbits i perspectives. A través d’activitats diverses, investigacions, experiències i treball cooperatiu, els infants desenvolupen aprenentatges significatius relacionant continguts de diferents àrees. Aquest projecte fomenta la curiositat, la creativitat, la recerca [&hellip;]</p>
