{"id":10089,"date":"2026-09-02T18:07:34","date_gmt":"2026-09-02T16:07:34","guid":{"rendered":"https:\/\/agora.xtec.cat\/esc-rmuntanerlh\/?page_id=10089"},"modified":"2026-09-02T18:07:59","modified_gmt":"2026-09-02T16:07:59","slug":"pcmat","status":"publish","type":"page","link":"https:\/\/agora.xtec.cat\/esc-rmuntanerlh\/projecte-educatiu\/projectes-escolars\/pcmat\/","title":{"rendered":"PCMAT"},"content":{"rendered":"\n<p>El programa PCMAT (Pensament Computacional a Matem\u00e0tiques) \u00e9s una iniciativa del Departament d\u2019Educaci\u00f3 de la Generalitat de Catalunya que promou l\u2019aprenentatge de les matem\u00e0tiques a trav\u00e9s del raonament, la resoluci\u00f3 de problemes i les estrat\u00e8gies pr\u00f2pies del pensament computacional.<\/p>\n\n\n\n<p>A l\u2019aula, l\u2019alumnat de Cicle Superior treballa situacions reals i reptes matem\u00e0tics que fomenten la creativitat, el treball cooperatiu i el desenvolupament d\u2019habilitats digitals i l\u00f2giques. Aquest enfocament ajuda els infants a comprendre millor les matem\u00e0tiques i a aplicar-les de manera pr\u00e0ctica i significativa en el seu dia a dia.<\/p>\n\n\n\n<p>A l&#8217;escola el treballem amb grup desdoblat amb el suport quinzenal de la mentora de PCMat.<\/p>\n\n\n\n        <div class=\"wp-block-getwid-post-carousel custom-post-type-post has-slides-gap-small is-carousel has-arrows-inside has-dots-outside\">\n            <div data-slider-option=\"{&quot;sliderSlidesToShowDesktop&quot;:&quot;2&quot;,&quot;getwid_slidesToShowLaptop&quot;:&quot;1&quot;,&quot;getwid_slidesToShowTablet&quot;:&quot;1&quot;,&quot;getwid_slidesToShowMobile&quot;:&quot;1&quot;,&quot;getwid_autoplay_speed&quot;:6000,&quot;getwid_animation_speed&quot;:800,&quot;getwid_slidesToScroll&quot;:&quot;1&quot;,&quot;getwid_autoplay&quot;:false,&quot;getwid_pause_on_hover&quot;:false,&quot;getwid_infinite&quot;:true,&quot;getwid_center_mode&quot;:false,&quot;getwid_arrows&quot;:&quot;inside&quot;,&quot;getwid_dots&quot;:&quot;outside&quot;}\" class=\"wp-block-getwid-post-carousel__wrapper\">\n                \t\t\t\t\t\t\t<div class=\"wp-block-getwid-post-carousel__slide\">\n\t\t\t\t\t\t\t\t\n<div class=\"wp-block-getwid-post-carousel__post\">\n            <div class=\"wp-block-getwid-post-carousel__post-thumbnail\">\n            <a href=\"https:\/\/agora.xtec.cat\/esc-rmuntanerlh\/primaria\/2n\/fem-matematiques-de-manera-diferent\/\"><img loading=\"lazy\" decoding=\"async\" width=\"768\" height=\"432\" src=\"https:\/\/agora.xtec.cat\/esc-rmuntanerlh\/wp-content\/uploads\/usu2174\/2026\/05\/20260520_120321-Copy.jpg\" class=\"attachment-post-thumbnail size-post-thumbnail wp-post-image\" alt=\"\" srcset=\"https:\/\/agora.xtec.cat\/esc-rmuntanerlh\/wp-content\/uploads\/usu2174\/2026\/05\/20260520_120321-Copy.jpg 768w, https:\/\/agora.xtec.cat\/esc-rmuntanerlh\/wp-content\/uploads\/usu2174\/2026\/05\/20260520_120321-Copy-300x169.jpg 300w\" sizes=\"auto, (max-width: 768px) 100vw, 768px\" \/><\/a>\n        <\/div>\n        <div class=\"wp-block-getwid-post-carousel__post-content-wrapper\">\n        <div class=\"wp-block-getwid-post-carousel__post-header\">\n            <h3 class=\"wp-block-getwid-post-carousel__post-title\"><a href=\"https:\/\/agora.xtec.cat\/esc-rmuntanerlh\/primaria\/2n\/fem-matematiques-de-manera-diferent\/\">Fem matem\u00e0tiques de manera diferent<\/a><\/h3>        <\/div>\n        <div class=\"wp-block-getwid-post-carousel__post-excerpt\"><p>A la classe de 2n de Prim\u00e0ria hem gaudit d\u2019una sessi\u00f3 de matem\u00e0tiques amb jocs de pensament computacional desendollat, una manera divertida d\u2019aprendre a resoldre problemes sense utilitzar ordinadors. A trav\u00e9s de reptes i activitats de l\u00f2gica, els infants han treballat habilitats com la seq\u00fcenciaci\u00f3, l\u2019orientaci\u00f3 espacial, la cooperaci\u00f3 i el pensament creatiu. Mitjan\u00e7ant el [&hellip;]<\/p>\n<\/div>\n    <\/div>\n<\/div>\n\n\t\t\t\t\t\t\t<\/div>\n\t\t\t\t\t\t\t\t\t\t\t\t\t<div class=\"wp-block-getwid-post-carousel__slide\">\n\t\t\t\t\t\t\t\t\n<div class=\"wp-block-getwid-post-carousel__post\">\n            <div class=\"wp-block-getwid-post-carousel__post-thumbnail\">\n            <a href=\"https:\/\/agora.xtec.cat\/esc-rmuntanerlh\/portada\/ens-convertim-en-analistes-de-dades\/\"><img loading=\"lazy\" decoding=\"async\" width=\"800\" height=\"450\" src=\"https:\/\/agora.xtec.cat\/esc-rmuntanerlh\/wp-content\/uploads\/usu2174\/2026\/01\/IMG-20260122-WA0005-Copy.jpg\" class=\"attachment-post-thumbnail size-post-thumbnail wp-post-image\" alt=\"\" srcset=\"https:\/\/agora.xtec.cat\/esc-rmuntanerlh\/wp-content\/uploads\/usu2174\/2026\/01\/IMG-20260122-WA0005-Copy.jpg 800w, https:\/\/agora.xtec.cat\/esc-rmuntanerlh\/wp-content\/uploads\/usu2174\/2026\/01\/IMG-20260122-WA0005-Copy-300x169.jpg 300w, https:\/\/agora.xtec.cat\/esc-rmuntanerlh\/wp-content\/uploads\/usu2174\/2026\/01\/IMG-20260122-WA0005-Copy-768x432.jpg 768w\" sizes=\"auto, (max-width: 800px) 100vw, 800px\" \/><\/a>\n        <\/div>\n        <div class=\"wp-block-getwid-post-carousel__post-content-wrapper\">\n        <div class=\"wp-block-getwid-post-carousel__post-header\">\n            <h3 class=\"wp-block-getwid-post-carousel__post-title\"><a href=\"https:\/\/agora.xtec.cat\/esc-rmuntanerlh\/portada\/ens-convertim-en-analistes-de-dades\/\">Ens convertim en analistes de dades<\/a><\/h3>        <\/div>\n        <div class=\"wp-block-getwid-post-carousel__post-excerpt\"><p>En aquesta proposta de PCmat ens convertim en analistes de dades professionals amb un enc\u00e0rrec: investigar les dist\u00e0ncies que recorre cada alumne per arribar a l&#8217;escola. Per desenvolupar-la farem recollida de dades reals, mesura i representaci\u00f3 gr\u00e0fica.\u00a0 Farem servir plaques Micro:bit i Google Maps, tot desenvolupant el pensament computacional i treballant l&#8217;estad\u00edstica i les matem\u00e0tiques [&hellip;]<\/p>\n<\/div>\n    <\/div>\n<\/div>\n\n\t\t\t\t\t\t\t<\/div>\n\t\t\t\t\t\t\t\t\t\t\t\t\t<div class=\"wp-block-getwid-post-carousel__slide\">\n\t\t\t\t\t\t\t\t\n<div class=\"wp-block-getwid-post-carousel__post\">\n            <div class=\"wp-block-getwid-post-carousel__post-thumbnail\">\n            <a href=\"https:\/\/agora.xtec.cat\/esc-rmuntanerlh\/portada\/pcmat\/\"><img loading=\"lazy\" decoding=\"async\" width=\"600\" height=\"338\" src=\"https:\/\/agora.xtec.cat\/esc-rmuntanerlh\/wp-content\/uploads\/usu2174\/2025\/11\/20251030_152317-Copy.jpg\" class=\"attachment-post-thumbnail size-post-thumbnail wp-post-image\" alt=\"\" srcset=\"https:\/\/agora.xtec.cat\/esc-rmuntanerlh\/wp-content\/uploads\/usu2174\/2025\/11\/20251030_152317-Copy.jpg 600w, https:\/\/agora.xtec.cat\/esc-rmuntanerlh\/wp-content\/uploads\/usu2174\/2025\/11\/20251030_152317-Copy-300x169.jpg 300w\" sizes=\"auto, (max-width: 600px) 100vw, 600px\" \/><\/a>\n        <\/div>\n        <div class=\"wp-block-getwid-post-carousel__post-content-wrapper\">\n        <div class=\"wp-block-getwid-post-carousel__post-header\">\n            <h3 class=\"wp-block-getwid-post-carousel__post-title\"><a href=\"https:\/\/agora.xtec.cat\/esc-rmuntanerlh\/portada\/pcmat\/\">PCMAT<\/a><\/h3>        <\/div>\n        <div class=\"wp-block-getwid-post-carousel__post-excerpt\"><p>Aquest curs l&#8217;escola participa en el programa PCMAT, un programa pensat per millorar la compet\u00e8ncia matem\u00e0tica de l&#8217;alumnat de Cicle Superior a trav\u00e9s del pensament computacional, la programaci\u00f3 i la rob\u00f2tica educativa. Amb l&#8217;ajuda de la mentora PCMAT, que el Departament ha posat a l&#8217;abast de l&#8217;escola per guiar la pr\u00e0ctica docent en aquest programa, [&hellip;]<\/p>\n<\/div>\n    <\/div>\n<\/div>\n\n\t\t\t\t\t\t\t<\/div>\n\t\t\t\t\t\t            <\/div>\n        <\/div>\n        ","protected":false},"excerpt":{"rendered":"<p>El programa PCMAT (Pensament Computacional a Matem\u00e0tiques) \u00e9s una iniciativa del Departament d\u2019Educaci\u00f3 de la Generalitat de Catalunya que promou l\u2019aprenentatge de les matem\u00e0tiques a trav\u00e9s del raonament, la resoluci\u00f3 de problemes i les estrat\u00e8gies pr\u00f2pies del pensament computacional. A l\u2019aula, l\u2019alumnat de Cicle Superior treballa situacions reals i reptes matem\u00e0tics que fomenten la creativitat, [&hellip;]<\/p>\n","protected":false},"author":1,"featured_media":0,"parent":9344,"menu_order":0,"comment_status":"closed","ping_status":"closed","template":"","meta":{"_bbp_topic_count":0,"_bbp_reply_count":0,"_bbp_total_topic_count":0,"_bbp_total_reply_count":0,"_bbp_voice_count":0,"_bbp_anonymous_reply_count":0,"_bbp_topic_count_hidden":0,"_bbp_reply_count_hidden":0,"_bbp_forum_subforum_count":0,"site-sidebar-layout":"default","site-content-layout":"","ast-site-content-layout":"default","site-content-style":"default","site-sidebar-style":"default","ast-global-header-display":"","ast-banner-title-visibility":"","ast-main-header-display":"","ast-hfb-above-header-display":"","ast-hfb-below-header-display":"","ast-hfb-mobile-header-display":"","site-post-title":"","ast-breadcrumbs-content":"","ast-featured-img":"","footer-sml-layout":"","theme-transparent-header-meta":"","adv-header-id-meta":"","stick-header-meta":"","header-above-stick-meta":"","header-main-stick-meta":"","header-below-stick-meta":"","astra-migrate-meta-layouts":"set","ast-page-background-enabled":"default","ast-page-background-meta":{"desktop":{"background-color":"var(--ast-global-color-4)","background-image":"","background-repeat":"repeat","background-position":"center center","background-size":"auto","background-attachment":"scroll","background-type":"","background-media":"","overlay-type":"","overlay-color":"","overlay-opacity":"","overlay-gradient":""},"tablet":{"background-color":"","background-image":"","background-repeat":"repeat","background-position":"center center","background-size":"auto","background-attachment":"scroll","background-type":"","background-media":"","overlay-type":"","overlay-color":"","overlay-opacity":"","overlay-gradient":""},"mobile":{"background-color":"","background-image":"","background-repeat":"repeat","background-position":"center center","background-size":"auto","background-attachment":"scroll","background-type":"","background-media":"","overlay-type":"","overlay-color":"","overlay-opacity":"","overlay-gradient":""}},"ast-content-background-meta":{"desktop":{"background-color":"var(--ast-global-color-5)","background-image":"","background-repeat":"repeat","background-position":"center center","background-size":"auto","background-attachment":"scroll","background-type":"","background-media":"","overlay-type":"","overlay-color":"","overlay-opacity":"","overlay-gradient":""},"tablet":{"background-color":"var(--ast-global-color-5)","background-image":"","background-repeat":"repeat","background-position":"center center","background-size":"auto","background-attachment":"scroll","background-type":"","background-media":"","overlay-type":"","overlay-color":"","overlay-opacity":"","overlay-gradient":""},"mobile":{"background-color":"var(--ast-global-color-5)","background-image":"","background-repeat":"repeat","background-position":"center center","background-size":"auto","background-attachment":"scroll","background-type":"","background-media":"","overlay-type":"","overlay-color":"","overlay-opacity":"","overlay-gradient":""}},"footnotes":""},"class_list":["post-10089","page","type-page","status-publish","hentry"],"post_mailing_queue_ids":[],"_links":{"self":[{"href":"https:\/\/agora.xtec.cat\/esc-rmuntanerlh\/wp-json\/wp\/v2\/pages\/10089","targetHints":{"allow":["GET"]}}],"collection":[{"href":"https:\/\/agora.xtec.cat\/esc-rmuntanerlh\/wp-json\/wp\/v2\/pages"}],"about":[{"href":"https:\/\/agora.xtec.cat\/esc-rmuntanerlh\/wp-json\/wp\/v2\/types\/page"}],"author":[{"embeddable":true,"href":"https:\/\/agora.xtec.cat\/esc-rmuntanerlh\/wp-json\/wp\/v2\/users\/1"}],"replies":[{"embeddable":true,"href":"https:\/\/agora.xtec.cat\/esc-rmuntanerlh\/wp-json\/wp\/v2\/comments?post=10089"}],"version-history":[{"count":1,"href":"https:\/\/agora.xtec.cat\/esc-rmuntanerlh\/wp-json\/wp\/v2\/pages\/10089\/revisions"}],"predecessor-version":[{"id":10090,"href":"https:\/\/agora.xtec.cat\/esc-rmuntanerlh\/wp-json\/wp\/v2\/pages\/10089\/revisions\/10090"}],"up":[{"embeddable":true,"href":"https:\/\/agora.xtec.cat\/esc-rmuntanerlh\/wp-json\/wp\/v2\/pages\/9344"}],"wp:attachment":[{"href":"https:\/\/agora.xtec.cat\/esc-rmuntanerlh\/wp-json\/wp\/v2\/media?parent=10089"}],"curies":[{"name":"wp","href":"https:\/\/api.w.org\/{rel}","templated":true}]}}

<p>El programa PCMAT (Pensament Computacional a Matemàtiques) és una iniciativa del Departament d’Educació de la Generalitat de Catalunya que promou l’aprenentatge de les matemàtiques a través del raonament, la resolució de problemes i les estratègies pròpies del pensament computacional.</p>



<p>A l’aula, l’alumnat de Cicle Superior treballa situacions reals i reptes matemàtics que fomenten la creativitat, el treball cooperatiu i el desenvolupament d’habilitats digitals i lògiques. Aquest enfocament ajuda els infants a comprendre millor les matemàtiques i a aplicar-les de manera pràctica i significativa en el seu dia a dia.</p>



<p>A l&#8217;escola el treballem amb grup desdoblat amb el suport quinzenal de la mentora de PCMat.</p>



        <div class="wp-block-getwid-post-carousel custom-post-type-post has-slides-gap-small is-carousel has-arrows-inside has-dots-outside">
            <div data-slider-option="{&quot;sliderSlidesToShowDesktop&quot;:&quot;2&quot;,&quot;getwid_slidesToShowLaptop&quot;:&quot;1&quot;,&quot;getwid_slidesToShowTablet&quot;:&quot;1&quot;,&quot;getwid_slidesToShowMobile&quot;:&quot;1&quot;,&quot;getwid_autoplay_speed&quot;:6000,&quot;getwid_animation_speed&quot;:800,&quot;getwid_slidesToScroll&quot;:&quot;1&quot;,&quot;getwid_autoplay&quot;:false,&quot;getwid_pause_on_hover&quot;:false,&quot;getwid_infinite&quot;:true,&quot;getwid_center_mode&quot;:false,&quot;getwid_arrows&quot;:&quot;inside&quot;,&quot;getwid_dots&quot;:&quot;outside&quot;}" class="wp-block-getwid-post-carousel__wrapper">
                							<div class="wp-block-getwid-post-carousel__slide">
								
<div class="wp-block-getwid-post-carousel__post">
            <div class="wp-block-getwid-post-carousel__post-thumbnail">
            <a href="https://agora.xtec.cat/esc-rmuntanerlh/primaria/2n/fem-matematiques-de-manera-diferent/"><img loading="lazy" decoding="async" width="768" height="432" src="https://agora.xtec.cat/esc-rmuntanerlh/wp-content/uploads/usu2174/2026/05/20260520_120321-Copy.jpg" class="attachment-post-thumbnail size-post-thumbnail wp-post-image" alt="" srcset="https://agora.xtec.cat/esc-rmuntanerlh/wp-content/uploads/usu2174/2026/05/20260520_120321-Copy.jpg 768w, https://agora.xtec.cat/esc-rmuntanerlh/wp-content/uploads/usu2174/2026/05/20260520_120321-Copy-300x169.jpg 300w" sizes="auto, (max-width: 768px) 100vw, 768px" /></a>
        </div>
        <div class="wp-block-getwid-post-carousel__post-content-wrapper">
        <div class="wp-block-getwid-post-carousel__post-header">
            <h3 class="wp-block-getwid-post-carousel__post-title"><a href="https://agora.xtec.cat/esc-rmuntanerlh/primaria/2n/fem-matematiques-de-manera-diferent/">Fem matemàtiques de manera diferent</a></h3>        </div>
        <div class="wp-block-getwid-post-carousel__post-excerpt"><p>A la classe de 2n de Primària hem gaudit d’una sessió de matemàtiques amb jocs de pensament computacional desendollat, una manera divertida d’aprendre a resoldre problemes sense utilitzar ordinadors. A través de reptes i activitats de lògica, els infants han treballat habilitats com la seqüenciació, l’orientació espacial, la cooperació i el pensament creatiu. Mitjançant el [&hellip;]</p>
</div>
    </div>
</div>

							</div>
													<div class="wp-block-getwid-post-carousel__slide">
								
<div class="wp-block-getwid-post-carousel__post">
            <div class="wp-block-getwid-post-carousel__post-thumbnail">
            <a href="https://agora.xtec.cat/esc-rmuntanerlh/portada/ens-convertim-en-analistes-de-dades/"><img loading="lazy" decoding="async" width="800" height="450" src="https://agora.xtec.cat/esc-rmuntanerlh/wp-content/uploads/usu2174/2026/01/IMG-20260122-WA0005-Copy.jpg" class="attachment-post-thumbnail size-post-thumbnail wp-post-image" alt="" srcset="https://agora.xtec.cat/esc-rmuntanerlh/wp-content/uploads/usu2174/2026/01/IMG-20260122-WA0005-Copy.jpg 800w, https://agora.xtec.cat/esc-rmuntanerlh/wp-content/uploads/usu2174/2026/01/IMG-20260122-WA0005-Copy-300x169.jpg 300w, https://agora.xtec.cat/esc-rmuntanerlh/wp-content/uploads/usu2174/2026/01/IMG-20260122-WA0005-Copy-768x432.jpg 768w" sizes="auto, (max-width: 800px) 100vw, 800px" /></a>
        </div>
        <div class="wp-block-getwid-post-carousel__post-content-wrapper">
        <div class="wp-block-getwid-post-carousel__post-header">
            <h3 class="wp-block-getwid-post-carousel__post-title"><a href="https://agora.xtec.cat/esc-rmuntanerlh/portada/ens-convertim-en-analistes-de-dades/">Ens convertim en analistes de dades</a></h3>        </div>
        <div class="wp-block-getwid-post-carousel__post-excerpt"><p>En aquesta proposta de PCmat ens convertim en analistes de dades professionals amb un encàrrec: investigar les distàncies que recorre cada alumne per arribar a l&#8217;escola. Per desenvolupar-la farem recollida de dades reals, mesura i representació gràfica.  Farem servir plaques Micro:bit i Google Maps, tot desenvolupant el pensament computacional i treballant l&#8217;estadística i les matemàtiques [&hellip;]</p>
</div>
    </div>
</div>

							</div>
													<div class="wp-block-getwid-post-carousel__slide">
								
<div class="wp-block-getwid-post-carousel__post">
            <div class="wp-block-getwid-post-carousel__post-thumbnail">
            <a href="https://agora.xtec.cat/esc-rmuntanerlh/portada/pcmat/"><img loading="lazy" decoding="async" width="600" height="338" src="https://agora.xtec.cat/esc-rmuntanerlh/wp-content/uploads/usu2174/2025/11/20251030_152317-Copy.jpg" class="attachment-post-thumbnail size-post-thumbnail wp-post-image" alt="" srcset="https://agora.xtec.cat/esc-rmuntanerlh/wp-content/uploads/usu2174/2025/11/20251030_152317-Copy.jpg 600w, https://agora.xtec.cat/esc-rmuntanerlh/wp-content/uploads/usu2174/2025/11/20251030_152317-Copy-300x169.jpg 300w" sizes="auto, (max-width: 600px) 100vw, 600px" /></a>
        </div>
        <div class="wp-block-getwid-post-carousel__post-content-wrapper">
        <div class="wp-block-getwid-post-carousel__post-header">
            <h3 class="wp-block-getwid-post-carousel__post-title"><a href="https://agora.xtec.cat/esc-rmuntanerlh/portada/pcmat/">PCMAT</a></h3>        </div>
        <div class="wp-block-getwid-post-carousel__post-excerpt"><p>Aquest curs l&#8217;escola participa en el programa PCMAT, un programa pensat per millorar la competència matemàtica de l&#8217;alumnat de Cicle Superior a través del pensament computacional, la programació i la robòtica educativa. Amb l&#8217;ajuda de la mentora PCMAT, que el Departament ha posat a l&#8217;abast de l&#8217;escola per guiar la pràctica docent en aquest programa, [&hellip;]</p>
</div>
    </div>
</div>

							</div>
						            </div>
        </div>

<p>El programa PCMAT (Pensament Computacional a Matemàtiques) és una iniciativa del Departament d’Educació de la Generalitat de Catalunya que promou l’aprenentatge de les matemàtiques a través del raonament, la resolució de problemes i les estratègies pròpies del pensament computacional. A l’aula, l’alumnat de Cicle Superior treballa situacions reals i reptes matemàtics que fomenten la creativitat, [&hellip;]</p>
