{"id":10084,"date":"2026-09-02T18:00:00","date_gmt":"2026-09-02T16:00:00","guid":{"rendered":"https:\/\/agora.xtec.cat\/esc-rmuntanerlh\/?page_id=10084"},"modified":"2026-09-02T18:00:34","modified_gmt":"2026-09-02T16:00:34","slug":"foment-de-la-lectura","status":"publish","type":"page","link":"https:\/\/agora.xtec.cat\/esc-rmuntanerlh\/projecte-educatiu\/projectes-escolars\/foment-de-la-lectura\/","title":{"rendered":"Foment de la lectura"},"content":{"rendered":"\n<p>El foment de la lectura \u00e9s un dels eixos importants del nostre projecte educatiu, amb l\u2019objectiu de despertar el gust per llegir i convertir la lectura en una experi\u00e8ncia plaent i enriquidora. Per aix\u00f2, al llarg del curs es duen a terme diverses activitats que apropen els llibres i les hist\u00f2ries a l\u2019alumnat d\u2019una manera motivadora i compartida.<\/p>\n\n\n\n<p>Entre aquestes propostes destaca el programa \u201cLlegir en parella\u201d, una activitat cooperativa on els alumnes comparteixen moments de lectura i aprenentatge entre iguals, fomentant la comprensi\u00f3 lectora, l\u2019expressi\u00f3 oral, la responsabilitat i l\u2019ajuda m\u00fatua. Tot plegat contribueix a fer de la lectura una eina de creixement personal, aprenentatge i conviv\u00e8ncia.<\/p>\n\n\n\n<p>A m\u00e9s a m\u00e9s, el bibliopati, un espai de lectura durant l\u2019estona d\u2019esbarjo que permet als infants gaudir dels llibres en un ambient tranquil i agradable. Tamb\u00e9 es promou el rac\u00f3 de lectura a les aules i fora d&#8217;elles, amb recomanacions de llibres adaptades als interessos i edats de l\u2019alumnat per afavorir l\u2019h\u00e0bit lector.<\/p>\n\n\n\n        <div class=\"wp-block-getwid-post-carousel custom-post-type-post has-slides-gap-small is-carousel has-arrows-inside has-dots-outside\">\n            <div data-slider-option=\"{&quot;sliderSlidesToShowDesktop&quot;:&quot;2&quot;,&quot;getwid_slidesToShowLaptop&quot;:&quot;1&quot;,&quot;getwid_slidesToShowTablet&quot;:&quot;1&quot;,&quot;getwid_slidesToShowMobile&quot;:&quot;1&quot;,&quot;getwid_autoplay_speed&quot;:6000,&quot;getwid_animation_speed&quot;:800,&quot;getwid_slidesToScroll&quot;:&quot;1&quot;,&quot;getwid_autoplay&quot;:false,&quot;getwid_pause_on_hover&quot;:false,&quot;getwid_infinite&quot;:true,&quot;getwid_center_mode&quot;:false,&quot;getwid_arrows&quot;:&quot;inside&quot;,&quot;getwid_dots&quot;:&quot;outside&quot;}\" class=\"wp-block-getwid-post-carousel__wrapper\">\n                \t\t\t\t\t\t\t<div class=\"wp-block-getwid-post-carousel__slide\">\n\t\t\t\t\t\t\t\t\n<div class=\"wp-block-getwid-post-carousel__post\">\n            <div class=\"wp-block-getwid-post-carousel__post-thumbnail\">\n            <a href=\"https:\/\/agora.xtec.cat\/esc-rmuntanerlh\/general\/neix-la-nostra-bibliopati%f0%9f%93%9a\/\"><img loading=\"lazy\" decoding=\"async\" width=\"674\" height=\"374\" src=\"https:\/\/agora.xtec.cat\/esc-rmuntanerlh\/wp-content\/uploads\/usu2174\/2026\/03\/Captura-de-pantalla-2026-03-21-a-las-21.57.18.png\" class=\"attachment-post-thumbnail size-post-thumbnail wp-post-image\" alt=\"\" srcset=\"https:\/\/agora.xtec.cat\/esc-rmuntanerlh\/wp-content\/uploads\/usu2174\/2026\/03\/Captura-de-pantalla-2026-03-21-a-las-21.57.18.png 674w, https:\/\/agora.xtec.cat\/esc-rmuntanerlh\/wp-content\/uploads\/usu2174\/2026\/03\/Captura-de-pantalla-2026-03-21-a-las-21.57.18-300x166.png 300w\" sizes=\"auto, (max-width: 674px) 100vw, 674px\" \/><\/a>\n        <\/div>\n        <div class=\"wp-block-getwid-post-carousel__post-content-wrapper\">\n        <div class=\"wp-block-getwid-post-carousel__post-header\">\n            <h3 class=\"wp-block-getwid-post-carousel__post-title\"><a href=\"https:\/\/agora.xtec.cat\/esc-rmuntanerlh\/general\/neix-la-nostra-bibliopati%f0%9f%93%9a\/\">Neix la nostra Bibliopati\ud83d\udcda<\/a><\/h3>        <\/div>\n        <div class=\"wp-block-getwid-post-carousel__post-excerpt\"><p>Amb molta il\u00b7lusi\u00f3, la setmana passada vam posar en marxa aquest nou espai als patis d\u2019infantil i prim\u00e0ria! Un espai pensat per fomentar el gust per la lectura d\u2019una manera tranquil\u00b7la i agradable. A les nostres Bibliopatis trobareu una selecci\u00f3 de llibres adaptats a cada edat, perqu\u00e8 els infants puguin descobrir hist\u00f2ries que els emocionin, [&hellip;]<\/p>\n<\/div>\n    <\/div>\n<\/div>\n\n\t\t\t\t\t\t\t<\/div>\n\t\t\t\t\t\t\t\t\t\t\t\t\t<div class=\"wp-block-getwid-post-carousel__slide\">\n\t\t\t\t\t\t\t\t\n<div class=\"wp-block-getwid-post-carousel__post\">\n            <div class=\"wp-block-getwid-post-carousel__post-thumbnail\">\n            <a href=\"https:\/\/agora.xtec.cat\/esc-rmuntanerlh\/primaria\/2n\/visitem-la-biblioteca-del-barri-2\/\"><img loading=\"lazy\" decoding=\"async\" width=\"806\" height=\"744\" src=\"https:\/\/agora.xtec.cat\/esc-rmuntanerlh\/wp-content\/uploads\/usu2174\/2025\/11\/Captura-de-pantalla-2025-11-24-a-las-17.49.51.png\" class=\"attachment-post-thumbnail size-post-thumbnail wp-post-image\" alt=\"\" srcset=\"https:\/\/agora.xtec.cat\/esc-rmuntanerlh\/wp-content\/uploads\/usu2174\/2025\/11\/Captura-de-pantalla-2025-11-24-a-las-17.49.51.png 806w, https:\/\/agora.xtec.cat\/esc-rmuntanerlh\/wp-content\/uploads\/usu2174\/2025\/11\/Captura-de-pantalla-2025-11-24-a-las-17.49.51-300x277.png 300w, https:\/\/agora.xtec.cat\/esc-rmuntanerlh\/wp-content\/uploads\/usu2174\/2025\/11\/Captura-de-pantalla-2025-11-24-a-las-17.49.51-768x709.png 768w\" sizes=\"auto, (max-width: 806px) 100vw, 806px\" \/><\/a>\n        <\/div>\n        <div class=\"wp-block-getwid-post-carousel__post-content-wrapper\">\n        <div class=\"wp-block-getwid-post-carousel__post-header\">\n            <h3 class=\"wp-block-getwid-post-carousel__post-title\"><a href=\"https:\/\/agora.xtec.cat\/esc-rmuntanerlh\/primaria\/2n\/visitem-la-biblioteca-del-barri-2\/\">Visitem la biblioteca del barri\u00a0<\/a><\/h3>        <\/div>\n        <div class=\"wp-block-getwid-post-carousel__post-excerpt\"><p>Divendres passat, els infants de 2n van visitar la biblioteca del barri i van viure una experi\u00e8ncia fant\u00e0stica! La bibliotec\u00e0ria els va ensenyar tot el que poden trobar-hi i els va llegir un conte que els ha encantat. Despr\u00e9s, van gaudir d\u2019una estona de lectura aut\u00f2noma en un ambient tranquil i acollidor. Sortides com aquesta [&hellip;]<\/p>\n<\/div>\n    <\/div>\n<\/div>\n\n\t\t\t\t\t\t\t<\/div>\n\t\t\t\t\t\t\t\t\t\t\t\t\t<div class=\"wp-block-getwid-post-carousel__slide\">\n\t\t\t\t\t\t\t\t\n<div class=\"wp-block-getwid-post-carousel__post\">\n        <div class=\"wp-block-getwid-post-carousel__post-content-wrapper\">\n        <div class=\"wp-block-getwid-post-carousel__post-header\">\n            <h3 class=\"wp-block-getwid-post-carousel__post-title\"><a href=\"https:\/\/agora.xtec.cat\/esc-rmuntanerlh\/primaria\/5e\/5e-sortida-a-la-biblioteca-de-bellvitge-activitat-de-recepta-i-lectura-divendres-17-10-2025\/\">5\u00e8 &#8211; Sortida a la biblioteca de Bellvitge &#8211; Activitat de recepta i lectura  17\/10\/2025<\/a><\/h3>        <\/div>\n        <div class=\"wp-block-getwid-post-carousel__post-excerpt\"><p>El passat divendres 17\/10\/2025 el alumnes de 5\u00e8 van anar a fer una activitat a la BIBLIOTECA DE BELLVITGE. Durant una hora, en grups, van estar elaborant una recepta de cuina i per fer-la havien de seguir unes instruccions per esbrinar els ingredients que havien de trobar en 4 llibres diferents. Finalment havien de redactar [&hellip;]<\/p>\n<\/div>\n    <\/div>\n<\/div>\n\n\t\t\t\t\t\t\t<\/div>\n\t\t\t\t\t\t\t\t\t\t\t\t\t<div class=\"wp-block-getwid-post-carousel__slide\">\n\t\t\t\t\t\t\t\t\n<div class=\"wp-block-getwid-post-carousel__post\">\n            <div class=\"wp-block-getwid-post-carousel__post-thumbnail\">\n            <a href=\"https:\/\/agora.xtec.cat\/esc-rmuntanerlh\/general\/motxilla-viatgera-i3-24-25\/\"><img loading=\"lazy\" decoding=\"async\" width=\"474\" height=\"500\" src=\"https:\/\/agora.xtec.cat\/esc-rmuntanerlh\/wp-content\/uploads\/usu2174\/2024\/12\/camara.jpg\" class=\"attachment-post-thumbnail size-post-thumbnail wp-post-image\" alt=\"\" srcset=\"https:\/\/agora.xtec.cat\/esc-rmuntanerlh\/wp-content\/uploads\/usu2174\/2024\/12\/camara.jpg 474w, https:\/\/agora.xtec.cat\/esc-rmuntanerlh\/wp-content\/uploads\/usu2174\/2024\/12\/camara-284x300.jpg 284w\" sizes=\"auto, (max-width: 474px) 100vw, 474px\" \/><\/a>\n        <\/div>\n        <div class=\"wp-block-getwid-post-carousel__post-content-wrapper\">\n        <div class=\"wp-block-getwid-post-carousel__post-header\">\n            <h3 class=\"wp-block-getwid-post-carousel__post-title\"><a href=\"https:\/\/agora.xtec.cat\/esc-rmuntanerlh\/general\/motxilla-viatgera-i3-24-25\/\">MOTXILLA VIATGERA I3 24-25<\/a><\/h3>        <\/div>\n        <div class=\"wp-block-getwid-post-carousel__post-excerpt\"><p>Em desitjat que arribes el divendres per veure\u00a0 qui seria el seg\u00fcent infant que li tocava gaudir de la motxilla viatgera, explicar-nos com li ha anat el cap de setmana amb la motxilla viatgera i \u00a0quin dels tres contes que hi havia a la motxilla va ser el que m\u00e9s li va agradar i\u00a0 amb [&hellip;]<\/p>\n<\/div>\n    <\/div>\n<\/div>\n\n\t\t\t\t\t\t\t<\/div>\n\t\t\t\t\t\t\t\t\t\t\t\t\t<div class=\"wp-block-getwid-post-carousel__slide\">\n\t\t\t\t\t\t\t\t\n<div class=\"wp-block-getwid-post-carousel__post\">\n        <div class=\"wp-block-getwid-post-carousel__post-content-wrapper\">\n        <div class=\"wp-block-getwid-post-carousel__post-header\">\n            <h3 class=\"wp-block-getwid-post-carousel__post-title\"><a href=\"https:\/\/agora.xtec.cat\/esc-rmuntanerlh\/general\/motxilla-viatgera-a-i5-16\/\">MOTXILLA VIATGERA A I5!!<\/a><\/h3>        <\/div>\n        <div class=\"wp-block-getwid-post-carousel__post-excerpt\"><p>Aquesta setmana en Dallas ha estat l\u2019encarregat d\u2019explicar-nos com li ha anat el cap de setmana amb la motxilla viatgera. En ha explicat que ha mirat els contes amb la seva mare. Amb en Dallas donem per finalitzada la motxilla viatgera donat que tots els nens i les nenes d&#8217;I5 ja l&#8217;han pogut gaudir a [&hellip;]<\/p>\n<\/div>\n    <\/div>\n<\/div>\n\n\t\t\t\t\t\t\t<\/div>\n\t\t\t\t\t\t            <\/div>\n        <\/div>\n        \n\n\n<p><\/p>\n","protected":false},"excerpt":{"rendered":"<p>El foment de la lectura \u00e9s un dels eixos importants del nostre projecte educatiu, amb l\u2019objectiu de despertar el gust per llegir i convertir la lectura en una experi\u00e8ncia plaent i enriquidora. Per aix\u00f2, al llarg del curs es duen a terme diverses activitats que apropen els llibres i les hist\u00f2ries a l\u2019alumnat d\u2019una manera [&hellip;]<\/p>\n","protected":false},"author":1,"featured_media":0,"parent":9344,"menu_order":0,"comment_status":"closed","ping_status":"closed","template":"","meta":{"_bbp_topic_count":0,"_bbp_reply_count":0,"_bbp_total_topic_count":0,"_bbp_total_reply_count":0,"_bbp_voice_count":0,"_bbp_anonymous_reply_count":0,"_bbp_topic_count_hidden":0,"_bbp_reply_count_hidden":0,"_bbp_forum_subforum_count":0,"site-sidebar-layout":"default","site-content-layout":"","ast-site-content-layout":"default","site-content-style":"default","site-sidebar-style":"default","ast-global-header-display":"","ast-banner-title-visibility":"","ast-main-header-display":"","ast-hfb-above-header-display":"","ast-hfb-below-header-display":"","ast-hfb-mobile-header-display":"","site-post-title":"","ast-breadcrumbs-content":"","ast-featured-img":"","footer-sml-layout":"","theme-transparent-header-meta":"","adv-header-id-meta":"","stick-header-meta":"","header-above-stick-meta":"","header-main-stick-meta":"","header-below-stick-meta":"","astra-migrate-meta-layouts":"set","ast-page-background-enabled":"default","ast-page-background-meta":{"desktop":{"background-color":"var(--ast-global-color-4)","background-image":"","background-repeat":"repeat","background-position":"center center","background-size":"auto","background-attachment":"scroll","background-type":"","background-media":"","overlay-type":"","overlay-color":"","overlay-opacity":"","overlay-gradient":""},"tablet":{"background-color":"","background-image":"","background-repeat":"repeat","background-position":"center center","background-size":"auto","background-attachment":"scroll","background-type":"","background-media":"","overlay-type":"","overlay-color":"","overlay-opacity":"","overlay-gradient":""},"mobile":{"background-color":"","background-image":"","background-repeat":"repeat","background-position":"center center","background-size":"auto","background-attachment":"scroll","background-type":"","background-media":"","overlay-type":"","overlay-color":"","overlay-opacity":"","overlay-gradient":""}},"ast-content-background-meta":{"desktop":{"background-color":"var(--ast-global-color-5)","background-image":"","background-repeat":"repeat","background-position":"center center","background-size":"auto","background-attachment":"scroll","background-type":"","background-media":"","overlay-type":"","overlay-color":"","overlay-opacity":"","overlay-gradient":""},"tablet":{"background-color":"var(--ast-global-color-5)","background-image":"","background-repeat":"repeat","background-position":"center center","background-size":"auto","background-attachment":"scroll","background-type":"","background-media":"","overlay-type":"","overlay-color":"","overlay-opacity":"","overlay-gradient":""},"mobile":{"background-color":"var(--ast-global-color-5)","background-image":"","background-repeat":"repeat","background-position":"center center","background-size":"auto","background-attachment":"scroll","background-type":"","background-media":"","overlay-type":"","overlay-color":"","overlay-opacity":"","overlay-gradient":""}},"footnotes":""},"class_list":["post-10084","page","type-page","status-publish","hentry"],"post_mailing_queue_ids":[],"_links":{"self":[{"href":"https:\/\/agora.xtec.cat\/esc-rmuntanerlh\/wp-json\/wp\/v2\/pages\/10084","targetHints":{"allow":["GET"]}}],"collection":[{"href":"https:\/\/agora.xtec.cat\/esc-rmuntanerlh\/wp-json\/wp\/v2\/pages"}],"about":[{"href":"https:\/\/agora.xtec.cat\/esc-rmuntanerlh\/wp-json\/wp\/v2\/types\/page"}],"author":[{"embeddable":true,"href":"https:\/\/agora.xtec.cat\/esc-rmuntanerlh\/wp-json\/wp\/v2\/users\/1"}],"replies":[{"embeddable":true,"href":"https:\/\/agora.xtec.cat\/esc-rmuntanerlh\/wp-json\/wp\/v2\/comments?post=10084"}],"version-history":[{"count":1,"href":"https:\/\/agora.xtec.cat\/esc-rmuntanerlh\/wp-json\/wp\/v2\/pages\/10084\/revisions"}],"predecessor-version":[{"id":10085,"href":"https:\/\/agora.xtec.cat\/esc-rmuntanerlh\/wp-json\/wp\/v2\/pages\/10084\/revisions\/10085"}],"up":[{"embeddable":true,"href":"https:\/\/agora.xtec.cat\/esc-rmuntanerlh\/wp-json\/wp\/v2\/pages\/9344"}],"wp:attachment":[{"href":"https:\/\/agora.xtec.cat\/esc-rmuntanerlh\/wp-json\/wp\/v2\/media?parent=10084"}],"curies":[{"name":"wp","href":"https:\/\/api.w.org\/{rel}","templated":true}]}}

<p>El foment de la lectura és un dels eixos importants del nostre projecte educatiu, amb l’objectiu de despertar el gust per llegir i convertir la lectura en una experiència plaent i enriquidora. Per això, al llarg del curs es duen a terme diverses activitats que apropen els llibres i les històries a l’alumnat d’una manera motivadora i compartida.</p>



<p>Entre aquestes propostes destaca el programa “Llegir en parella”, una activitat cooperativa on els alumnes comparteixen moments de lectura i aprenentatge entre iguals, fomentant la comprensió lectora, l’expressió oral, la responsabilitat i l’ajuda mútua. Tot plegat contribueix a fer de la lectura una eina de creixement personal, aprenentatge i convivència.</p>



<p>A més a més, el bibliopati, un espai de lectura durant l’estona d’esbarjo que permet als infants gaudir dels llibres en un ambient tranquil i agradable. També es promou el racó de lectura a les aules i fora d&#8217;elles, amb recomanacions de llibres adaptades als interessos i edats de l’alumnat per afavorir l’hàbit lector.</p>



        <div class="wp-block-getwid-post-carousel custom-post-type-post has-slides-gap-small is-carousel has-arrows-inside has-dots-outside">
            <div data-slider-option="{&quot;sliderSlidesToShowDesktop&quot;:&quot;2&quot;,&quot;getwid_slidesToShowLaptop&quot;:&quot;1&quot;,&quot;getwid_slidesToShowTablet&quot;:&quot;1&quot;,&quot;getwid_slidesToShowMobile&quot;:&quot;1&quot;,&quot;getwid_autoplay_speed&quot;:6000,&quot;getwid_animation_speed&quot;:800,&quot;getwid_slidesToScroll&quot;:&quot;1&quot;,&quot;getwid_autoplay&quot;:false,&quot;getwid_pause_on_hover&quot;:false,&quot;getwid_infinite&quot;:true,&quot;getwid_center_mode&quot;:false,&quot;getwid_arrows&quot;:&quot;inside&quot;,&quot;getwid_dots&quot;:&quot;outside&quot;}" class="wp-block-getwid-post-carousel__wrapper">
                							<div class="wp-block-getwid-post-carousel__slide">
								
<div class="wp-block-getwid-post-carousel__post">
            <div class="wp-block-getwid-post-carousel__post-thumbnail">
            <a href="https://agora.xtec.cat/esc-rmuntanerlh/general/neix-la-nostra-bibliopati%f0%9f%93%9a/"><img loading="lazy" decoding="async" width="674" height="374" src="https://agora.xtec.cat/esc-rmuntanerlh/wp-content/uploads/usu2174/2026/03/Captura-de-pantalla-2026-03-21-a-las-21.57.18.png" class="attachment-post-thumbnail size-post-thumbnail wp-post-image" alt="" srcset="https://agora.xtec.cat/esc-rmuntanerlh/wp-content/uploads/usu2174/2026/03/Captura-de-pantalla-2026-03-21-a-las-21.57.18.png 674w, https://agora.xtec.cat/esc-rmuntanerlh/wp-content/uploads/usu2174/2026/03/Captura-de-pantalla-2026-03-21-a-las-21.57.18-300x166.png 300w" sizes="auto, (max-width: 674px) 100vw, 674px" /></a>
        </div>
        <div class="wp-block-getwid-post-carousel__post-content-wrapper">
        <div class="wp-block-getwid-post-carousel__post-header">
            <h3 class="wp-block-getwid-post-carousel__post-title"><a href="https://agora.xtec.cat/esc-rmuntanerlh/general/neix-la-nostra-bibliopati%f0%9f%93%9a/">Neix la nostra Bibliopati📚</a></h3>        </div>
        <div class="wp-block-getwid-post-carousel__post-excerpt"><p>Amb molta il·lusió, la setmana passada vam posar en marxa aquest nou espai als patis d’infantil i primària! Un espai pensat per fomentar el gust per la lectura d’una manera tranquil·la i agradable. A les nostres Bibliopatis trobareu una selecció de llibres adaptats a cada edat, perquè els infants puguin descobrir històries que els emocionin, [&hellip;]</p>
</div>
    </div>
</div>

							</div>
													<div class="wp-block-getwid-post-carousel__slide">
								
<div class="wp-block-getwid-post-carousel__post">
            <div class="wp-block-getwid-post-carousel__post-thumbnail">
            <a href="https://agora.xtec.cat/esc-rmuntanerlh/primaria/2n/visitem-la-biblioteca-del-barri-2/"><img loading="lazy" decoding="async" width="806" height="744" src="https://agora.xtec.cat/esc-rmuntanerlh/wp-content/uploads/usu2174/2025/11/Captura-de-pantalla-2025-11-24-a-las-17.49.51.png" class="attachment-post-thumbnail size-post-thumbnail wp-post-image" alt="" srcset="https://agora.xtec.cat/esc-rmuntanerlh/wp-content/uploads/usu2174/2025/11/Captura-de-pantalla-2025-11-24-a-las-17.49.51.png 806w, https://agora.xtec.cat/esc-rmuntanerlh/wp-content/uploads/usu2174/2025/11/Captura-de-pantalla-2025-11-24-a-las-17.49.51-300x277.png 300w, https://agora.xtec.cat/esc-rmuntanerlh/wp-content/uploads/usu2174/2025/11/Captura-de-pantalla-2025-11-24-a-las-17.49.51-768x709.png 768w" sizes="auto, (max-width: 806px) 100vw, 806px" /></a>
        </div>
        <div class="wp-block-getwid-post-carousel__post-content-wrapper">
        <div class="wp-block-getwid-post-carousel__post-header">
            <h3 class="wp-block-getwid-post-carousel__post-title"><a href="https://agora.xtec.cat/esc-rmuntanerlh/primaria/2n/visitem-la-biblioteca-del-barri-2/">Visitem la biblioteca del barri </a></h3>        </div>
        <div class="wp-block-getwid-post-carousel__post-excerpt"><p>Divendres passat, els infants de 2n van visitar la biblioteca del barri i van viure una experiència fantàstica! La bibliotecària els va ensenyar tot el que poden trobar-hi i els va llegir un conte que els ha encantat. Després, van gaudir d’una estona de lectura autònoma en un ambient tranquil i acollidor. Sortides com aquesta [&hellip;]</p>
</div>
    </div>
</div>

							</div>
													<div class="wp-block-getwid-post-carousel__slide">
								
<div class="wp-block-getwid-post-carousel__post">
        <div class="wp-block-getwid-post-carousel__post-content-wrapper">
        <div class="wp-block-getwid-post-carousel__post-header">
            <h3 class="wp-block-getwid-post-carousel__post-title"><a href="https://agora.xtec.cat/esc-rmuntanerlh/primaria/5e/5e-sortida-a-la-biblioteca-de-bellvitge-activitat-de-recepta-i-lectura-divendres-17-10-2025/">5è &#8211; Sortida a la biblioteca de Bellvitge &#8211; Activitat de recepta i lectura  17/10/2025</a></h3>        </div>
        <div class="wp-block-getwid-post-carousel__post-excerpt"><p>El passat divendres 17/10/2025 el alumnes de 5è van anar a fer una activitat a la BIBLIOTECA DE BELLVITGE. Durant una hora, en grups, van estar elaborant una recepta de cuina i per fer-la havien de seguir unes instruccions per esbrinar els ingredients que havien de trobar en 4 llibres diferents. Finalment havien de redactar [&hellip;]</p>
</div>
    </div>
</div>

							</div>
													<div class="wp-block-getwid-post-carousel__slide">
								
<div class="wp-block-getwid-post-carousel__post">
            <div class="wp-block-getwid-post-carousel__post-thumbnail">
            <a href="https://agora.xtec.cat/esc-rmuntanerlh/general/motxilla-viatgera-i3-24-25/"><img loading="lazy" decoding="async" width="474" height="500" src="https://agora.xtec.cat/esc-rmuntanerlh/wp-content/uploads/usu2174/2024/12/camara.jpg" class="attachment-post-thumbnail size-post-thumbnail wp-post-image" alt="" srcset="https://agora.xtec.cat/esc-rmuntanerlh/wp-content/uploads/usu2174/2024/12/camara.jpg 474w, https://agora.xtec.cat/esc-rmuntanerlh/wp-content/uploads/usu2174/2024/12/camara-284x300.jpg 284w" sizes="auto, (max-width: 474px) 100vw, 474px" /></a>
        </div>
        <div class="wp-block-getwid-post-carousel__post-content-wrapper">
        <div class="wp-block-getwid-post-carousel__post-header">
            <h3 class="wp-block-getwid-post-carousel__post-title"><a href="https://agora.xtec.cat/esc-rmuntanerlh/general/motxilla-viatgera-i3-24-25/">MOTXILLA VIATGERA I3 24-25</a></h3>        </div>
        <div class="wp-block-getwid-post-carousel__post-excerpt"><p>Em desitjat que arribes el divendres per veure  qui seria el següent infant que li tocava gaudir de la motxilla viatgera, explicar-nos com li ha anat el cap de setmana amb la motxilla viatgera i  quin dels tres contes que hi havia a la motxilla va ser el que més li va agradar i  amb [&hellip;]</p>
</div>
    </div>
</div>

							</div>
													<div class="wp-block-getwid-post-carousel__slide">
								
<div class="wp-block-getwid-post-carousel__post">
        <div class="wp-block-getwid-post-carousel__post-content-wrapper">
        <div class="wp-block-getwid-post-carousel__post-header">
            <h3 class="wp-block-getwid-post-carousel__post-title"><a href="https://agora.xtec.cat/esc-rmuntanerlh/general/motxilla-viatgera-a-i5-16/">MOTXILLA VIATGERA A I5!!</a></h3>        </div>
        <div class="wp-block-getwid-post-carousel__post-excerpt"><p>Aquesta setmana en Dallas ha estat l’encarregat d’explicar-nos com li ha anat el cap de setmana amb la motxilla viatgera. En ha explicat que ha mirat els contes amb la seva mare. Amb en Dallas donem per finalitzada la motxilla viatgera donat que tots els nens i les nenes d&#8217;I5 ja l&#8217;han pogut gaudir a [&hellip;]</p>
</div>
    </div>
</div>

							</div>
						            </div>
        </div>
        


<p></p>

<p>El foment de la lectura és un dels eixos importants del nostre projecte educatiu, amb l’objectiu de despertar el gust per llegir i convertir la lectura en una experiència plaent i enriquidora. Per això, al llarg del curs es duen a terme diverses activitats que apropen els llibres i les històries a l’alumnat d’una manera [&hellip;]</p>
