{"id":8845,"date":"2017-07-23T10:54:27","date_gmt":"2017-07-23T08:54:27","guid":{"rendered":"http:\/\/agora.xtec.cat\/esc-riera-alta\/?page_id=8845"},"modified":"2021-02-10T13:30:24","modified_gmt":"2021-02-10T12:30:24","slug":"escola-verda","status":"publish","type":"page","link":"https:\/\/agora.xtec.cat\/esc-riera-alta\/escola-verda\/","title":{"rendered":"Escola verda"},"content":{"rendered":"<div class=\"sites-layout-tile sites-tile-name-header\">\n<div dir=\"ltr\">\n<div>\u00a0<span style=\"font-size: xx-large;\"><img loading=\"lazy\" decoding=\"async\" class=\"aligncenter\" src=\"https:\/\/sites.google.com\/a\/xtec.cat\/escolarieraalta\/_\/rsrc\/1356516907571\/home\/SomEscolaVerda.jpg?height=129&amp;width=320\" width=\"320\" height=\"129\" border=\"0\" \/><\/span><span style=\"font-size: xx-large;\"><br \/>\n<\/span><\/div>\n<div><span style=\"font-size: xx-large;\"><span style=\"font-size: medium;\">Tenim l&#8217;hort urb\u00e0 en marxa!!!! Hem plantat maduixes, tom\u00e0quets i enciams.<\/span><br \/>\n<\/span><\/div>\n<div>\n<div>\n<div><a href=\"https:\/\/sites.google.com\/a\/xtec.cat\/escolarieraalta\/escola-verda\/IMG_9331.JPG?attredirects=0\"><img loading=\"lazy\" decoding=\"async\" class=\"aligncenter\" src=\"https:\/\/sites.google.com\/a\/xtec.cat\/escolarieraalta\/_\/rsrc\/1497006492258\/escola-verda\/IMG_9331.JPG?height=320&amp;width=240\" width=\"240\" height=\"320\" border=\"0\" \/><\/a><\/div>\n<p><img loading=\"lazy\" decoding=\"async\" class=\"aligncenter\" src=\"https:\/\/sites.google.com\/a\/xtec.cat\/escolarieraalta\/_\/rsrc\/1497006513613\/escola-verda\/IMG_9332.JPG?height=320&amp;width=240\" width=\"240\" height=\"320\" border=\"0\" \/><\/p>\n<\/div>\n<p>&nbsp;<\/p>\n<p>&nbsp;<\/p>\n<div>\n<div class=\"sites-embed-align-center-wrapping-off\">\n<div class=\"sites-embed-border-on sites-embed\">\n<h4 class=\"sites-embed-title\">V\u00eddeo de YouTube<\/h4>\n<div class=\"sites-embed-content sites-embed-type-youtube\"><iframe loading=\"lazy\" src=\"https:\/\/www.youtube.com\/embed\/qCdDPCZfDoE?rel=0&amp;wmode=opaque\" width=\"480\" height=\"270\" frameborder=\"0\" data-mce-fragment=\"1\"><\/iframe><\/div>\n<\/div>\n<\/div>\n<\/div>\n<\/div>\n<div><\/div>\n<div><\/div>\n<\/div>\n<\/div>\n<table class=\"sites-layout-hbox\" style=\"height: 528px; width: 694px;\" width=\"772\" cellspacing=\"0\">\n<tbody>\n<tr>\n<td class=\"sites-layout-tile sites-tile-name-content-1\" style=\"width: 692px;\">\n<div dir=\"ltr\">\n<div style=\"text-align: center;\"><b><span style=\"font-size: x-large;\">A partir d&#8217;ara tenim la figura del &#8220;Capit\u00e0 Superverd&#8221;<\/span><\/b><\/div>\n<\/div>\n<div><\/div>\n<div><\/div>\n<div><\/div>\n<div><\/div>\n<div dir=\"ltr\">\n<div>\n<div><a href=\"https:\/\/sites.google.com\/a\/xtec.cat\/escolarieraalta\/escola-verda\/IMG_8838.JPG?attredirects=0\"><img loading=\"lazy\" decoding=\"async\" class=\"aligncenter\" src=\"https:\/\/sites.google.com\/a\/xtec.cat\/escolarieraalta\/_\/rsrc\/1493812447645\/escola-verda\/IMG_8838.JPG?height=300&amp;width=400\" width=\"400\" height=\"300\" border=\"0\" \/><\/a><\/div>\n<p><b><span style=\"font-size: x-large;\">\u00a0<\/span><\/b><\/p>\n<\/div>\n<div style=\"text-align: center;\"><\/div>\n<\/div>\n<\/td>\n<\/tr>\n<\/tbody>\n<\/table>\n","protected":false},"excerpt":{"rendered":"<p>\u00a0 Tenim l&#8217;hort urb\u00e0 en marxa!!!! Hem plantat maduixes, tom\u00e0quets i enciams. &nbsp; &nbsp; V\u00eddeo de YouTube A partir d&#8217;ara tenim la figura del &#8220;Capit\u00e0 Superverd&#8221; \u00a0<\/p>\n","protected":false},"author":1,"featured_media":0,"parent":0,"menu_order":80,"comment_status":"closed","ping_status":"closed","template":"page-templates\/side-menu.php","meta":{"_bbp_topic_count":0,"_bbp_reply_count":0,"_bbp_total_topic_count":0,"_bbp_total_reply_count":0,"_bbp_voice_count":0,"_bbp_anonymous_reply_count":0,"_bbp_topic_count_hidden":0,"_bbp_reply_count_hidden":0,"_bbp_forum_subforum_count":0,"site-sidebar-layout":"default","site-content-layout":"","ast-site-content-layout":"","site-content-style":"default","site-sidebar-style":"default","ast-global-header-display":"","ast-banner-title-visibility":"","ast-main-header-display":"","ast-hfb-above-header-display":"","ast-hfb-below-header-display":"","ast-hfb-mobile-header-display":"","site-post-title":"","ast-breadcrumbs-content":"","ast-featured-img":"","footer-sml-layout":"","theme-transparent-header-meta":"","adv-header-id-meta":"","stick-header-meta":"","header-above-stick-meta":"","header-main-stick-meta":"","header-below-stick-meta":"","astra-migrate-meta-layouts":"default","ast-page-background-enabled":"default","ast-page-background-meta":{"desktop":{"background-color":"var(--ast-global-color-4)","background-image":"","background-repeat":"repeat","background-position":"center center","background-size":"auto","background-attachment":"scroll","background-type":"","background-media":"","overlay-type":"","overlay-color":"","overlay-opacity":"","overlay-gradient":""},"tablet":{"background-color":"","background-image":"","background-repeat":"repeat","background-position":"center center","background-size":"auto","background-attachment":"scroll","background-type":"","background-media":"","overlay-type":"","overlay-color":"","overlay-opacity":"","overlay-gradient":""},"mobile":{"background-color":"","background-image":"","background-repeat":"repeat","background-position":"center center","background-size":"auto","background-attachment":"scroll","background-type":"","background-media":"","overlay-type":"","overlay-color":"","overlay-opacity":"","overlay-gradient":""}},"ast-content-background-meta":{"desktop":{"background-color":"var(--ast-global-color-5)","background-image":"","background-repeat":"repeat","background-position":"center center","background-size":"auto","background-attachment":"scroll","background-type":"","background-media":"","overlay-type":"","overlay-color":"","overlay-opacity":"","overlay-gradient":""},"tablet":{"background-color":"var(--ast-global-color-5)","background-image":"","background-repeat":"repeat","background-position":"center center","background-size":"auto","background-attachment":"scroll","background-type":"","background-media":"","overlay-type":"","overlay-color":"","overlay-opacity":"","overlay-gradient":""},"mobile":{"background-color":"var(--ast-global-color-5)","background-image":"","background-repeat":"repeat","background-position":"center center","background-size":"auto","background-attachment":"scroll","background-type":"","background-media":"","overlay-type":"","overlay-color":"","overlay-opacity":"","overlay-gradient":""}},"footnotes":""},"class_list":["post-8845","page","type-page","status-publish","hentry"],"post_mailing_queue_ids":[],"_links":{"self":[{"href":"https:\/\/agora.xtec.cat\/esc-riera-alta\/wp-json\/wp\/v2\/pages\/8845","targetHints":{"allow":["GET"]}}],"collection":[{"href":"https:\/\/agora.xtec.cat\/esc-riera-alta\/wp-json\/wp\/v2\/pages"}],"about":[{"href":"https:\/\/agora.xtec.cat\/esc-riera-alta\/wp-json\/wp\/v2\/types\/page"}],"author":[{"embeddable":true,"href":"https:\/\/agora.xtec.cat\/esc-riera-alta\/wp-json\/wp\/v2\/users\/1"}],"replies":[{"embeddable":true,"href":"https:\/\/agora.xtec.cat\/esc-riera-alta\/wp-json\/wp\/v2\/comments?post=8845"}],"version-history":[{"count":3,"href":"https:\/\/agora.xtec.cat\/esc-riera-alta\/wp-json\/wp\/v2\/pages\/8845\/revisions"}],"predecessor-version":[{"id":17418,"href":"https:\/\/agora.xtec.cat\/esc-riera-alta\/wp-json\/wp\/v2\/pages\/8845\/revisions\/17418"}],"wp:attachment":[{"href":"https:\/\/agora.xtec.cat\/esc-riera-alta\/wp-json\/wp\/v2\/media?parent=8845"}],"curies":[{"name":"wp","href":"https:\/\/api.w.org\/{rel}","templated":true}]}}