{"id":34,"date":"2014-09-18T12:32:18","date_gmt":"2014-09-18T11:32:18","guid":{"rendered":"http:\/\/agora.xtec.cat\/esc-riera-alta\/?page_id=34"},"modified":"2026-01-08T22:52:13","modified_gmt":"2026-01-08T21:52:13","slug":"oferta-educativa","status":"publish","type":"page","link":"https:\/\/agora.xtec.cat\/esc-riera-alta\/lescola\/oferta-educativa\/","title":{"rendered":"Equip hum\u00e0"},"content":{"rendered":"<p style=\"color: #444444;\"><span style=\"font-family: inherit; font-size: 1em;\"><span style=\"font-size: large;\"><b><span style=\"font-size: x-large;\">US PRESENTEM EL GRAN EQUIP DE MESTRES I PERSONAL DE L&#8217;ESCOLA<\/span><\/b><\/span><\/span><\/p>\n<p>La Sara amb la M\u00f2nica i la Laura de I3 A i B.<\/p>\n<p>La Loli i la Silvia A. s\u00f3n les tutores de I4 A\u00a0 i I4B.<\/p>\n<p>La Carme i la Silvia P. de I5 A\u00a0 i I5B.<\/p>\n<p>La Mireia i la Sandra s\u00f3n les t\u00e8cniques d&#8217;educaci\u00f3 infantil.<\/p>\n<p>La M\u00f3nica fa refor\u00e7 als petits.<\/p>\n<p>L\u2019Elsa fa la psicomotricitat dels petits.<\/p>\n<p>La Nerea i\u00a0 la Marina amb la Cristina s\u00f3n les tutores de 1r A i de 1r B.<\/p>\n<p>La Maria F. i la Melania\u00a0 s\u00f3n tutores de\u00a0 2n A i\u00a0 2n B.<\/p>\n<p>El Dani i la Marta amb la Gemma <span style=\"font-family: inherit; font-size: 1em;\">s\u00f3n els tutors de 3A I 3B.<\/span><\/p>\n<p>L&#8217;Ainara \u00e9s la mestra de suport educatiu a petits i mitjans.<\/p>\n<p>El Rub\u00e9n fa el castell\u00e0 a mitjans.<\/p>\n<p>El Mart\u00ed fa l&#8217;angl\u00e8s a petits i mitjans.<\/p>\n<p>La Lourdes i la Maria P. amb la Nora <span style=\"font-family: inherit; font-size: 1em;\">s\u00f3n les tutores de 4tA i 4tB.<\/span><\/p>\n<p>La Carla amb l&#8217;Albert s\u00f3n els tutors de 5\u00e8 A i\u00a0 5\u00e8 B.<\/p>\n<p>L&#8217;Araceli i la S\u00f2nia s\u00f3n les tutores de 6\u00e8A i 6\u00e8B<\/p>\n<p>La Manoli \u00e9s l\u2019especialista d\u2019angl\u00e8s dels grans.<\/p>\n<p>El Ricard \u00e9s l\u2019especialista de m\u00fasica.<\/p>\n<p>L\u2019Elsa i el Jordi fan l\u2019ed. F\u00edsica.<\/p>\n<p>L\u2019Ana M\u00aa \u00e9s la mestra de suport educatiu i refor\u00e7 a grans.<\/p>\n<p>El Jordi fa el castell\u00e0 i l&#8217;ed f\u00edsica als grans.<\/p>\n<p>La Maria fa l&#8217;aula d&#8217;acollida i suport als grans<\/p>\n<p>L\u2019equip\u00a0directiu est\u00e0 format per la Gemma (Directora), la Raquel R (Cap d\u2019estudis) i el Rub\u00e9n (Secretari).<\/p>\n<p>El Jose \u00e9s l\u2019administratiu que ens ajuda a gestionar millor l\u2019escola.<\/p>\n<p>L\u2019Ana, la Dafne i la Maite s\u00f3n les vetlladores.<\/p>\n<p>El Gerardo \u00e9s l\u2019auxiliar t\u00e8cnic.<\/p>\n<p>La Laia \u00e9s la coordinadora de menjador.<\/p>\n<p>La Maria Carmen, l\u00b4Ana i la Sandra\u00a0 s\u00f3n qui ens preparen deliciosos menjars.<\/p>\n","protected":false},"excerpt":{"rendered":"<p>US PRESENTEM EL GRAN EQUIP DE MESTRES I PERSONAL DE L&#8217;ESCOLA La Sara amb la M\u00f2nica i la Laura de I3 A i B. La Loli i la Silvia A. s\u00f3n les tutores de I4 A\u00a0 i I4B. La Carme i la Silvia P. de I5 A\u00a0 i I5B. La Mireia i la Sandra s\u00f3n [&hellip;]<\/p>\n","protected":false},"author":1,"featured_media":0,"parent":22,"menu_order":30,"comment_status":"closed","ping_status":"closed","template":"page-templates\/side-menu.php","meta":{"_bbp_topic_count":0,"_bbp_reply_count":0,"_bbp_total_topic_count":0,"_bbp_total_reply_count":0,"_bbp_voice_count":0,"_bbp_anonymous_reply_count":0,"_bbp_topic_count_hidden":0,"_bbp_reply_count_hidden":0,"_bbp_forum_subforum_count":0,"site-sidebar-layout":"default","site-content-layout":"","ast-site-content-layout":"","site-content-style":"default","site-sidebar-style":"default","ast-global-header-display":"","ast-banner-title-visibility":"","ast-main-header-display":"","ast-hfb-above-header-display":"","ast-hfb-below-header-display":"","ast-hfb-mobile-header-display":"","site-post-title":"","ast-breadcrumbs-content":"","ast-featured-img":"","footer-sml-layout":"","theme-transparent-header-meta":"","adv-header-id-meta":"","stick-header-meta":"","header-above-stick-meta":"","header-main-stick-meta":"","header-below-stick-meta":"","astra-migrate-meta-layouts":"default","ast-page-background-enabled":"default","ast-page-background-meta":{"desktop":{"background-color":"var(--ast-global-color-4)","background-image":"","background-repeat":"repeat","background-position":"center center","background-size":"auto","background-attachment":"scroll","background-type":"","background-media":"","overlay-type":"","overlay-color":"","overlay-opacity":"","overlay-gradient":""},"tablet":{"background-color":"","background-image":"","background-repeat":"repeat","background-position":"center center","background-size":"auto","background-attachment":"scroll","background-type":"","background-media":"","overlay-type":"","overlay-color":"","overlay-opacity":"","overlay-gradient":""},"mobile":{"background-color":"","background-image":"","background-repeat":"repeat","background-position":"center center","background-size":"auto","background-attachment":"scroll","background-type":"","background-media":"","overlay-type":"","overlay-color":"","overlay-opacity":"","overlay-gradient":""}},"ast-content-background-meta":{"desktop":{"background-color":"var(--ast-global-color-5)","background-image":"","background-repeat":"repeat","background-position":"center center","background-size":"auto","background-attachment":"scroll","background-type":"","background-media":"","overlay-type":"","overlay-color":"","overlay-opacity":"","overlay-gradient":""},"tablet":{"background-color":"var(--ast-global-color-5)","background-image":"","background-repeat":"repeat","background-position":"center center","background-size":"auto","background-attachment":"scroll","background-type":"","background-media":"","overlay-type":"","overlay-color":"","overlay-opacity":"","overlay-gradient":""},"mobile":{"background-color":"var(--ast-global-color-5)","background-image":"","background-repeat":"repeat","background-position":"center center","background-size":"auto","background-attachment":"scroll","background-type":"","background-media":"","overlay-type":"","overlay-color":"","overlay-opacity":"","overlay-gradient":""}},"footnotes":""},"class_list":["post-34","page","type-page","status-publish","hentry"],"post_mailing_queue_ids":[],"_links":{"self":[{"href":"https:\/\/agora.xtec.cat\/esc-riera-alta\/wp-json\/wp\/v2\/pages\/34","targetHints":{"allow":["GET"]}}],"collection":[{"href":"https:\/\/agora.xtec.cat\/esc-riera-alta\/wp-json\/wp\/v2\/pages"}],"about":[{"href":"https:\/\/agora.xtec.cat\/esc-riera-alta\/wp-json\/wp\/v2\/types\/page"}],"author":[{"embeddable":true,"href":"https:\/\/agora.xtec.cat\/esc-riera-alta\/wp-json\/wp\/v2\/users\/1"}],"replies":[{"embeddable":true,"href":"https:\/\/agora.xtec.cat\/esc-riera-alta\/wp-json\/wp\/v2\/comments?post=34"}],"version-history":[{"count":6,"href":"https:\/\/agora.xtec.cat\/esc-riera-alta\/wp-json\/wp\/v2\/pages\/34\/revisions"}],"predecessor-version":[{"id":24279,"href":"https:\/\/agora.xtec.cat\/esc-riera-alta\/wp-json\/wp\/v2\/pages\/34\/revisions\/24279"}],"up":[{"embeddable":true,"href":"https:\/\/agora.xtec.cat\/esc-riera-alta\/wp-json\/wp\/v2\/pages\/22"}],"wp:attachment":[{"href":"https:\/\/agora.xtec.cat\/esc-riera-alta\/wp-json\/wp\/v2\/media?parent=34"}],"curies":[{"name":"wp","href":"https:\/\/api.w.org\/{rel}","templated":true}]}}